{"id":1029,"date":"2022-01-10T13:17:18","date_gmt":"2022-01-10T06:17:18","guid":{"rendered":"https:\/\/voice-acoustic.vn\/?post_type=product&#038;p=1029"},"modified":"2022-02-15T15:36:08","modified_gmt":"2022-02-15T08:36:08","slug":"ikarray-8-set","status":"publish","type":"product","link":"https:\/\/voice-acoustic.vn\/?product=ikarray-8-set","title":{"rendered":"Ikarray-8 Set"},"content":{"rendered":"<div class=\"rs-column -large-col-2-1 -large-first -large-first-row -medium-col-2-1 -medium-first -medium-first-row -small-col-1-1 -small-first -small-last -small-first-row\">\n<div class=\"ce_text block\">\n<p>B\u1ed9 Ikarray-8 bao g\u1ed3m m\u1ed9t b\u1ed9 khu\u1ebfch \u0111\u1ea1i h\u1ec7 th\u1ed1ng HDSP-6, b\u1ed1n Paveosub-118 v\u00e0 hai Ikarray-8\/100 \u00b0 x 15 \u00b0 v\u00e0 100 \u00b0 x 5 \u00b0.<\/p>\n<p>B\u1ed9 khu\u1ebfch \u0111\u1ea1i h\u1ec7 th\u1ed1ng HDSP-6 l\u00e0 tr\u00e1i tim c\u1ee7a h\u1ec7 th\u1ed1ng \u00e2m thanh Voice Acoustic.\u00a0C\u00e1c c\u00e0i \u0111\u1eb7t c\u1ee5 th\u1ec3 \u0111\u01b0\u1ee3c l\u01b0u tr\u1eef d\u01b0\u1edbi d\u1ea1ng c\u00e0i \u0111\u1eb7t tr\u01b0\u1edbc tr\u00ean t\u1ea5t c\u1ea3 c\u00e1c loa.\u00a0Ch\u00fang c\u00f3 th\u1ec3 \u0111\u01b0\u1ee3c ch\u1ecdn v\u00e0 t\u1ea3i qua M\u00e0n h\u00ecnh ph\u00eda tr\u01b0\u1edbc.\u00a0\u0110\u00e2y l\u00e0 m\u1ed9t kh\u00e1i ni\u1ec7m m\u1edbi l\u1ea1 v\u1ec1 m\u1ea3ng d\u00f2ng Plug &amp; Play v\u1edbi m\u1eadt \u0111\u1ed9 c\u00f4ng su\u1ea5t \u0111\u00e1ng kinh ng\u1ea1c: c\u00e1c tr\u00ecnh \u0111i\u1ec1u khi\u1ec3n 2 x 8 &#8220;v\u00e0 4 x 1&#8243; \u0111\u01b0\u1ee3c x\u1ebfp ch\u1ed3ng l\u00ean nhau theo chi\u1ec1u d\u1ecdc trong m\u1ed9t v\u1ecf m\u00e1y nh\u1ecf g\u1ecdn.\u00a0H\u1ec7 th\u1ed1ng n\u00e0y c\u1ea7n m\u1ed9t v\u00e0i y\u1ebfu t\u1ed1 \u0111\u1ec3 \u0111\u1ea1t \u0111\u01b0\u1ee3c \u0111\u1ed9 d\u00e0i hi\u1ec7u qu\u1ea3 v\u1ec1 m\u1eb7t \u00e2m h\u1ecdc v\u00e0 ph\u1ea1m vi l\u1edbn.\u00a0N\u00f3 thu h\u1eb9p kho\u1ea3ng c\u00e1ch gi\u1eefa loa th\u00f4ng th\u01b0\u1eddng v\u00e0 m\u1ea3ng \u0111\u01b0\u1eddng truy\u1ec1n.<\/p>\n<p>Tr\u00e1i ng\u01b0\u1ee3c v\u1edbi m\u1ea3ng d\u00f2ng th\u00f4ng th\u01b0\u1eddng, ng\u01b0\u1eddi d\u00f9ng kh\u00f4ng c\u1ea7n ph\u1ea3i x\u1eed l\u00fd ph\u1ea7n m\u1ec1m m\u00f4 ph\u1ecfng, g\u00f3c quay, ph\u1ea7n c\u1ee9ng gian l\u1eadn v\u00e0 b\u1ed9 l\u1ecdc DSP.\u00a0Ikarray-8 \u0111\u01b0\u1ee3c l\u00e0m tr\u01b0\u1edbc v\u00e0 c\u00e1c ph\u1ea7n t\u1eed \u0111\u01b0\u1ee3c k\u1ebft n\u1ed1i \u0111\u01a1n gi\u1ea3n v\u1edbi nhau \u1edf c\u00e1c g\u00f3c c\u1ed1 \u0111\u1ecbnh.\u00a0\u0110\u1ec3 linh ho\u1ea1t h\u01a1n v\u00e0 kh\u1ea3 n\u0103ng m\u1edf r\u1ed9ng, c\u00e1c ph\u1ea7n t\u1eed m\u1ea3ng s\u1ebd c\u00f3 s\u1eb5n v\u1edbi m\u1eabu \u0111\u1ecbnh h\u01b0\u1edbng 5 \u00b0 x 100 \u00b0 v\u00e0 15 \u00b0 x 100 \u00b0.<\/p>\n<p>Kh\u00f4ng gi\u1ed1ng nh\u01b0 c\u00e1c m\u1ea3ng d\u00f2ng th\u00f4ng th\u01b0\u1eddng, ng\u01b0\u1eddi s\u1eed d\u1ee5ng Ikarray-8 kh\u00f4ng ph\u1ea3i x\u1eed l\u00fd ph\u1ea7n m\u1ec1m m\u00f4 ph\u1ecfng, ph\u00e2n \u0111\u1ed9, c\u01a1 ch\u1ebf \u0111i\u1ec1u ch\u1ec9nh v\u00e0 b\u1ed9 l\u1ecdc DSP.\u00a0Ikarray-8 \u0111\u00e3 \u0111\u01b0\u1ee3c l\u00e0m cong s\u1eb5n v\u00e0 c\u00e1c v\u1ecf \u0111\u01b0\u1ee3c gh\u00e9p v\u1edbi nhau theo m\u1ed9t g\u00f3c c\u1ed1 \u0111\u1ecbnh.\u00a0Ikarray-8 \u0111\u01b0\u1ee3c l\u00e0m tr\u01b0\u1edbc v\u00e0 c\u00e1c ph\u1ea7n t\u1eed \u0111\u01b0\u1ee3c k\u1ebft n\u1ed1i \u0111\u01a1n gi\u1ea3n v\u1edbi nhau \u1edf c\u00e1c g\u00f3c c\u1ed1 \u0111\u1ecbnh.\u00a0\u0110\u1ec3 linh ho\u1ea1t h\u01a1n v\u00e0 kh\u1ea3 n\u0103ng m\u1edf r\u1ed9ng, c\u00e1c ph\u1ea7n t\u1eed m\u1ea3ng s\u1ebd c\u00f3 s\u1eb5n v\u1edbi m\u1eabu \u0111\u1ecbnh h\u01b0\u1edbng 5 \u00b0 x 100 \u00b0 v\u00e0 15 \u00b0 x 100 \u00b0.<\/p>\n<p>B\u1eb1ng c\u00e1ch n\u00e0y, m\u1ed9t s\u1ed1 thi\u1ebft b\u1ecb c\u00f3 th\u1ec3 \u0111\u01b0\u1ee3c k\u1ebft n\u1ed1i m\u00e0 kh\u00f4ng l\u00e0m cho ph\u1ea1m vi ph\u1ee7 s\u00f3ng theo chi\u1ec1u d\u1ecdc tr\u1edf n\u00ean qu\u00e1 l\u1edbn.\u00a0\u0110i\u1ec1u n\u00e0y d\u1eabn \u0111\u1ebfn SPL c\u00f3 th\u1ec3 \u0111\u1ea1t \u0111\u01b0\u1ee3c v\u00e0 kho\u1ea3ng kh\u00f4ng tr\u00ean \u0111\u1ea7u cao h\u01a1n so v\u1edbi h\u1ec7 th\u1ed1ng g\u00f3c c\u1ed1 \u0111\u1ecbnh kh\u00e1c \u0111\u01b0\u1ee3c gi\u1edbi h\u1ea1n \u1edf \u00edt y\u1ebfu t\u1ed1 h\u01a1n.<\/p>\n<p>H\u1ec7 th\u1ed1ng gi\u00e0n th\u00e9p li\u00ean t\u1ee5c \u0111\u01b0\u1ee3c gi\u1ea5u trong t\u1ee7 v\u00e0 kh\u00f4ng c\u00f3 ph\u1ea7n kim lo\u1ea1i nh\u00f4 ra.\u00a0\u0110i\u1ec1u n\u00e0y mang l\u1ea1i cho h\u1ec7 th\u1ed1ng m\u1ed9t v\u1ebb ngo\u00e0i trang nh\u00e3 v\u00e0 kh\u00f4ng ph\u00f4 tr\u01b0\u01a1ng, ph\u00f9 h\u1ee3p v\u1edbi c\u00e1c nhu c\u1ea7u ph\u1ee9c t\u1ea1p trong \u1ee9ng d\u1ee5ng di \u0111\u1ed9ng v\u00e0 \u0111\u1eb7c bi\u1ec7t l\u00e0 c\u00e0i \u0111\u1eb7t.\u00a0Ch\u00e2n x\u1ebfp v\u00e0 c\u00e1c khe t\u01b0\u01a1ng \u1ee9ng c\u1ee7a ch\u00fang cho ph\u00e9p c\u0103n ch\u1ec9nh v\u00e0 k\u1ebft n\u1ed1i t\u1ee7 ngay l\u1eadp t\u1ee9c v\u00e0 d\u1ec5 d\u00e0ng th\u00f4ng qua ch\u1ed1t kh\u00f3a bi.\u00a04 tay c\u1ea7m mang l\u1ea1i kh\u1ea3 n\u0103ng x\u1eed l\u00fd t\u1ed1i \u01b0u.<\/p>\n<p>C\u00e1c loa tr\u1ea7m 8&#8221; \u0111\u00e3 \u0111\u01b0\u1ee3c l\u00e0m l\u00f5m xu\u1ed1ng \u0111\u1ec3 t\u1ed1i \u01b0u h\u00f3a c\u0103n ch\u1ec9nh th\u1eddi gian cho b\u1ed9 ph\u00e2n t\u1ea7n th\u1ee5 \u0111\u1ed9ng. M\u1eb7t kh\u00e1c, ph\u1ea7n l\u00f5m \u0111\u00e3 \u0111\u01b0\u1ee3c s\u1eed d\u1ee5ng \u0111\u1ec3 cung c\u1ea5p cho c\u00e1c loa tr\u1ea7m kh\u1ea3 n\u0103ng t\u1ea3i c\u00f2i b\u1ed5 sung.<\/p>\n<\/div>\n<\/div>\n<div class=\"ce_rs_column_start rs-column -large-col-2-1 -large-last -large-first-row -medium-col-2-1 -medium-last -medium-first-row -small-col-1-1 -small-first -small-last\">\n<div class=\"ce_text block\">\n<p>C\u00e1c c\u00e0i \u0111\u1eb7t tr\u01b0\u1edbc cho t\u1ea5t c\u1ea3 c\u00e1c c\u1ea5u h\u00ecnh 5 \u00b0 v\u00e0 15 \u00b0 \u0111\u01b0\u1ee3c l\u01b0u tr\u1eef trong b\u1ed9 khu\u1ebfch \u0111\u1ea1i h\u1ec7 th\u1ed1ng Voice-Acoustic HDSP v\u00e0 c\u00e1c loa si\u00eau tr\u1ea7m t\u1ef1 c\u1ea5p ngu\u1ed3n v\u00e0 \u0111\u1ea3m b\u1ea3o cho ng\u01b0\u1eddi d\u00f9ng m\u1ed9t k\u1ebft qu\u1ea3 t\u1ed1i \u01b0u.<\/p>\n<p>&nbsp;<\/p>\n<\/div>\n<\/div>\n<p style=\"text-align: center;\"><a href=\"https:\/\/voice-acoustic.vn\/wp-content\/uploads\/2022\/01\/voice-acoustic-ikarray-8sp-set.jpg\"><img loading=\"lazy\" decoding=\"async\" class=\"wp-image-1034 aligncenter\" src=\"https:\/\/voice-acoustic.vn\/wp-content\/uploads\/2022\/01\/voice-acoustic-ikarray-8sp-set-179x300.jpg\" alt=\"\" width=\"292\" height=\"489\" srcset=\"https:\/\/voice-acoustic.vn\/wp-content\/uploads\/2022\/01\/voice-acoustic-ikarray-8sp-set-179x300.jpg 179w, https:\/\/voice-acoustic.vn\/wp-content\/uploads\/2022\/01\/voice-acoustic-ikarray-8sp-set-610x1024.jpg 610w, https:\/\/voice-acoustic.vn\/wp-content\/uploads\/2022\/01\/voice-acoustic-ikarray-8sp-set-400x671.jpg 400w, https:\/\/voice-acoustic.vn\/wp-content\/uploads\/2022\/01\/voice-acoustic-ikarray-8sp-set-600x1007.jpg 600w, https:\/\/voice-acoustic.vn\/wp-content\/uploads\/2022\/01\/voice-acoustic-ikarray-8sp-set.jpg 630w\" sizes=\"auto, (max-width: 292px) 100vw, 292px\" \/><\/a><span style=\"color: blue; text-align: center; font-size: 14.4px;\">B\u1ed9 Ikarray-8<\/span><\/p>\n","protected":false},"excerpt":{"rendered":"<ul>\n<li>1 x b\u1ed9 khu\u1ebfch \u0111\u1ea1i HDSP-6<\/li>\n<li><span style=\"vertical-align: inherit;\"><span style=\"vertical-align: inherit;\">2 x Ikarray-8\/100 \u00b0 x 15 \u00b0<\/span><\/span><\/li>\n<li><span style=\"vertical-align: inherit;\"><span style=\"vertical-align: inherit;\">2 x Ikarray-8\/100 \u00b0 x 5 \u00b0<\/span><\/span><\/li>\n<li>4 x Paveosub-118 v\u1edbi b\u1ea3ng \u0111i\u1ec1u khi\u1ec3n b\u00e1nh tr\u01b0\u1edbc c\u00f3 th\u1ec3 th\u00e1o r\u1eddi, v\u1eadn chuy\u1ec3n &amp; che m\u01b0a<\/li>\n<li>2 x thanh M20 v\u1edbi tay quay v\u00e0 \u00bbKh\u00f3a v\u00f2ng\u00ab<\/li>\n<li>4 x k\u1eb9p c\u00e1p<\/li>\n<li>1 x t\u00fai \u0111\u1ef1ng cho 2 x \u0111\u1ebf loa \/ thanh loa<\/li>\n<li><span style=\"vertical-align: inherit;\"><span style=\"vertical-align: inherit;\">C\u00e1p n\u00f3i 2 x 15 m, 4 x 10 m, 2 x 3 m (4 x 4 qmm)<\/span><\/span><\/li>\n<\/ul>\n","protected":false},"featured_media":1030,"comment_status":"closed","ping_status":"closed","template":"","meta":{"spay_email":""},"product_cat":[36],"product_tag":[61,60],"class_list":{"0":"post-1029","1":"product","2":"type-product","3":"status-publish","4":"has-post-thumbnail","6":"product_cat-systems","7":"product_tag-ikarray-8","8":"product_tag-ikarray-8-set","10":"first","11":"instock","12":"shipping-taxable","13":"product-type-simple"},"yoast_head":"<!-- This site is optimized with the Yoast SEO plugin v17.6 - https:\/\/yoast.com\/wordpress\/plugins\/seo\/ -->\n<title>Ikarray-8 Set - Voice-Acoustic<\/title>\n<meta name=\"robots\" content=\"index, follow, max-snippet:-1, max-image-preview:large, max-video-preview:-1\" \/>\n<link rel=\"canonical\" href=\"https:\/\/voice-acoustic.vn\/?product=ikarray-8-set\" \/>\n<meta property=\"og:locale\" content=\"vi_VN\" \/>\n<meta property=\"og:type\" content=\"article\" \/>\n<meta property=\"og:title\" content=\"Ikarray-8 Set - Voice-Acoustic\" \/>\n<meta property=\"og:description\" content=\"1 x b\u1ed9 khu\u1ebfch \u0111\u1ea1i HDSP-6  2 x Ikarray-8\/100 \u00b0 x 15 \u00b0  2 x Ikarray-8\/100 \u00b0 x 5 \u00b0  4 x Paveosub-118 v\u1edbi b\u1ea3ng \u0111i\u1ec1u khi\u1ec3n b\u00e1nh tr\u01b0\u1edbc c\u00f3 th\u1ec3 th\u00e1o r\u1eddi, v\u1eadn chuy\u1ec3n &amp; che m\u01b0a  2 x thanh M20 v\u1edbi tay quay v\u00e0 \u00bbKh\u00f3a v\u00f2ng\u00ab  4 x k\u1eb9p c\u00e1p  1 x t\u00fai \u0111\u1ef1ng cho 2 x \u0111\u1ebf loa \/ thanh loa  C\u00e1p n\u00f3i 2 x 15 m, 4 x 10 m, 2 x 3 m (4 x 4 qmm)\" \/>\n<meta property=\"og:url\" content=\"https:\/\/voice-acoustic.vn\/?product=ikarray-8-set\" \/>\n<meta property=\"og:site_name\" content=\"Voice-Acoustic\" \/>\n<meta property=\"article:modified_time\" content=\"2022-02-15T08:36:08+00:00\" \/>\n<meta property=\"og:image\" content=\"https:\/\/voice-acoustic.vn\/wp-content\/uploads\/2022\/01\/voice-acoustic-ikarray-8-set-001.jpg\" \/>\n\t<meta property=\"og:image:width\" content=\"1920\" \/>\n\t<meta property=\"og:image:height\" content=\"1536\" \/>\n<meta name=\"twitter:card\" content=\"summary_large_image\" \/>\n<meta name=\"twitter:label1\" content=\"\u01af\u1edbc t\u00ednh th\u1eddi gian \u0111\u1ecdc\" \/>\n\t<meta name=\"twitter:data1\" content=\"3 ph\u00fat\" \/>\n<script type=\"application\/ld+json\" class=\"yoast-schema-graph\">{\"@context\":\"https:\/\/schema.org\",\"@graph\":[{\"@type\":\"WebSite\",\"@id\":\"https:\/\/voice-acoustic.vn\/#website\",\"url\":\"https:\/\/voice-acoustic.vn\/\",\"name\":\"Voice-Acoustic\",\"description\":\"\",\"potentialAction\":[{\"@type\":\"SearchAction\",\"target\":{\"@type\":\"EntryPoint\",\"urlTemplate\":\"https:\/\/voice-acoustic.vn\/?s={search_term_string}\"},\"query-input\":\"required name=search_term_string\"}],\"inLanguage\":\"vi\"},{\"@type\":\"ImageObject\",\"@id\":\"https:\/\/voice-acoustic.vn\/?product=ikarray-8-set#primaryimage\",\"inLanguage\":\"vi\",\"url\":\"https:\/\/voice-acoustic.vn\/wp-content\/uploads\/2022\/01\/voice-acoustic-ikarray-8-set-001.jpg\",\"contentUrl\":\"https:\/\/voice-acoustic.vn\/wp-content\/uploads\/2022\/01\/voice-acoustic-ikarray-8-set-001.jpg\",\"width\":1920,\"height\":1536},{\"@type\":\"WebPage\",\"@id\":\"https:\/\/voice-acoustic.vn\/?product=ikarray-8-set#webpage\",\"url\":\"https:\/\/voice-acoustic.vn\/?product=ikarray-8-set\",\"name\":\"Ikarray-8 Set - Voice-Acoustic\",\"isPartOf\":{\"@id\":\"https:\/\/voice-acoustic.vn\/#website\"},\"primaryImageOfPage\":{\"@id\":\"https:\/\/voice-acoustic.vn\/?product=ikarray-8-set#primaryimage\"},\"datePublished\":\"2022-01-10T06:17:18+00:00\",\"dateModified\":\"2022-02-15T08:36:08+00:00\",\"breadcrumb\":{\"@id\":\"https:\/\/voice-acoustic.vn\/?product=ikarray-8-set#breadcrumb\"},\"inLanguage\":\"vi\",\"potentialAction\":[{\"@type\":\"ReadAction\",\"target\":[\"https:\/\/voice-acoustic.vn\/?product=ikarray-8-set\"]}]},{\"@type\":\"BreadcrumbList\",\"@id\":\"https:\/\/voice-acoustic.vn\/?product=ikarray-8-set#breadcrumb\",\"itemListElement\":[{\"@type\":\"ListItem\",\"position\":1,\"name\":\"Trang ch\\u1ee7\",\"item\":\"https:\/\/voice-acoustic.vn\/\"},{\"@type\":\"ListItem\",\"position\":2,\"name\":\"..\",\"item\":\"https:\/\/voice-acoustic.vn\/?page_id=11\"},{\"@type\":\"ListItem\",\"position\":3,\"name\":\"Ikarray-8 Set\"}]}]}<\/script>\n<!-- \/ Yoast SEO plugin. -->","yoast_head_json":{"title":"Ikarray-8 Set - Voice-Acoustic","robots":{"index":"index","follow":"follow","max-snippet":"max-snippet:-1","max-image-preview":"max-image-preview:large","max-video-preview":"max-video-preview:-1"},"canonical":"https:\/\/voice-acoustic.vn\/?product=ikarray-8-set","og_locale":"vi_VN","og_type":"article","og_title":"Ikarray-8 Set - Voice-Acoustic","og_description":"1 x b\u1ed9 khu\u1ebfch \u0111\u1ea1i HDSP-6  2 x Ikarray-8\/100 \u00b0 x 15 \u00b0  2 x Ikarray-8\/100 \u00b0 x 5 \u00b0  4 x Paveosub-118 v\u1edbi b\u1ea3ng \u0111i\u1ec1u khi\u1ec3n b\u00e1nh tr\u01b0\u1edbc c\u00f3 th\u1ec3 th\u00e1o r\u1eddi, v\u1eadn chuy\u1ec3n &amp; che m\u01b0a  2 x thanh M20 v\u1edbi tay quay v\u00e0 \u00bbKh\u00f3a v\u00f2ng\u00ab  4 x k\u1eb9p c\u00e1p  1 x t\u00fai \u0111\u1ef1ng cho 2 x \u0111\u1ebf loa \/ thanh loa  C\u00e1p n\u00f3i 2 x 15 m, 4 x 10 m, 2 x 3 m (4 x 4 qmm)","og_url":"https:\/\/voice-acoustic.vn\/?product=ikarray-8-set","og_site_name":"Voice-Acoustic","article_modified_time":"2022-02-15T08:36:08+00:00","og_image":[{"width":1920,"height":1536,"url":"https:\/\/voice-acoustic.vn\/wp-content\/uploads\/2022\/01\/voice-acoustic-ikarray-8-set-001.jpg","type":"image\/jpeg"}],"twitter_card":"summary_large_image","twitter_misc":{"\u01af\u1edbc t\u00ednh th\u1eddi gian \u0111\u1ecdc":"3 ph\u00fat"},"schema":{"@context":"https:\/\/schema.org","@graph":[{"@type":"WebSite","@id":"https:\/\/voice-acoustic.vn\/#website","url":"https:\/\/voice-acoustic.vn\/","name":"Voice-Acoustic","description":"","potentialAction":[{"@type":"SearchAction","target":{"@type":"EntryPoint","urlTemplate":"https:\/\/voice-acoustic.vn\/?s={search_term_string}"},"query-input":"required name=search_term_string"}],"inLanguage":"vi"},{"@type":"ImageObject","@id":"https:\/\/voice-acoustic.vn\/?product=ikarray-8-set#primaryimage","inLanguage":"vi","url":"https:\/\/voice-acoustic.vn\/wp-content\/uploads\/2022\/01\/voice-acoustic-ikarray-8-set-001.jpg","contentUrl":"https:\/\/voice-acoustic.vn\/wp-content\/uploads\/2022\/01\/voice-acoustic-ikarray-8-set-001.jpg","width":1920,"height":1536},{"@type":"WebPage","@id":"https:\/\/voice-acoustic.vn\/?product=ikarray-8-set#webpage","url":"https:\/\/voice-acoustic.vn\/?product=ikarray-8-set","name":"Ikarray-8 Set - Voice-Acoustic","isPartOf":{"@id":"https:\/\/voice-acoustic.vn\/#website"},"primaryImageOfPage":{"@id":"https:\/\/voice-acoustic.vn\/?product=ikarray-8-set#primaryimage"},"datePublished":"2022-01-10T06:17:18+00:00","dateModified":"2022-02-15T08:36:08+00:00","breadcrumb":{"@id":"https:\/\/voice-acoustic.vn\/?product=ikarray-8-set#breadcrumb"},"inLanguage":"vi","potentialAction":[{"@type":"ReadAction","target":["https:\/\/voice-acoustic.vn\/?product=ikarray-8-set"]}]},{"@type":"BreadcrumbList","@id":"https:\/\/voice-acoustic.vn\/?product=ikarray-8-set#breadcrumb","itemListElement":[{"@type":"ListItem","position":1,"name":"Trang ch\u1ee7","item":"https:\/\/voice-acoustic.vn\/"},{"@type":"ListItem","position":2,"name":"..","item":"https:\/\/voice-acoustic.vn\/?page_id=11"},{"@type":"ListItem","position":3,"name":"Ikarray-8 Set"}]}]}},"_links":{"self":[{"href":"https:\/\/voice-acoustic.vn\/index.php?rest_route=\/wp\/v2\/product\/1029","targetHints":{"allow":["GET"]}}],"collection":[{"href":"https:\/\/voice-acoustic.vn\/index.php?rest_route=\/wp\/v2\/product"}],"about":[{"href":"https:\/\/voice-acoustic.vn\/index.php?rest_route=\/wp\/v2\/types\/product"}],"replies":[{"embeddable":true,"href":"https:\/\/voice-acoustic.vn\/index.php?rest_route=%2Fwp%2Fv2%2Fcomments&post=1029"}],"wp:featuredmedia":[{"embeddable":true,"href":"https:\/\/voice-acoustic.vn\/index.php?rest_route=\/wp\/v2\/media\/1030"}],"wp:attachment":[{"href":"https:\/\/voice-acoustic.vn\/index.php?rest_route=%2Fwp%2Fv2%2Fmedia&parent=1029"}],"wp:term":[{"taxonomy":"product_cat","embeddable":true,"href":"https:\/\/voice-acoustic.vn\/index.php?rest_route=%2Fwp%2Fv2%2Fproduct_cat&post=1029"},{"taxonomy":"product_tag","embeddable":true,"href":"https:\/\/voice-acoustic.vn\/index.php?rest_route=%2Fwp%2Fv2%2Fproduct_tag&post=1029"}],"curies":[{"name":"wp","href":"https:\/\/api.w.org\/{rel}","templated":true}]}}