{"id":1053,"date":"2022-01-10T15:12:22","date_gmt":"2022-01-10T08:12:22","guid":{"rendered":"https:\/\/voice-acoustic.vn\/?post_type=product&#038;p=1053"},"modified":"2022-01-10T15:12:23","modified_gmt":"2022-01-10T08:12:23","slug":"pa-tower","status":"publish","type":"product","link":"https:\/\/voice-acoustic.vn\/?product=pa-tower","title":{"rendered":"PA-Tower"},"content":{"rendered":"<p><span>M\u1ee5c ti\u00eau c\u1ee7a ch\u00fang t\u00f4i trong qu\u00e1 tr\u00ecnh ph\u00e1t tri\u1ec3n Th\u00e1p PA-\u00c2m thanh Tho\u1ea1i (VAPATO) l\u00e0 \u0111\u1ea1t \u0111\u01b0\u1ee3c v\u1ebb ngo\u00e0i k\u00edn \u0111\u00e1o, sang tr\u1ecdng v\u1edbi di\u1ec7n t\u00edch nh\u1ecf v\u00e0 chi\u1ec1u cao t\u1ed1i \u0111a d\u01b0\u1edbi 5 m\u00e9t (\u0111\u1ec3 kh\u00f4ng c\u1ea7n s\u00e1ch x\u00e2y d\u1ef1ng v\u00e0 ch\u1ec9 c\u00f3 b\u1eb1ng ch\u1ee9ng v\u1ec1 \u1ed5n \u0111\u1ecbnh l\u00e0 \u0111\u1ee7).<\/span><\/p>\n<p><span>Th\u00e1p ch\u1ec9 c\u00f3 th\u1ec3 \u0111\u01b0\u1ee3c d\u1ef1ng l\u00ean b\u1edfi m\u1ed9t ng\u01b0\u1eddi s\u1eed d\u1ee5ng t\u1eddi quay tay v\u00e0 d\u1ee5ng c\u1ee5 h\u1ed7 tr\u1ee3 l\u1eafp d\u1ef1ng c\u00f3 th\u1ec3 c\u1eafm \u0111\u01b0\u1ee3c.\u00a0\u1ede \u0111\u00e2y kh\u00f4ng c\u1ea7n c\u00f3 \u0111\u1ed9ng c\u01a1 t\u1eddi ho\u1eb7c pa l\u0103ng x\u00edch v\u00e0 do \u0111\u00f3 kh\u00f4ng c\u1ea7n k\u1ebft n\u1ed1i \u0111i\u1ec7n.\u00a0B\u1eb1ng t\u1ea5m ch\u1eb7n tr\u00ean c\u00e1p treo \/ x\u00edch t\u1ea3i, kh\u00f4ng c\u1ea7n c\u1ed1 \u0111\u1ecbnh \u0111\u1ec3 l\u1eafp r\u00e1p c\u1ed9t bu\u1ed3m.\u00a0V\u1edbi c\u00f9ng m\u1ed9t d\u00e2y c\u00e1p treo \/ x\u00edch t\u1ea3i, c\u00e1c loa sau \u0111\u00f3 \u0111\u01b0\u1ee3c \u0111\u01b0a l\u00ean cao.<\/span><\/p>\n<p><span>Y\u1ebfu t\u1ed1 an to\u00e0n \u0111\u00f3ng m\u1ed9t vai tr\u00f2 \u0111\u1eb7c bi\u1ec7t.\u00a0C\u00f3 th\u1ec3 s\u1eed d\u1ee5ng c\u00f4ng ngh\u1ec7 PA l\u00ean \u0111\u1ebfn 400 kg t\u1ea1i \u0111i\u1ec3m g\u1eafn k\u1ebft quan tr\u1ecdng nh\u1ea5t c\u1ee7a ph\u1ea7n \u0111\u1ea7u v\u1edbi \u0111\u1ed9 an to\u00e0n g\u1ea5p \u0111\u00f4i.\u00a0Thi\u1ebft b\u1ecb an to\u00e0n \u0111\u1ed9c l\u1eadp th\u1ee9 hai ch\u1ea1y song song d\u01b0\u1edbi v\u00e0 sau c\u00e1p treo \/ x\u00edch t\u1ea3i v\u00e0 \u0111\u1ed3ng th\u1eddi ng\u0103n loa quay ho\u1eb7c l\u1eafc l\u01b0.\u00a0\u0110i\u1ec1u n\u00e0y ch\u1ec9 \u0111\u01b0\u1ee3c g\u1eafn \u1edf m\u1eb7t \u0111\u1ea5t v\u1edbi ch\u00e2n th\u00e1p.<\/span><\/p>\n<p><span>Ngo\u00e0i ra, c\u1ea7u ch\u00ec th\u1ee9 c\u1ea5p c\u0169ng c\u00f3 th\u1ec3 \u0111\u01b0\u1ee3c s\u1eed d\u1ee5ng \u0111\u1ec3 c\u0103n ch\u1ec9nh theo chi\u1ec1u d\u1ecdc c\u1ee7a c\u00e1c loa.<\/span><\/p>\n<p><span>T\u1ea5t c\u1ea3 c\u00e1c puli l\u1ec7ch h\u01b0\u1edbng c\u1ee7a th\u00e1p \u0111\u1ec1u l\u00e0 puli l\u1ec7ch h\u01b0\u1edbng \u0111a n\u0103ng v\u00e0 c\u00f3 th\u1ec3 \u0111\u01b0\u1ee3c s\u1eed d\u1ee5ng v\u1edbi c\u00e1p th\u00e9p ho\u1eb7c d\u00e2y x\u00edch.\u00a0C\u00e1c r\u00f2ng r\u1ecdc ph\u00eda tr\u01b0\u1edbc c\u1ee7a \u0111i\u1ec3m d\u1eebng v\u00e0 c\u1ed1 \u0111\u1ecbnh c\u1ee7a ph\u1ea7n \u0111\u1ea7u c\u00f3 th\u1ec3 \u0111\u01b0\u1ee3c di chuy\u1ec3n m\u00e0 kh\u00f4ng c\u1ea7n d\u1ee5ng c\u1ee5 (c\u00e0ng g\u1ea7n c\u1ed9t bu\u1ed3m, kh\u1ea3 n\u0103ng ch\u1ecbu t\u1ea3i c\u00e0ng cao).<\/span><\/p>\n<p><span>C\u00e1c ph\u1ea7n t\u1eed th\u00e1p c\u00f3 s\u1eb5n v\u1edbi \u0111\u1ea7u n\u1ed1i h\u00ecnh n\u00f3n th\u00f4ng th\u01b0\u1eddng ho\u1eb7c \u0111\u1ea7u n\u1ed1i nhanh Im l\u1eb7ng.\u00a0C\u00e1c \u0111\u1ea7u n\u1ed1i th\u00e1o nhanh Silence cho ph\u00e9p l\u1eafp r\u00e1p \u0111\u1eb7c bi\u1ec7t nhanh v\u00e0 y\u00ean t\u0129nh &#8211; vi\u1ec7c l\u1eafp r\u00e1p th\u00f4ng th\u01b0\u1eddng th\u00f4ng qua b\u00faa, bu l\u00f4ng v\u00e0 ch\u1ed1t cotter \u0111\u01b0\u1ee3c thay th\u1ebf b\u1eb1ng h\u1ec7 th\u1ed1ng k\u1ebft n\u1ed1i th\u00e1o nhanh c\u00f3 \u0111\u1ed9 \u1ed3n th\u1ea5p.<\/span><\/p>\n","protected":false},"excerpt":{"rendered":"<p>M\u1ee5c ti\u00eau c\u1ee7a ch\u00fang t\u00f4i trong qu\u00e1 tr\u00ecnh ph\u00e1t tri\u1ec3n Th\u00e1p PA-\u00c2m thanh Tho\u1ea1i (VAPATO) l\u00e0 \u0111\u1ea1t \u0111\u01b0\u1ee3c v\u1ebb ngo\u00e0i k\u00edn \u0111\u00e1o, sang tr\u1ecdng v\u1edbi di\u1ec7n t\u00edch nh\u1ecf v\u00e0 chi\u1ec1u cao t\u1ed1i \u0111a d\u01b0\u1edbi 5 m\u00e9t (\u0111\u1ec3 kh\u00f4ng c\u1ea7n s\u00e1ch x\u00e2y d\u1ef1ng v\u00e0 ch\u1ec9 c\u00f3 b\u1eb1ng ch\u1ee9ng v\u1ec1 \u1ed5n \u0111\u1ecbnh l\u00e0 \u0111\u1ee7). Th\u00e1p ch\u1ec9 c\u00f3 [&#8230;]\n","protected":false},"featured_media":0,"comment_status":"closed","ping_status":"closed","template":"","meta":{"spay_email":""},"product_cat":[66],"product_tag":[67],"class_list":{"0":"post-1053","1":"product","2":"type-product","3":"status-publish","5":"product_cat-pa-tower","6":"product_tag-pa-tower","8":"first","9":"instock","10":"shipping-taxable","11":"product-type-simple"},"yoast_head":"<!-- This site is optimized with the Yoast SEO plugin v17.6 - https:\/\/yoast.com\/wordpress\/plugins\/seo\/ -->\n<title>PA-Tower - Voice-Acoustic<\/title>\n<meta name=\"robots\" content=\"index, follow, max-snippet:-1, max-image-preview:large, max-video-preview:-1\" \/>\n<link rel=\"canonical\" href=\"https:\/\/voice-acoustic.vn\/?product=pa-tower\" \/>\n<meta property=\"og:locale\" content=\"vi_VN\" \/>\n<meta property=\"og:type\" content=\"article\" \/>\n<meta property=\"og:title\" content=\"PA-Tower - Voice-Acoustic\" \/>\n<meta property=\"og:description\" content=\"M\u1ee5c ti\u00eau c\u1ee7a ch\u00fang t\u00f4i trong qu\u00e1 tr\u00ecnh ph\u00e1t tri\u1ec3n Th\u00e1p PA-\u00c2m thanh Tho\u1ea1i (VAPATO) l\u00e0 \u0111\u1ea1t \u0111\u01b0\u1ee3c v\u1ebb ngo\u00e0i k\u00edn \u0111\u00e1o, sang tr\u1ecdng v\u1edbi di\u1ec7n t\u00edch nh\u1ecf v\u00e0 chi\u1ec1u cao t\u1ed1i \u0111a d\u01b0\u1edbi 5 m\u00e9t (\u0111\u1ec3 kh\u00f4ng c\u1ea7n s\u00e1ch x\u00e2y d\u1ef1ng v\u00e0 ch\u1ec9 c\u00f3 b\u1eb1ng ch\u1ee9ng v\u1ec1 \u1ed5n \u0111\u1ecbnh l\u00e0 \u0111\u1ee7). Th\u00e1p ch\u1ec9 c\u00f3 [...]\" \/>\n<meta property=\"og:url\" content=\"https:\/\/voice-acoustic.vn\/?product=pa-tower\" \/>\n<meta property=\"og:site_name\" content=\"Voice-Acoustic\" \/>\n<meta property=\"article:modified_time\" content=\"2022-01-10T08:12:23+00:00\" \/>\n<meta name=\"twitter:card\" content=\"summary_large_image\" \/>\n<meta name=\"twitter:label1\" content=\"\u01af\u1edbc t\u00ednh th\u1eddi gian \u0111\u1ecdc\" \/>\n\t<meta name=\"twitter:data1\" content=\"2 ph\u00fat\" \/>\n<script type=\"application\/ld+json\" class=\"yoast-schema-graph\">{\"@context\":\"https:\/\/schema.org\",\"@graph\":[{\"@type\":\"WebSite\",\"@id\":\"https:\/\/voice-acoustic.vn\/#website\",\"url\":\"https:\/\/voice-acoustic.vn\/\",\"name\":\"Voice-Acoustic\",\"description\":\"\",\"potentialAction\":[{\"@type\":\"SearchAction\",\"target\":{\"@type\":\"EntryPoint\",\"urlTemplate\":\"https:\/\/voice-acoustic.vn\/?s={search_term_string}\"},\"query-input\":\"required name=search_term_string\"}],\"inLanguage\":\"vi\"},{\"@type\":\"WebPage\",\"@id\":\"https:\/\/voice-acoustic.vn\/?product=pa-tower#webpage\",\"url\":\"https:\/\/voice-acoustic.vn\/?product=pa-tower\",\"name\":\"PA-Tower - Voice-Acoustic\",\"isPartOf\":{\"@id\":\"https:\/\/voice-acoustic.vn\/#website\"},\"datePublished\":\"2022-01-10T08:12:22+00:00\",\"dateModified\":\"2022-01-10T08:12:23+00:00\",\"breadcrumb\":{\"@id\":\"https:\/\/voice-acoustic.vn\/?product=pa-tower#breadcrumb\"},\"inLanguage\":\"vi\",\"potentialAction\":[{\"@type\":\"ReadAction\",\"target\":[\"https:\/\/voice-acoustic.vn\/?product=pa-tower\"]}]},{\"@type\":\"BreadcrumbList\",\"@id\":\"https:\/\/voice-acoustic.vn\/?product=pa-tower#breadcrumb\",\"itemListElement\":[{\"@type\":\"ListItem\",\"position\":1,\"name\":\"Trang ch\\u1ee7\",\"item\":\"https:\/\/voice-acoustic.vn\/\"},{\"@type\":\"ListItem\",\"position\":2,\"name\":\"..\",\"item\":\"https:\/\/voice-acoustic.vn\/?page_id=11\"},{\"@type\":\"ListItem\",\"position\":3,\"name\":\"PA-Tower\"}]}]}<\/script>\n<!-- \/ Yoast SEO plugin. -->","yoast_head_json":{"title":"PA-Tower - Voice-Acoustic","robots":{"index":"index","follow":"follow","max-snippet":"max-snippet:-1","max-image-preview":"max-image-preview:large","max-video-preview":"max-video-preview:-1"},"canonical":"https:\/\/voice-acoustic.vn\/?product=pa-tower","og_locale":"vi_VN","og_type":"article","og_title":"PA-Tower - Voice-Acoustic","og_description":"M\u1ee5c ti\u00eau c\u1ee7a ch\u00fang t\u00f4i trong qu\u00e1 tr\u00ecnh ph\u00e1t tri\u1ec3n Th\u00e1p PA-\u00c2m thanh Tho\u1ea1i (VAPATO) l\u00e0 \u0111\u1ea1t \u0111\u01b0\u1ee3c v\u1ebb ngo\u00e0i k\u00edn \u0111\u00e1o, sang tr\u1ecdng v\u1edbi di\u1ec7n t\u00edch nh\u1ecf v\u00e0 chi\u1ec1u cao t\u1ed1i \u0111a d\u01b0\u1edbi 5 m\u00e9t (\u0111\u1ec3 kh\u00f4ng c\u1ea7n s\u00e1ch x\u00e2y d\u1ef1ng v\u00e0 ch\u1ec9 c\u00f3 b\u1eb1ng ch\u1ee9ng v\u1ec1 \u1ed5n \u0111\u1ecbnh l\u00e0 \u0111\u1ee7). Th\u00e1p ch\u1ec9 c\u00f3 [...]","og_url":"https:\/\/voice-acoustic.vn\/?product=pa-tower","og_site_name":"Voice-Acoustic","article_modified_time":"2022-01-10T08:12:23+00:00","twitter_card":"summary_large_image","twitter_misc":{"\u01af\u1edbc t\u00ednh th\u1eddi gian \u0111\u1ecdc":"2 ph\u00fat"},"schema":{"@context":"https:\/\/schema.org","@graph":[{"@type":"WebSite","@id":"https:\/\/voice-acoustic.vn\/#website","url":"https:\/\/voice-acoustic.vn\/","name":"Voice-Acoustic","description":"","potentialAction":[{"@type":"SearchAction","target":{"@type":"EntryPoint","urlTemplate":"https:\/\/voice-acoustic.vn\/?s={search_term_string}"},"query-input":"required name=search_term_string"}],"inLanguage":"vi"},{"@type":"WebPage","@id":"https:\/\/voice-acoustic.vn\/?product=pa-tower#webpage","url":"https:\/\/voice-acoustic.vn\/?product=pa-tower","name":"PA-Tower - Voice-Acoustic","isPartOf":{"@id":"https:\/\/voice-acoustic.vn\/#website"},"datePublished":"2022-01-10T08:12:22+00:00","dateModified":"2022-01-10T08:12:23+00:00","breadcrumb":{"@id":"https:\/\/voice-acoustic.vn\/?product=pa-tower#breadcrumb"},"inLanguage":"vi","potentialAction":[{"@type":"ReadAction","target":["https:\/\/voice-acoustic.vn\/?product=pa-tower"]}]},{"@type":"BreadcrumbList","@id":"https:\/\/voice-acoustic.vn\/?product=pa-tower#breadcrumb","itemListElement":[{"@type":"ListItem","position":1,"name":"Trang ch\u1ee7","item":"https:\/\/voice-acoustic.vn\/"},{"@type":"ListItem","position":2,"name":"..","item":"https:\/\/voice-acoustic.vn\/?page_id=11"},{"@type":"ListItem","position":3,"name":"PA-Tower"}]}]}},"_links":{"self":[{"href":"https:\/\/voice-acoustic.vn\/index.php?rest_route=\/wp\/v2\/product\/1053","targetHints":{"allow":["GET"]}}],"collection":[{"href":"https:\/\/voice-acoustic.vn\/index.php?rest_route=\/wp\/v2\/product"}],"about":[{"href":"https:\/\/voice-acoustic.vn\/index.php?rest_route=\/wp\/v2\/types\/product"}],"replies":[{"embeddable":true,"href":"https:\/\/voice-acoustic.vn\/index.php?rest_route=%2Fwp%2Fv2%2Fcomments&post=1053"}],"wp:attachment":[{"href":"https:\/\/voice-acoustic.vn\/index.php?rest_route=%2Fwp%2Fv2%2Fmedia&parent=1053"}],"wp:term":[{"taxonomy":"product_cat","embeddable":true,"href":"https:\/\/voice-acoustic.vn\/index.php?rest_route=%2Fwp%2Fv2%2Fproduct_cat&post=1053"},{"taxonomy":"product_tag","embeddable":true,"href":"https:\/\/voice-acoustic.vn\/index.php?rest_route=%2Fwp%2Fv2%2Fproduct_tag&post=1053"}],"curies":[{"name":"wp","href":"https:\/\/api.w.org\/{rel}","templated":true}]}}