{"id":246,"date":"2021-10-20T05:49:00","date_gmt":"2021-10-20T05:49:00","guid":{"rendered":"https:\/\/voice-acoustic.vn\/?post_type=product&#038;p=246"},"modified":"2022-01-18T10:21:55","modified_gmt":"2022-01-18T03:21:55","slug":"modular-12","status":"publish","type":"product","link":"https:\/\/voice-acoustic.vn\/?product=modular-12","title":{"rendered":"Modular-12"},"content":{"rendered":"<div class=\"ce_text block\">\n<p>Modular-12 l\u00e0 loa \u0111a ch\u1ee9c n\u0103ng bi-amping v\u1edbi c\u1ee7 loa neodymium 12 &#8221; + 1.4&#8243; ch\u1ea5t l\u01b0\u1ee3ng cao v\u00e0 b\u1ed9 ph\u00e2n t\u1ea7n th\u1ee5 \u0111\u1ed9ng.<\/p>\n<p>D\u00f2ng loa Modular v\u00f4 c\u00f9ng linh ho\u1ea1t v\u00e0 s\u00e1ng t\u1ea1o v\u1edbi s\u1ef1 k\u1ebft h\u1ee3p nh\u01b0 h\u1ec7 th\u1ed1ng loa \u201carray point source\u201d v\u00e0 loa \u0111\u01a1n \u0111a ch\u1ee9c n\u0103ng. Kh\u1ea3 n\u0103ng s\u1eed d\u1ee5ng nh\u01b0 m\u1ed9t loa \u0111\u01a1n to\u00e0n d\u00e3i, hi\u1ec7u qu\u1ea3 cao v\u1edbi \u0111\u1ea7y \u0111\u1ee7 \u00e2m tr\u1ea7m ho\u1eb7c nh\u01b0 loa ki\u1ec3m \u00e2m tr\u00ean s\u00e2n kh\u1ea5u, d\u00f2ng loa Modular c\u00f2n \u0111\u01b0\u1ee3c thi\u1ebft k\u1ebf \u0111\u1ec3 k\u1ebft h\u1ee3p nhi\u1ec1u loa v\u1edbi nhau th\u00e0nh chu\u1ed5i loa array m\u1eb7t ngang.<\/p>\n<p>B\u1ea5t k\u1ef3 hi\u1ec7u \u1ee9ng giao thoa v\u00e0 s\u1ef1 li\u00ean quan tri\u1ec7t \u00e2m n\u00e0o gi\u1eefa c\u00e1c ngu\u1ed3n ph\u00e1t \u00e2m \u0111\u1ec1u \u0111\u01b0\u1ee3c gi\u1ea3m xu\u1ed1ng m\u1ee9c t\u1ed1i thi\u1ec3u do gi\u1ea3i ph\u00e1p \u1ee9ng d\u1ee5ng h\u00ecnh h\u1ecdc \u0111\u1eb7c bi\u1ec7t, ph\u00f9 h\u1ee3p v\u1edbi g\u00f3c ph\u1ee7 \u00e2m h\u1eb9p c\u1ee7a h\u1ecdng c\u00f2i. M\u1ed7i h\u1ecdng c\u00f2i \u0111\u01b0\u1ee3c \u00e1p d\u1ee5ng c\u00f9ng v\u1edbi g\u00f3c \u0111\u1ecbnh h\u01b0\u1edbng \u00e2m thanh c\u1ee5 th\u1ec3. K\u1ef9 thu\u1eadt n\u00e0y cho ph\u00e9p ng\u01b0\u1eddi s\u1eed d\u1ee5ng c\u00f3 nhi\u1ec1u gi\u1ea3i ph\u00e1p h\u01a1n v\u1edbi ch\u1ec9 m\u1ed9t d\u00f2ng loa v\u00e0 k\u1ef9 thu\u1eadt n\u00e0y \u0111\u00e3 \u0111\u01b0\u1ee3c \u0111\u0103ng k\u00fd quy\u1ec1n s\u00e1ng ch\u1ebf.<\/p>\n<p>P\u00e1t treo loa \u201cEasyfly\u201d (c\u0169ng \u0111\u01b0\u1ee3c \u0111\u0103ng k\u00fd quy\u1ec1n s\u00e1ng ch\u1ebf) l\u00e0 m\u1ed9t thi\u1ebft b\u1ecb c\u01a1 kh\u00ed \u201cm\u1ed9t-ch\u1ed1t\u201d cho ph\u00e9p treo loa v\u00e0 canh ch\u1ec9nh ch\u00ednh x\u00e1c ch\u1ec9 trong v\u00e0i gi\u00e2y m\u00e0 kh\u00f4ng c\u1ea7n d\u1ee5ng c\u1ee5. P\u00e1t treo n\u00e0y tinh t\u1ebf v\u00e0 g\u1ecdn nh\u1eb9 h\u01a1n khung treo th\u00f4ng th\u01b0\u1eddng. D\u00f2ng loa Modular \u0111\u01b0\u1ee3c thi\u1ebft k\u1ebf v\u1edbi \u0111\u01b0\u1eddng ray treo hai b\u00ean th\u00f9ng loa. \u0110i\u1ec1u n\u00e0y c\u00f3 ngh\u0129a loa c\u00f3 th\u1ec3 \u0111\u01b0\u1ee3c treo th\u1eb3ng ho\u1eb7c ngang v\u1edbi p\u00e1t treo \u201cEasyfly\u201d. Sau th\u00f9ng loa l\u00e0 m\u1ed9t \u0111\u01b0\u1eddng ray th\u1ee9 ba d\u00f9ng cho c\u00e1p an to\u00e0n.<\/p>\n<p>\u0110\u1ec3 \u0111i\u1ec1u ch\u1ec9nh ch\u00ednh x\u00e1c tr\u00ean ch\u00e2n loa ho\u1eb7c c\u1ecdc loa, d\u00f2ng loa Modular trang b\u1ecb m\u1ed9t \u1ed5 treo loa c\u00f3 g\u00f3c \u0111i\u1ec1u ch\u1ec9nh +\/- 18\u00b0 r\u1ea5t ti\u1ec7n l\u1ee3i.<\/p>\n<p>Loa Modular-12 c\u00f3 th\u1ec3 \u0111\u01b0\u1ee3c l\u1eafp \u0111\u1eb7t v\u1edbi p\u00e1t treo \u201cEasyfly\u201d k\u1ebft h\u1ee3p p\u00e1t treo t\u01b0\u1eddng, ho\u1eb7c treo t\u1ea1i 8 v\u1ecb tr\u00ed l\u1ed7 th\u00e9p M12.<\/p>\n<\/div>\n<div class=\"ce_text block\">\n<h3>\u0110i\u1ec1u khi\u1ec3n<\/h3>\n<p>Loa tr\u1ea7m c\u00f3 tr\u1edf kh\u00e1ng 8\u03a9 v\u00e0 c\u1ee7 loa n\u00e9n (compression driver) 16\u03a9.<\/p>\n<p>Hai Modular-12 c\u00f3 th\u1ec3 \u0111\u01b0\u1ee3c k\u1ebft n\u1ed1i b\u1eb1ng gi\u1eafc c\u1eafm 4 ch\u00e2n ( NEUTRIK NL4 IN\/OUT 1+\/- (4-pole looped-through). Ch\u00fang c\u00f3 th\u1ec3 \u0111\u01b0\u1ee3c n\u1ed1i ti\u1ebfp v\u00e0 ho\u1ea1t \u0111\u1ed9ng song song b\u1edfi c\u00f9ng m\u1ed9t k\u00eanh khu\u1ebfch \u0111\u1ea1i.<\/p>\n<p>M\u1ed9t HDSP-6 c\u00f3 th\u1ec3 t\u1ea3i t\u1ed1i \u0111a b\u1ed1n k\u1ebft n\u1ed1i bi-amp Modular-12.<\/p>\n<\/div>\n<p><span style=\"font-size: 14.4px;\">.<\/span><\/p>\n<p><a href=\"https:\/\/voice-acoustic.vn\/wp-content\/uploads\/2021\/10\/voice-acoustic-modular-12-bi-amping-ueber-hdsp-6-600x223.jpg\"><img loading=\"lazy\" decoding=\"async\" class=\"wp-image-604 aligncenter\" src=\"https:\/\/voice-acoustic.vn\/wp-content\/uploads\/2021\/10\/voice-acoustic-modular-12-bi-amping-ueber-hdsp-6-300x111.jpg\" alt=\"\" width=\"468\" height=\"173\" srcset=\"https:\/\/voice-acoustic.vn\/wp-content\/uploads\/2021\/10\/voice-acoustic-modular-12-bi-amping-ueber-hdsp-6-300x111.jpg 300w, https:\/\/voice-acoustic.vn\/wp-content\/uploads\/2021\/10\/voice-acoustic-modular-12-bi-amping-ueber-hdsp-6-768x285.jpg 768w, https:\/\/voice-acoustic.vn\/wp-content\/uploads\/2021\/10\/voice-acoustic-modular-12-bi-amping-ueber-hdsp-6-400x149.jpg 400w, https:\/\/voice-acoustic.vn\/wp-content\/uploads\/2021\/10\/voice-acoustic-modular-12-bi-amping-ueber-hdsp-6-600x223.jpg 600w, https:\/\/voice-acoustic.vn\/wp-content\/uploads\/2021\/10\/voice-acoustic-modular-12-bi-amping-ueber-hdsp-6.jpg 926w\" sizes=\"auto, (max-width: 468px) 100vw, 468px\" \/><\/a><\/p>\n<p style=\"text-align: center;\"><span style=\"color: #ed1c24;\">Modular-12 bi-amping via HDSP-6<\/span><\/p>\n\n  <div class=\"banner has-hover\" id=\"banner-2100304141\">\n          <div class=\"banner-inner fill\">\n        <div class=\"banner-bg fill\" >\n            <div class=\"bg fill bg-fill \"><\/div>\n            \t<div class=\"video-overlay no-click fill\"><\/div>\n\t<div id=\"ytplayer-636\" class=\"ux-youtube fill object-fit hide-for-medium\" data-videoid=\"FPBTM8ufXec\" data-loop=\"1\" data-audio=\"0\"><\/div>\n                        \n                    <\/div>\n        <div class=\"banner-layers container\">\n            <div class=\"fill banner-link\"><\/div>            \n        <\/div>\n      <\/div>\n\n            \n<style>\n#banner-2100304141 {\n  padding-top: 500px;\n}\n#banner-2100304141 .bg.bg-loaded {\n  background-image: url(https:\/\/voice-acoustic.vn\/wp-content\/uploads\/2021\/10\/voice-acoustic-modular-12-004-150x150.jpg);\n}\n<\/style>\n  <\/div>\n\n\n<h3><\/h3>\n<h3>Array<\/h3>\n<p>\u0110\u1ec3 c\u00f3 s\u1ef1 linh ho\u1ea1t t\u1ed1i \u0111a, ng\u01b0\u1eddi d\u00f9ng c\u00f3 th\u1ec3 ch\u1ecdn gi\u1eefa hai g\u00f3c kh\u00e1c nhau 60\u00b0 x 40\u00b0 ho\u1eb7c 90\u00b0 x 60\u00b0 \u0111\u1ec3 tr\u00e1nh giao thoa.<\/p>\n<p>B\u1ea1n c\u00f3 th\u1ec3 t\u1ef1 m\u00ecnh th\u1ef1c hi\u1ec7n vi\u1ec7c thay \u0111\u1ed5i c\u00e1c h\u1ecdng c\u00f2i b\u1eb1ng c\u00e1ch \u0111i\u1ec1u khi\u1ec3n bi-amping b\u1ea5t c\u1ee9 l\u00fac n\u00e0o. Trong lo\u1ea1t b\u1ed9 khu\u1ebfch \u0111\u1ea1i HDSP v\u00e0 h\u1ec7 \u0111i\u1ec1u khi\u1ec3n c\u1ee7a loa si\u00eau tr\u1ea7m t\u1ef1 c\u1ea5p ngu\u1ed3n (active), c\u00e1c c\u00e2n ch\u1ec9nh c\u1ee5 th\u1ec3 c\u1ee7a loa si\u00eau tr\u1ea7m \u0111\u01b0\u1ee3c l\u01b0u d\u01b0\u1edbi d\u1ea1ng c\u00e0i \u0111\u1eb7t m\u1eb7c \u0111\u1ecbnh.<\/p>\n<p>&nbsp;<\/p>\n<p><img loading=\"lazy\" decoding=\"async\" class=\"alignnone wp-image-602 aligncenter\" src=\"https:\/\/voice-acoustic.vn\/wp-content\/uploads\/2021\/10\/arrayable-box-design-of-the-voice-acoustic-modular-series-001-300x111.png\" alt=\"\" width=\"443\" height=\"164\" srcset=\"https:\/\/voice-acoustic.vn\/wp-content\/uploads\/2021\/10\/arrayable-box-design-of-the-voice-acoustic-modular-series-001-300x111.png 300w, https:\/\/voice-acoustic.vn\/wp-content\/uploads\/2021\/10\/arrayable-box-design-of-the-voice-acoustic-modular-series-001-1024x378.png 1024w, https:\/\/voice-acoustic.vn\/wp-content\/uploads\/2021\/10\/arrayable-box-design-of-the-voice-acoustic-modular-series-001-768x284.png 768w, https:\/\/voice-acoustic.vn\/wp-content\/uploads\/2021\/10\/arrayable-box-design-of-the-voice-acoustic-modular-series-001-1536x567.png 1536w, https:\/\/voice-acoustic.vn\/wp-content\/uploads\/2021\/10\/arrayable-box-design-of-the-voice-acoustic-modular-series-001-1320x487.png 1320w, https:\/\/voice-acoustic.vn\/wp-content\/uploads\/2021\/10\/arrayable-box-design-of-the-voice-acoustic-modular-series-001-400x148.png 400w, https:\/\/voice-acoustic.vn\/wp-content\/uploads\/2021\/10\/arrayable-box-design-of-the-voice-acoustic-modular-series-001-600x222.png 600w, https:\/\/voice-acoustic.vn\/wp-content\/uploads\/2021\/10\/arrayable-box-design-of-the-voice-acoustic-modular-series-001.png 1693w\" sizes=\"auto, (max-width: 443px) 100vw, 443px\" \/><\/p>\n<p style=\"text-align: center;\">\u00a0 \u00a0 <span style=\"color: #ed1c24;\">\u00a0 \u00a0 Modular v\u1edbi Horn 60 x 40 \u00b0 (vxh)<\/span><\/p>\n<p style=\"text-align: center;\"><img loading=\"lazy\" decoding=\"async\" class=\"alignnone wp-image-603\" src=\"https:\/\/voice-acoustic.vn\/wp-content\/uploads\/2021\/10\/arrayable-box-design-of-the-voice-acoustic-modular-series-002-300x115.png\" alt=\"\" width=\"454\" height=\"174\" srcset=\"https:\/\/voice-acoustic.vn\/wp-content\/uploads\/2021\/10\/arrayable-box-design-of-the-voice-acoustic-modular-series-002-300x115.png 300w, https:\/\/voice-acoustic.vn\/wp-content\/uploads\/2021\/10\/arrayable-box-design-of-the-voice-acoustic-modular-series-002-1024x391.png 1024w, https:\/\/voice-acoustic.vn\/wp-content\/uploads\/2021\/10\/arrayable-box-design-of-the-voice-acoustic-modular-series-002-768x294.png 768w, https:\/\/voice-acoustic.vn\/wp-content\/uploads\/2021\/10\/arrayable-box-design-of-the-voice-acoustic-modular-series-002-1320x504.png 1320w, https:\/\/voice-acoustic.vn\/wp-content\/uploads\/2021\/10\/arrayable-box-design-of-the-voice-acoustic-modular-series-002-400x153.png 400w, https:\/\/voice-acoustic.vn\/wp-content\/uploads\/2021\/10\/arrayable-box-design-of-the-voice-acoustic-modular-series-002-600x229.png 600w, https:\/\/voice-acoustic.vn\/wp-content\/uploads\/2021\/10\/arrayable-box-design-of-the-voice-acoustic-modular-series-002.png 1515w\" sizes=\"auto, (max-width: 454px) 100vw, 454px\" \/><\/p>\n<p style=\"text-align: center;\"><span style=\"color: #ed1c24;\">Modular \u00a0v\u1edbi c\u00f2i 40 x 60 \u00b0 xoay (vxh) v\u1edbi m\u1ee9c giao thoa t\u1ed1i thi\u1ec3u<\/span><\/p>\n<div class=\"inside\"><\/div>\n<div><\/div>\n<div class=\"rs-columns ce_rs_columns_start\">\n<div class=\"rs-column -large-col-2-1 -large-first -large-first-row -medium-col-2-1 -medium-first -medium-first-row -small-col-1-1 -small-first -small-last -small-first-row\">\n<div class=\"ce_text block\">\n<p><a href=\"https:\/\/voice-acoustic.vn\/wp-content\/uploads\/2021\/10\/voice-acoustic-modular-12-cad-001-600x510.jpg\"><img loading=\"lazy\" decoding=\"async\" class=\"wp-image-605 alignright\" src=\"https:\/\/voice-acoustic.vn\/wp-content\/uploads\/2021\/10\/voice-acoustic-modular-12-cad-001-300x255.jpg\" alt=\"\" width=\"597\" height=\"507\" srcset=\"https:\/\/voice-acoustic.vn\/wp-content\/uploads\/2021\/10\/voice-acoustic-modular-12-cad-001-300x255.jpg 300w, https:\/\/voice-acoustic.vn\/wp-content\/uploads\/2021\/10\/voice-acoustic-modular-12-cad-001-1024x870.jpg 1024w, https:\/\/voice-acoustic.vn\/wp-content\/uploads\/2021\/10\/voice-acoustic-modular-12-cad-001-768x652.jpg 768w, https:\/\/voice-acoustic.vn\/wp-content\/uploads\/2021\/10\/voice-acoustic-modular-12-cad-001-1536x1304.jpg 1536w, https:\/\/voice-acoustic.vn\/wp-content\/uploads\/2021\/10\/voice-acoustic-modular-12-cad-001-2048x1739.jpg 2048w, https:\/\/voice-acoustic.vn\/wp-content\/uploads\/2021\/10\/voice-acoustic-modular-12-cad-001-1320x1121.jpg 1320w, https:\/\/voice-acoustic.vn\/wp-content\/uploads\/2021\/10\/voice-acoustic-modular-12-cad-001-400x340.jpg 400w, https:\/\/voice-acoustic.vn\/wp-content\/uploads\/2021\/10\/voice-acoustic-modular-12-cad-001-600x510.jpg 600w\" sizes=\"auto, (max-width: 597px) 100vw, 597px\" \/><\/a><\/p>\n<div class=\"inside\">\n<div class=\"inside\">\n<h2>Th\u00f4ng s\u1ed1 k\u1ef9 thu\u1eadt<\/h2>\n<\/div>\n<div class=\"rs-columns ce_rs_columns_start\">\n<div class=\"rs-column -large-col-2-1 -large-first -large-first-row -medium-col-2-1 -medium-first -medium-first-row -small-col-1-1 -small-first -small-last -small-first-row\">\n<div class=\"ce_text block\">\n<p><strong>Drivers<\/strong><br \/>\nLF: Neodym 1 x 12&#8243; v\u1edbi cu\u1ed9n d\u00e2y \u00e2m 3&#8243;<br \/>\nHF: Neodym 1 x 1.4 &#8220;v\u1edbi cu\u1ed9n d\u00e2y \u00e2m 3&#8221;<\/p>\n<p><strong>D\u1ea3i t\u1ea7n s\u1ed1 60\u00b0<\/strong><br \/>\n63 Hz &#8211; 18 kHz (- 10 dB)<br \/>\n90 Hz &#8211; 17 kHz (+\/- 3 dB)<\/p>\n<p><strong>D\u1ea3i t\u1ea7n s\u1ed1 90\u00b0<\/strong><br \/>\n63 Hz &#8211; 18 kHz (- 10 dB)<br \/>\n90 Hz &#8211; 17 kHz (+\/- 3 dB)<\/p>\n<p><strong>G\u00f3c ph\u1ee7 \u00e2m ( d\u1ecdc x ngang )<\/strong><br \/>\n90\u00b0 x 60\u00b0 \/ 60\u00b0 x 40\u00b0 (c\u00f2i c\u00f3 th\u1ec3 thay \u0111\u1ed5i, c\u00f3 th\u1ec3 xoay)<\/p>\n<p><strong>Tr\u1edf kh\u00e1ng<\/strong><br \/>\nLF: 8\u03a9<br \/>\nHF: 16\u200b\u200b\u03a9<\/p>\n<p><strong>C\u00f4ng su\u1ea5t (AES\/Program\/Peak)<\/strong><br \/>\nLF: 450W \/ 900W \/ 1800W<br \/>\nHF: 110W \/ 220W \/ 440W<\/p>\n<p><strong>\u0110\u1ed9 nh\u1ea1y 1W \/ 1m<\/strong><br \/>\nLF: 100db SPL<br \/>\nHF: 111db SPL<\/p>\n<p><strong>C\u01b0\u1eddng \u0111\u1ed9 \u00e1p su\u1ea5t \u00e2m thanh (AES\/Program\/Peak)<\/strong><br \/>\n127dB SPL \/ 130dB SPL \/ 133dB SPL<\/p>\n<p><strong>K\u1ebft n\u1ed1i<\/strong><br \/>\n4 x NEUTRIK NL4 IN \/ OUT 1 +\/- (4-pole looped-through)<\/p>\n<p><strong>Ho\u00e0n thi\u1ec7n<\/strong><br \/>\nl\u1edbp ph\u1ee7 Polyurea m\u00e3 m\u00e0u RAL 9005. <a title=\"Th\u00f4ng tin th\u00eam v\u1ec1 m\u00e0u s\u1eafc \u0111\u1eb7c bi\u1ec7t!\" href=\"https:\/\/voice-acoustic.de\/service\/special-colours.html\" target=\"_blank\" rel=\"noopener\">M\u00e0u \u0111\u1eb7c bi\u1ec7t<\/a> c\u00f3 th\u1ec3 \u0111\u1eb7t h\u00e0ng v\u1edbi l\u1edbp s\u01a1n Warnex<\/p>\n<p><strong>K\u00edch th\u01b0\u1edbc \/ Tr\u1ecdng l\u01b0\u1ee3ng<\/strong><br \/>\n615 (H) x 380 (W) x 310 mm (D) \/ 23.6 kg<\/p>\n<\/div>\n<\/div>\n<\/div>\n<\/div>\n<\/div>\n<\/div>\n<\/div>\n","protected":false},"excerpt":{"rendered":"<ul class=\"ul_style_check\">\n<li><span style=\"color: #282828;\">Loa 12 &#8220;\/ 1,4&#8221; \u0111a ch\u1ee9c n\u0103ng m\u1edf r\u1ed9ng<\/span><\/li>\n<li><span style=\"color: #282828;\">H\u1ecdng c\u00f2i s\u00f3ng \u00e2m c\u00f3 th\u1ec3 xoay 90 \u00b0 x 60 \u00b0 ho\u1eb7c 60 \u00b0 x 40 \u00b0<\/span><\/li>\n<li><span style=\"color: #282828;\">T\u00f9y ch\u1ecdn gi\u1ea3i ph\u00e1p b\u1ed1 tr\u00ed m\u1eb7t ngang v\u1edbi m\u1ee9c giao thoa t\u1ed1i thi\u1ec3u 60 \u00b0 x 40 \u00b0<\/span><\/li>\n<li><span style=\"color: #282828;\">P\u00e1t treo c\u01a1 kh\u00ed \u0111\u01a1n gi\u1ea3n, kh\u00f4ng c\u1ea7n d\u1ee5ng c\u1ee5<\/span><\/li>\n<\/ul>\n","protected":false},"featured_media":247,"comment_status":"closed","ping_status":"closed","template":"","meta":{"spay_email":""},"product_cat":[20],"product_tag":[],"class_list":{"0":"post-246","1":"product","2":"type-product","3":"status-publish","4":"has-post-thumbnail","6":"product_cat-modular-multifunction-loudspeaker-series","8":"first","9":"instock","10":"shipping-taxable","11":"product-type-simple"},"yoast_head":"<!-- This site is optimized with the Yoast SEO plugin v17.6 - https:\/\/yoast.com\/wordpress\/plugins\/seo\/ -->\n<title>Modular-12 - Voice-Acoustic<\/title>\n<meta name=\"robots\" content=\"index, follow, max-snippet:-1, max-image-preview:large, max-video-preview:-1\" \/>\n<link rel=\"canonical\" href=\"https:\/\/voice-acoustic.vn\/?product=modular-12\" \/>\n<meta property=\"og:locale\" content=\"vi_VN\" \/>\n<meta property=\"og:type\" content=\"article\" \/>\n<meta property=\"og:title\" content=\"Modular-12 - Voice-Acoustic\" \/>\n<meta property=\"og:description\" content=\"Loa 12 &quot;\/ 1,4&quot; \u0111a ch\u1ee9c n\u0103ng m\u1edf r\u1ed9ng  H\u1ecdng c\u00f2i s\u00f3ng \u00e2m c\u00f3 th\u1ec3 xoay 90 \u00b0 x 60 \u00b0 ho\u1eb7c 60 \u00b0 x 40 \u00b0  T\u00f9y ch\u1ecdn gi\u1ea3i ph\u00e1p b\u1ed1 tr\u00ed m\u1eb7t ngang v\u1edbi m\u1ee9c giao thoa t\u1ed1i thi\u1ec3u 60 \u00b0 x 40 \u00b0  P\u00e1t treo c\u01a1 kh\u00ed \u0111\u01a1n gi\u1ea3n, kh\u00f4ng c\u1ea7n d\u1ee5ng c\u1ee5\" \/>\n<meta property=\"og:url\" content=\"https:\/\/voice-acoustic.vn\/?product=modular-12\" \/>\n<meta property=\"og:site_name\" content=\"Voice-Acoustic\" \/>\n<meta property=\"article:modified_time\" content=\"2022-01-18T03:21:55+00:00\" \/>\n<meta property=\"og:image\" content=\"https:\/\/voice-acoustic.vn\/wp-content\/uploads\/2021\/10\/voice-acoustic-modular-12-teaser.png\" \/>\n\t<meta property=\"og:image:width\" content=\"400\" \/>\n\t<meta property=\"og:image:height\" content=\"320\" \/>\n<meta name=\"twitter:card\" content=\"summary_large_image\" \/>\n<meta name=\"twitter:label1\" content=\"\u01af\u1edbc t\u00ednh th\u1eddi gian \u0111\u1ecdc\" \/>\n\t<meta name=\"twitter:data1\" content=\"5 ph\u00fat\" \/>\n<script type=\"application\/ld+json\" class=\"yoast-schema-graph\">{\"@context\":\"https:\/\/schema.org\",\"@graph\":[{\"@type\":\"WebSite\",\"@id\":\"https:\/\/voice-acoustic.vn\/#website\",\"url\":\"https:\/\/voice-acoustic.vn\/\",\"name\":\"Voice-Acoustic\",\"description\":\"\",\"potentialAction\":[{\"@type\":\"SearchAction\",\"target\":{\"@type\":\"EntryPoint\",\"urlTemplate\":\"https:\/\/voice-acoustic.vn\/?s={search_term_string}\"},\"query-input\":\"required name=search_term_string\"}],\"inLanguage\":\"vi\"},{\"@type\":\"ImageObject\",\"@id\":\"https:\/\/voice-acoustic.vn\/?product=modular-12#primaryimage\",\"inLanguage\":\"vi\",\"url\":\"https:\/\/voice-acoustic.vn\/wp-content\/uploads\/2021\/10\/voice-acoustic-modular-12-teaser.png\",\"contentUrl\":\"https:\/\/voice-acoustic.vn\/wp-content\/uploads\/2021\/10\/voice-acoustic-modular-12-teaser.png\",\"width\":400,\"height\":320},{\"@type\":\"WebPage\",\"@id\":\"https:\/\/voice-acoustic.vn\/?product=modular-12#webpage\",\"url\":\"https:\/\/voice-acoustic.vn\/?product=modular-12\",\"name\":\"Modular-12 - Voice-Acoustic\",\"isPartOf\":{\"@id\":\"https:\/\/voice-acoustic.vn\/#website\"},\"primaryImageOfPage\":{\"@id\":\"https:\/\/voice-acoustic.vn\/?product=modular-12#primaryimage\"},\"datePublished\":\"2021-10-20T05:49:00+00:00\",\"dateModified\":\"2022-01-18T03:21:55+00:00\",\"breadcrumb\":{\"@id\":\"https:\/\/voice-acoustic.vn\/?product=modular-12#breadcrumb\"},\"inLanguage\":\"vi\",\"potentialAction\":[{\"@type\":\"ReadAction\",\"target\":[\"https:\/\/voice-acoustic.vn\/?product=modular-12\"]}]},{\"@type\":\"BreadcrumbList\",\"@id\":\"https:\/\/voice-acoustic.vn\/?product=modular-12#breadcrumb\",\"itemListElement\":[{\"@type\":\"ListItem\",\"position\":1,\"name\":\"Trang ch\\u1ee7\",\"item\":\"https:\/\/voice-acoustic.vn\/\"},{\"@type\":\"ListItem\",\"position\":2,\"name\":\"..\",\"item\":\"https:\/\/voice-acoustic.vn\/?page_id=11\"},{\"@type\":\"ListItem\",\"position\":3,\"name\":\"Modular-12\"}]}]}<\/script>\n<!-- \/ Yoast SEO plugin. -->","yoast_head_json":{"title":"Modular-12 - Voice-Acoustic","robots":{"index":"index","follow":"follow","max-snippet":"max-snippet:-1","max-image-preview":"max-image-preview:large","max-video-preview":"max-video-preview:-1"},"canonical":"https:\/\/voice-acoustic.vn\/?product=modular-12","og_locale":"vi_VN","og_type":"article","og_title":"Modular-12 - Voice-Acoustic","og_description":"Loa 12 \"\/ 1,4\" \u0111a ch\u1ee9c n\u0103ng m\u1edf r\u1ed9ng  H\u1ecdng c\u00f2i s\u00f3ng \u00e2m c\u00f3 th\u1ec3 xoay 90 \u00b0 x 60 \u00b0 ho\u1eb7c 60 \u00b0 x 40 \u00b0  T\u00f9y ch\u1ecdn gi\u1ea3i ph\u00e1p b\u1ed1 tr\u00ed m\u1eb7t ngang v\u1edbi m\u1ee9c giao thoa t\u1ed1i thi\u1ec3u 60 \u00b0 x 40 \u00b0  P\u00e1t treo c\u01a1 kh\u00ed \u0111\u01a1n gi\u1ea3n, kh\u00f4ng c\u1ea7n d\u1ee5ng c\u1ee5","og_url":"https:\/\/voice-acoustic.vn\/?product=modular-12","og_site_name":"Voice-Acoustic","article_modified_time":"2022-01-18T03:21:55+00:00","og_image":[{"width":400,"height":320,"url":"https:\/\/voice-acoustic.vn\/wp-content\/uploads\/2021\/10\/voice-acoustic-modular-12-teaser.png","type":"image\/png"}],"twitter_card":"summary_large_image","twitter_misc":{"\u01af\u1edbc t\u00ednh th\u1eddi gian \u0111\u1ecdc":"5 ph\u00fat"},"schema":{"@context":"https:\/\/schema.org","@graph":[{"@type":"WebSite","@id":"https:\/\/voice-acoustic.vn\/#website","url":"https:\/\/voice-acoustic.vn\/","name":"Voice-Acoustic","description":"","potentialAction":[{"@type":"SearchAction","target":{"@type":"EntryPoint","urlTemplate":"https:\/\/voice-acoustic.vn\/?s={search_term_string}"},"query-input":"required name=search_term_string"}],"inLanguage":"vi"},{"@type":"ImageObject","@id":"https:\/\/voice-acoustic.vn\/?product=modular-12#primaryimage","inLanguage":"vi","url":"https:\/\/voice-acoustic.vn\/wp-content\/uploads\/2021\/10\/voice-acoustic-modular-12-teaser.png","contentUrl":"https:\/\/voice-acoustic.vn\/wp-content\/uploads\/2021\/10\/voice-acoustic-modular-12-teaser.png","width":400,"height":320},{"@type":"WebPage","@id":"https:\/\/voice-acoustic.vn\/?product=modular-12#webpage","url":"https:\/\/voice-acoustic.vn\/?product=modular-12","name":"Modular-12 - Voice-Acoustic","isPartOf":{"@id":"https:\/\/voice-acoustic.vn\/#website"},"primaryImageOfPage":{"@id":"https:\/\/voice-acoustic.vn\/?product=modular-12#primaryimage"},"datePublished":"2021-10-20T05:49:00+00:00","dateModified":"2022-01-18T03:21:55+00:00","breadcrumb":{"@id":"https:\/\/voice-acoustic.vn\/?product=modular-12#breadcrumb"},"inLanguage":"vi","potentialAction":[{"@type":"ReadAction","target":["https:\/\/voice-acoustic.vn\/?product=modular-12"]}]},{"@type":"BreadcrumbList","@id":"https:\/\/voice-acoustic.vn\/?product=modular-12#breadcrumb","itemListElement":[{"@type":"ListItem","position":1,"name":"Trang ch\u1ee7","item":"https:\/\/voice-acoustic.vn\/"},{"@type":"ListItem","position":2,"name":"..","item":"https:\/\/voice-acoustic.vn\/?page_id=11"},{"@type":"ListItem","position":3,"name":"Modular-12"}]}]}},"_links":{"self":[{"href":"https:\/\/voice-acoustic.vn\/index.php?rest_route=\/wp\/v2\/product\/246","targetHints":{"allow":["GET"]}}],"collection":[{"href":"https:\/\/voice-acoustic.vn\/index.php?rest_route=\/wp\/v2\/product"}],"about":[{"href":"https:\/\/voice-acoustic.vn\/index.php?rest_route=\/wp\/v2\/types\/product"}],"replies":[{"embeddable":true,"href":"https:\/\/voice-acoustic.vn\/index.php?rest_route=%2Fwp%2Fv2%2Fcomments&post=246"}],"wp:featuredmedia":[{"embeddable":true,"href":"https:\/\/voice-acoustic.vn\/index.php?rest_route=\/wp\/v2\/media\/247"}],"wp:attachment":[{"href":"https:\/\/voice-acoustic.vn\/index.php?rest_route=%2Fwp%2Fv2%2Fmedia&parent=246"}],"wp:term":[{"taxonomy":"product_cat","embeddable":true,"href":"https:\/\/voice-acoustic.vn\/index.php?rest_route=%2Fwp%2Fv2%2Fproduct_cat&post=246"},{"taxonomy":"product_tag","embeddable":true,"href":"https:\/\/voice-acoustic.vn\/index.php?rest_route=%2Fwp%2Fv2%2Fproduct_tag&post=246"}],"curies":[{"name":"wp","href":"https:\/\/api.w.org\/{rel}","templated":true}]}}