{"id":271,"date":"2021-10-20T05:55:38","date_gmt":"2021-10-20T05:55:38","guid":{"rendered":"https:\/\/voice-acoustic.vn\/?post_type=product&#038;p=271"},"modified":"2022-01-27T09:27:10","modified_gmt":"2022-01-27T02:27:10","slug":"modular-15sp-dda","status":"publish","type":"product","link":"https:\/\/voice-acoustic.vn\/?product=modular-15sp-dda","title":{"rendered":"Modular-15sp DDA"},"content":{"rendered":"<div class=\"ce_text block\">\n<p>Modular-15sp DDA l\u00e0 loa bi-amping t\u00edch h\u1ee3p c\u00f4ng su\u1ea5t v\u1edbi c\u1ee7 loa neodym 15 \u2033 + 1.4 \u2033, m\u00f4-\u0111un khu\u1ebfch \u0111\u1ea1i c\u00f4ng su\u1ea5t 3.2 kW b\u00ean trong v\u00e0 h\u1ec7 th\u1ed1ng qu\u1ea3n l\u00fd loa DSP v\u1edbi c\u00e1c t\u00ednh n\u0103ng m\u1edf r\u1ed9ng. DSP c\u00f3 kh\u1ea3 n\u0103ng t\u00ednh to\u00e1n cao v\u00e0 t\u1ea5t c\u1ea3 c\u00e1c ch\u1ee9c n\u0103ng c\u1ee7a b\u1ed9 \u0111i\u1ec1u khi\u1ec3n ti\u00eau chu\u1ea9n.<\/p>\n<p>DDA l\u00e0 vi\u1ebft t\u1eaft c\u1ee7a th\u1ebf h\u1ec7 m\u1edbi DSP v\u00e0 bo m\u1ea1ch \u0111\u1ea7u v\u00e0o c\u00f3 th\u1ec3 x\u1eed l\u00fd nhi\u1ec1u lo\u1ea1i t\u00edn hi\u1ec7u: DANTE, Digital AES \/ EBU, AES67 v\u00e0 \u0111\u1ea7u v\u00e0o t\u01b0\u01a1ng t\u1ef1. C\u00e1c \u0111\u01b0\u1eddng truy\u1ec1n t\u00edn hi\u1ec7u c\u00f3 th\u1ec3 \u0111\u01b0\u1ee3c k\u1ebft n\u1ed1i xa h\u01a1n.<\/p>\n<p>B\u1ed9 khu\u1ebfch \u0111\u1ea1i t\u00edch h\u1ee3p v\u00e0 DSP \u0111\u01b0\u1ee3c s\u1eed d\u1ee5ng gi\u1ed1ng h\u1ec7t v\u1edbi lo\u1ea1t b\u1ed9 khu\u1ebfch \u0111\u1ea1i HDSP v\u00e0 ph\u1ea7n m\u1ec1m t\u1eeb xa VA-WLAN. Modular-15sp v\u00e0 Modular-15 t\u01b0\u01a1ng th\u00edch v\u00e0 c\u00f3 th\u1ec3 ho\u1ea1t \u0111\u1ed9ng c\u00f9ng nhau. Ch\u00fang cung c\u1ea5p c\u00f9ng hi\u1ec7u su\u1ea5t 100%, c\u00f9ng m\u1ed9t ph\u1ea7n m\u1ec1m \u0111i\u1ec1u khi\u1ec3n v\u00e0 gi\u00e1m s\u00e1t trong m\u1ed9t m\u1ea1ng ph\u1ea7n m\u1ec1m k\u1ebft h\u1ee3p.<\/p>\n<p>T\u1ea5t c\u1ea3 c\u00e1c c\u00e0i \u0111\u1eb7t c\u1ea7n thi\u1ebft cho c\u00e1c c\u1ea5u h\u00ecnh kh\u00e1c nhau \u0111\u01b0\u1ee3c l\u01b0u tr\u1eef d\u01b0\u1edbi d\u1ea1ng c\u00e0i \u0111\u1eb7t m\u1eb7c \u0111\u1ecbnh c\u1ee7a nh\u00e0 s\u1ea3n xu\u1ea5t trong b\u1ed9 nh\u1edb. \u0110\u1ec3 c\u00f3 hi\u1ec7u su\u1ea5t v\u00e0 \u0111\u1ed9 tin c\u1eady t\u1ed1t nh\u1ea5t, ch\u1ec9 c\u1ea7n ch\u1ecdn c\u00e0i \u0111\u1eb7t m\u1eb7c \u0111\u1ecbnh t\u01b0\u01a1ng \u1ee9ng tr\u00ean m\u00e0n h\u00ecnh \u0111\u1ec3 s\u1eed d\u1ee5ng l\u00e0m loa to\u00e0n d\u1ea3i \u0111\u1ed9c l\u1eadp, ho\u1eb7c loa to\u00e0n \u0111\u1ef1t tr\u00ean loa \u00e2m tr\u1ea7m, ho\u1eb7c loa ki\u1ec3m \u00e2m tr\u00ean s\u00e2n kh\u1ea5u ho\u1eb7c v\u1edbi nhi\u1ec1u k\u1ebft h\u1ee3p nhi\u1ec1u loa trong m\u1ed9t h\u1ec7 th\u1ed1ng.<\/p>\n<p>V\u1eabn c\u00f2n nhi\u1ec1u t\u00ednh n\u0103ng, t\u00f9y ch\u1ecdn v\u00e0 c\u00e0i \u0111\u1eb7t truy c\u1eadp kh\u00e1c c\u00f3 s\u1eb5n cho k\u1ef9 thu\u1eadt vi\u00ean c\u00f3 kinh nghi\u1ec7m v\u00e0 ng\u01b0\u1eddi d\u00f9ng \u00e2m thanh chuy\u00ean nghi\u1ec7p.<\/p>\n<p>M\u1eb7t sau \u0111\u01b0\u1ee3c t\u00edch h\u1ee3p n\u00fat Hi\u1ec3n th\u1ecb \u0111\u1eb7c bi\u1ec7t v\u00e0 n\u00fat \u0111i\u1ec1u khi\u1ec3n B\u1ed9 m\u00e3 h\u00f3a. C\u00f3 th\u1ec3 truy c\u1eadp h\u1ea7u h\u1ebft c\u00e1c th\u00f4ng s\u1ed1 m\u00e0 kh\u00f4ng c\u1ea7n PC \u0111i\u1ec1u khi\u1ec3n v\u00e0 c\u00e1c ch\u1ee9c n\u0103ng c\u00f3 th\u1ec3 b\u1ecb kh\u00f3a v\u00e0 b\u1ea3o v\u1ec7 b\u1eb1ng m\u1eadt kh\u1ea9u. M\u00e0n h\u00ecnh c\u00f3 b\u1ed9 \u0111i\u1ec1u ch\u1ec9nh \u0111\u1ed9 s\u00e1ng 2 giai \u0111o\u1ea1n v\u00e0 c\u0169ng c\u00f3 th\u1ec3 \u0111\u01b0\u1ee3c t\u1eaft ho\u00e0n to\u00e0n \u0111\u1ec3 ng\u0103n ch\u1eb7n \u00e1nh s\u00e1ng kh\u00f4ng mong mu\u1ed1n. B\u1eb1ng c\u00e1ch nh\u1ea5n m\u1ed9t ph\u00edm ho\u1eb7c b\u1ed9 m\u00e3 h\u00f3a, M\u00e0n h\u00ecnh s\u1ebd s\u00e1ng tr\u1edf l\u1ea1i.<\/p>\n<p>C\u00e1c thi\u1ebft b\u1ecb \u0111i\u1ec7n t\u1eed \u0111ang ho\u1ea1t \u0111\u1ed9ng \u0111\u01b0\u1ee3c l\u00e0m m\u00e1t \u0111\u1ed1i l\u01b0u b\u1eb1ng m\u1ed9t b\u1ed9 t\u1ea3n nhi\u1ec7t l\u1edbn. Kh\u00f4ng c\u00f3 b\u1ee5i ho\u1eb7c h\u01a1i \u1ea9m c\u00f3 th\u1ec3 b\u1ecb h\u00fat ho\u1eb7c h\u00fat v\u00e0o, l\u00e0m cho DDA Modular-15sp tr\u1edf n\u00ean l\u00fd t\u01b0\u1edfng cho vi\u1ec7c l\u1eafp \u0111\u1eb7t l\u00e2u d\u00e0i.\u00a0C\u00e1c c\u00e1nh t\u1ea3n nhi\u1ec7t m\u1ea1nh m\u1ebd \u0111\u01b0\u1ee3c l\u00e0m tr\u00f2n v\u00e0 kh\u00f4ng c\u00f3 c\u1ea1nh s\u1eafc.<\/p>\n<\/div>\n<div class=\"ce_text block\">\n<h3>\u0110i\u1ec1u khi\u1ec3n<\/h3>\n<p>DDA Modular-15sp c\u00f3 th\u1ec3 c\u1ea5p ngu\u1ed3n cho bi-amp Modular-15 th\u00f4ng qua c\u00e1p 4 ch\u00e2n.<\/p>\n<p>Loa tr\u1ea7m \u0111\u01b0\u1ee3c thi\u1ebft k\u1ebf 8\u03a9, 16\u03a9 trong tr\u00ecnh \u0111i\u1ec1u khi\u1ec3n n\u00e9n.<\/p>\n<\/div>\n<p><a href=\"https:\/\/voice-acoustic.vn\/wp-content\/uploads\/2021\/10\/voice-acoustic-modular-15-bi-amping-ueber-modular-15sp.jpg\"><img loading=\"lazy\" decoding=\"async\" class=\"wp-image-641 aligncenter\" src=\"https:\/\/voice-acoustic.vn\/wp-content\/uploads\/2021\/10\/voice-acoustic-modular-15-bi-amping-ueber-modular-15sp-275x300.jpg\" alt=\"\" width=\"376\" height=\"409\" srcset=\"https:\/\/voice-acoustic.vn\/wp-content\/uploads\/2021\/10\/voice-acoustic-modular-15-bi-amping-ueber-modular-15sp-275x300.jpg 275w, https:\/\/voice-acoustic.vn\/wp-content\/uploads\/2021\/10\/voice-acoustic-modular-15-bi-amping-ueber-modular-15sp.jpg 330w\" sizes=\"auto, (max-width: 376px) 100vw, 376px\" \/><\/a><\/p>\n<p>&nbsp;<\/p>\n<p>&nbsp;<\/p>\n<div>\n  <div class=\"banner has-hover\" id=\"banner-240864670\">\n          <div class=\"banner-inner fill\">\n        <div class=\"banner-bg fill\" >\n            <div class=\"bg fill bg-fill \"><\/div>\n            \t<div class=\"video-overlay no-click fill\"><\/div>\n\t<div id=\"ytplayer-894\" class=\"ux-youtube fill object-fit hide-for-medium\" data-videoid=\"FPBTM8ufXec\" data-loop=\"1\" data-audio=\"0\"><\/div>\n                        \n                    <\/div>\n        <div class=\"banner-layers container\">\n            <a class=\"fill\" href=\"https:\/\/www.youtube.com\/watch?v=FPBTM8ufXec\" target=\"_blank\" rel=\"noopener noreferrer\" ><div class=\"fill banner-link\"><\/div><\/a>            <\/div>\n<div><\/div>\n<div>        <\/div>\n      <\/div>\n\n            \n<style>\n#banner-240864670 {\n  padding-top: 500px;\n}\n#banner-240864670 .bg.bg-loaded {\n  background-image: url(https:\/\/voice-acoustic.vn\/wp-content\/uploads\/2021\/10\/voice-acoustic-modular-12-004-150x150.jpg);\n}\n<\/style>\n  <\/div>\n\n<\/div>\n<div><\/div>\n<div><\/div>\n<div><\/div>\n<div><span style=\"font-size: 20.16px;\">Gh\u00e9p ngang<\/span><\/div>\n<div>\n<p>H\u1ecdng c\u00f2i ti\u00eau chu\u1ea9n 60\u00b0 x 40\u00b0 ho\u1eb7c 90\u00b0 x 60\u00b0. N\u1ebfu 2 loa Modular-15 \u0111\u01b0\u1ee3c b\u1ed1 tr\u00ed li\u1ec1n nhau theo m\u1eb7t ngang, h\u1ecdng c\u00f2i ph\u1ea3i \u0111\u01b0\u1ee3c xoay chi\u1ec1u \u0111\u1ec3 tr\u00e1nh giao thoa.<\/p>\n<\/div>\n<p><a href=\"https:\/\/voice-acoustic.vn\/wp-content\/uploads\/2021\/10\/arrayable-box-design-of-the-voice-acoustic-modular-series-001-a69733a5.png\"><img loading=\"lazy\" decoding=\"async\" class=\"alignnone wp-image-637 aligncenter\" src=\"https:\/\/voice-acoustic.vn\/wp-content\/uploads\/2021\/10\/arrayable-box-design-of-the-voice-acoustic-modular-series-001-a69733a5-300x111.png\" alt=\"\" width=\"725\" height=\"267\" srcset=\"https:\/\/voice-acoustic.vn\/wp-content\/uploads\/2021\/10\/arrayable-box-design-of-the-voice-acoustic-modular-series-001-a69733a5-300x111.png 300w, https:\/\/voice-acoustic.vn\/wp-content\/uploads\/2021\/10\/arrayable-box-design-of-the-voice-acoustic-modular-series-001-a69733a5-400x148.png 400w, https:\/\/voice-acoustic.vn\/wp-content\/uploads\/2021\/10\/arrayable-box-design-of-the-voice-acoustic-modular-series-001-a69733a5-600x222.png 600w, https:\/\/voice-acoustic.vn\/wp-content\/uploads\/2021\/10\/arrayable-box-design-of-the-voice-acoustic-modular-series-001-a69733a5.png 677w\" sizes=\"auto, (max-width: 725px) 100vw, 725px\" \/><\/a><\/p>\n<p style=\"text-align: center;\"><span style=\"color: #ff0000;\">Modular with Horn 60 x 40\u00b0 (v x h)<\/span><\/p>\n<p style=\"text-align: center;\"><a href=\"https:\/\/voice-acoustic.vn\/wp-content\/uploads\/2021\/10\/arrayable-box-design-of-the-voice-acoustic-modular-series-002-e14a31a6.png\"><img loading=\"lazy\" decoding=\"async\" class=\"alignnone wp-image-633\" src=\"https:\/\/voice-acoustic.vn\/wp-content\/uploads\/2021\/10\/arrayable-box-design-of-the-voice-acoustic-modular-series-002-e14a31a6-300x115.png\" alt=\"\" width=\"656\" height=\"252\" srcset=\"https:\/\/voice-acoustic.vn\/wp-content\/uploads\/2021\/10\/arrayable-box-design-of-the-voice-acoustic-modular-series-002-e14a31a6-300x115.png 300w, https:\/\/voice-acoustic.vn\/wp-content\/uploads\/2021\/10\/arrayable-box-design-of-the-voice-acoustic-modular-series-002-e14a31a6-400x153.png 400w, https:\/\/voice-acoustic.vn\/wp-content\/uploads\/2021\/10\/arrayable-box-design-of-the-voice-acoustic-modular-series-002-e14a31a6-600x229.png 600w, https:\/\/voice-acoustic.vn\/wp-content\/uploads\/2021\/10\/arrayable-box-design-of-the-voice-acoustic-modular-series-002-e14a31a6.png 607w\" sizes=\"auto, (max-width: 656px) 100vw, 656px\" \/><\/a><\/p>\n<div class=\"rs-columns ce_rs_columns_start\">\n<div class=\"ce_rs_column_start rs-column -large-col-2-1 -large-last -large-first-row -medium-col-2-1 -medium-last -medium-first-row -small-col-1-1 -small-first -small-last\">\n<div class=\"ce_image mittig block\" style=\"text-align: center;\">\n<figure class=\"image_container\"><figcaption class=\"caption\"><span style=\"color: #ff0000;\"><span style=\"color: #ff0000;\"><span style=\"color: #ff0000;\"><span style=\"color: #ff0000;\">Modular with rotated 40 x 60\u00b0 horn (v x h) minimisation interference<\/span><\/span><\/span><\/span><\/p>\n<div class=\"inside\">\n<h2 style=\"text-align: left;\">Th\u00f4ng s\u1ed1 k\u1ef9 thu\u1eadt<\/h2>\n<p style=\"text-align: left;\"><div class=\"row\"  id=\"row-1069660143\">\n<p style=\"text-align: left;\">\n\t<div id=\"col-1692648937\" class=\"col medium-3\/3 large-3\/3\"  >\n\t\t\t\t<div class=\"col-inner\"  >\n\t\t\t\n\t\t\t\n<div class=\"rs-columns ce_rs_columns_start\">\n<div class=\"rs-column -large-col-2-1 -large-first -large-first-row -medium-col-2-1 -medium-first -medium-first-row -small-col-1-1 -small-first -small-last -small-first-row\">\n<div class=\"ce_text block\">\n<p><strong>Tr\u00ecnh \u0111i\u1ec1u khi\u1ec3n<\/strong><br \/>\nLF: Loa tr\u1ea7m Neodym 1 x 15&#8243; v\u1edbi cu\u1ed9n d\u00e2y \u00e2m 4&#8243;<br \/>\nHF: C\u1ee7 loa n\u00e9n Neodym 1 x 1.4&#8243; v\u1edbi cu\u1ed9n d\u00e2y \u00e2m 3&#8243;<\/p>\n<p><strong>D\u1ea3i t\u1ea7n 60\u00b0<\/strong><br \/>\n60 Hz &#8211; 17,6 kHz (- 10 dB)<br \/>\n130 Hz &#8211; 17 kHz (+\/- 3 dB)<\/p>\n<p><strong>D\u1ea3i t\u1ea7n 90\u00b0<\/strong><br \/>\n58 Hz &#8211; 17,8 kHz (- 10 dB)<br \/>\n122 Hz &#8211; 16,5 kHz (+\/- 3 dB)<\/p>\n<p><strong>G\u00f3c ph\u1ee7 \u00e2m (d\u1ecdc x ngang))<\/strong><br \/>\n90\u00b0 x 60\u00b0 \/ 60\u00b0 x 40\u00b0 (c\u00f2i c\u00f3 th\u1ec3 thay \u0111\u1ed5i, c\u00f3 th\u1ec3 xoay)<\/p>\n<p><strong>Tr\u1edf kh\u00e1ng<\/strong><br \/>\nLF: 8\u03a9<br \/>\nHF: 16\u03a9<\/p>\n<p><strong>C\u00f4ng su\u1ea5t (AES\/Program\/Peak)<\/strong><br \/>\nLF: 850W \/ 1700W \/ 3400W<br \/>\nHF: 110W \/ 220W \/ 440W<\/p>\n<p><strong>\u0110\u1ed9 nh\u1ea1y 1W \/ 1m<\/strong><br \/>\nLF: 100dB SPL<br \/>\nHF: 111dB SPL<\/p>\n<p><strong>C\u01b0\u1eddng \u0111\u1ed9 \u00e1p su\u1ea5t \u00e2m thanh(AES \/ Program \/ Peak)<\/strong><br \/>\n129dB SPL \/ 132dB SPL \/ 135dB SPL<\/p>\n<p><strong>K\u1ebft n\u1ed1i<\/strong><br \/>\n2 x NEUTRIK NL4 IN \/ OUT 1 +\/- (n\u1ed1i ti\u1ebfp 4 c\u1ef1c)<\/p>\n<p><strong>S\u01a1n ph\u1ee7<\/strong><br \/>\nS\u01a1n ph\u1ee7 Polyurea m\u00e3 s\u1ed1 RAL 9005. <a title=\"Th\u00f4ng tin th\u00eam v\u1ec1 m\u00e0u s\u1eafc \u0111\u1eb7c bi\u1ec7t!\" href=\"https:\/\/voice-acoustic.de\/service\/special-colours.html\" target=\"_blank\" rel=\"noopener\">M\u00e0u \u0111\u1eb7c bi\u1ec7t<\/a> c\u00f3 th\u1ec3 \u0111\u1eb7t h\u00e0ng v\u1edbi l\u1edbp s\u01a1n Warnex.<\/p>\n<p><strong>K\u00edch th\u01b0\u1edbc \/ Tr\u1ecdng l\u01b0\u1ee3ng<\/strong><br \/>\n698 (H) x 431 (W) x 368 mm (D) \/ 32.9 kg<\/p>\n<\/div>\n<\/div>\n<\/div>\n<p style=\"text-align: left;\">\t\t<\/div>\n\t\t\t\t\t<\/div>\n\n\t\n\n\t<div id=\"col-459731987\" class=\"col medium-2\/4 large-6\"  >\n\t\t\t\t<div class=\"col-inner\"  >\n\t\t\t\n\t\t\t\n<p style=\"text-align: left;\"><span style=\"font-size: 110%;\"><strong>Ampli t\u00edch h\u1ee3p 2-CH<\/strong><\/span><\/p>\n<p style=\"text-align: left;\"><strong>Ampli<br \/>\n<\/strong>Th\u1ebf h\u1ec7 3 Class D<\/p>\n<p style=\"text-align: left;\"><strong>C\u00f4ng su\u1ea5t CH1<br \/>\n<\/strong>2400W \/ 4\u2126, 1580W \/ 8\u2126, 800W \/ 16\u2126<\/p>\n<p style=\"text-align: left;\"><strong>C\u00f4ng su\u1ea5t CH2<br \/>\n<\/strong>800W \/ 4\u2126, 450W \/ 8\u2126, 200W \/ 16\u2126<\/p>\n<p style=\"text-align: left;\"><strong>Ampli gain<br \/>\n<\/strong>LF: 32dB, HF: 26dB<\/p>\n<p style=\"text-align: left;\"><strong>H\u1ec7 s\u1ed1 Signal-to-noise ratio<br \/>\n<\/strong>&gt;120dB (A-Rated, 20 &#8211; 20 kHz, 8\u2126)<\/p>\n<p style=\"text-align: left;\"><strong>H\u1ec7 s\u1ed1 Damping factor<br \/>\n<\/strong>&gt;1000 (8\u2126, 1 kHz)<\/p>\n<p style=\"text-align: left;\"><strong>H\u1ec7 s\u1ed1 Distorsion<br \/>\n<\/strong>THD+N &lt; 0,05 % (20 &#8211; 20.000 Hz, 8 \u2126)<\/p>\n<p style=\"text-align: left;\"><strong>T\u00ednh n\u0103ng b\u1ea3o v\u1ec7<br \/>\n<\/strong>Gi\u1edbi h\u1ea1n d\u00f2ng \u0111i\u1ec7n kh\u1edfi \u0111\u1ed9ng<br \/>\nB\u1ea3o v\u1ec7 m\u1ea1ch \u0111i\u1ec7n t\u1eaft v\u00e0 m\u1edf chuy\u1ec3n ti\u1ebfp<br \/>\nB\u1ea3o v\u1ec7 \u0111i\u1ec7p \u00e1p cao h\u01a1n v\u00e0 th\u1ea5p h\u01a1n<br \/>\nB\u1ea3o v\u1ec7 d\u00f2ng \u0111i\u1ec7n DC c\u1ed5ng ra<br \/>\nGi\u1edbi h\u1ea1n t\u00edn hi\u1ec7u \u0111\u1ea7u v\u00e0o, t\u00edn hi\u1ec7u \u0111\u1ec9nh<br \/>\nKi\u1ec3m so\u00e1t b\u1ed9 t\u1ea3n nhi\u1ec7u v\u00e0 t\u1ee5 b\u00e1n d\u1eabn<\/p>\n<p style=\"text-align: left;\"><strong>\u0110i\u1ec7n \u00e1p<\/strong><br \/>\nNgu\u1ed3n \u0111i\u1ec7n chuy\u1ec3n m\u1ea1ch th\u00f4ng minh, \u0111\u01b0\u1ee3c \u0111i\u1ec1u ch\u1ec9nh v\u1edbi t\u00ednh n\u0103ng ph\u00e1t hi\u1ec7n \u0111i\u1ec7n \u00e1p t\u1ef1 \u0111\u1ed9ng<br \/>\nChuy\u1ec3n \u0111\u1ed5i gi\u1eefa 120\/230V 50\/60 Hz, s\u1eed d\u1ee5ng to\u00e0n c\u1ea7u<br \/>\nBi\u00ean \u0111\u1ed9 \u0111i\u1ec7n \u00e1p: 85 &#8211; 268V<\/p>\n<p style=\"text-align: left;\">\t\t<\/div>\n\t\t\t\t\t<\/div>\n\n\t\n<p style=\"text-align: left;\">\n\t<div id=\"col-1107002817\" class=\"col medium-2\/4 large-6\"  >\n\t\t\t\t<div class=\"col-inner\"  >\n\t\t\t\n\t\t\t\n<p style=\"text-align: left;\"><span style=\"font-size: 110%;\"><strong>T\u00edch H\u1ee3p H\u1ec7 Qu\u1ea3n L\u00fd Loa DSP<\/strong><\/span><\/p>\n<p style=\"text-align: left;\"><strong>B\u1ed9 x\u1eed l\u00fd<br \/>\n<\/strong>T\u1ed1c \u0111\u1ed9 x\u1eed l\u00fd 64 bit, 96 kHz<\/p>\n<p style=\"text-align: left;\"><strong>Ph\u1ea7n M\u1ec1m V\u1eadn H\u00e0nh<br \/>\n<\/strong>L\u00ean t\u1edbi 128 loa t\u00edch h\u1ee3p c\u00f4ng su\u1ea5t v\u00e0 ampli HDSP trong c\u00f9ng m\u1ed9t m\u1ea1ng \u0111i\u1ec1u h\u00e0nh<\/p>\n<p style=\"text-align: left;\"><strong>C\u1ed5ng v\u00e0o Dynamic Range<br \/>\n<\/strong>120dB<\/p>\n<p style=\"text-align: left;\"><strong>M\u1ee9c \u0110\u1ed9 C\u1ed5ng V\u00e0o: Nominal \/ Maximal<br \/>\n<\/strong>+ 6 dBu \/ + 23 db<\/p>\n<p style=\"text-align: left;\"><strong>\u0110\u1ed9 tr\u1ec5<br \/>\n<\/strong>0 &#8211; max. 0.5 ms<\/p>\n<p style=\"text-align: left;\"><strong>K\u1ebft n\u1ed1i (Routing)<br \/>\n<\/strong>Cho ph\u00e9p 2 t\u00edn hi\u1ec7u c\u1ed5ng v\u00e0o (input) mixers k\u1ebft n\u1ed1i v\u00e0o m\u1ed7i c\u1ed5ng ra (output)<\/p>\n<p style=\"text-align: left;\"><strong>B\u1ed9 l\u1ecdc EQ (EQ Filter)<br \/>\n<\/strong>20 parametric EQ filters m\u1ed7i k\u00eanh<br \/>\nM\u1ed7i b\u1ed9 l\u1ecdc c\u00f3 th\u1ec3 c\u00e0i \u0111\u1eb7t Bell, Shelving, Notch, ho\u1eb7c Allpass<\/p>\n<p style=\"text-align: left;\"><strong>Ph\u00e2n t\u1ea7n (X-Over)<br \/>\n<\/strong>Butterworth, Bessel, Linkwitz-Riley<\/p>\n<p style=\"text-align: left;\"><strong>B\u1ed9 gi\u1edbi h\u1ea1n (Limiter)<br \/>\n<\/strong>M\u1ed7i c\u1ed5ng v\u00e0o v\u00e0 c\u1ed5ng ra<\/p>\n<p style=\"text-align: left;\"><strong>B\u1ed9 Delay<br \/>\n<\/strong>0 cho t\u1edbi 800 ms (t\u1ed1i \u0111a 275 m delay) t\u1ea1i m\u1ed7i k\u00eanh c\u1ed5ng v\u00e0o<br \/>\n0 cho t\u1edbi 17 ms (t\u1ed1i \u0111a 6 m delay) t\u1ea1i m\u1ed7i k\u00eanh c\u1ed5ng ra \u0111\u1ec3 c\u00e2n b\u1eb1ng th\u1eddi gian<\/p>\n<p style=\"text-align: left;\"><strong>Pha<br \/>\n<\/strong>\u0110i\u1ec1u ch\u1ec9nh t\u1eeb 0\u00b0 &#8211; 180\u00b0<\/p>\n<p style=\"text-align: left;\"><strong>Ng\u00f4n ng\u1eef<br \/>\n<\/strong>Anh, \u0110\u1ee9c, Ph\u00e1p, T\u00e2y Ban Nha<\/p>\n<p style=\"text-align: left;\"><strong>Giao di\u1ec7n ph\u1ea7n m\u1ec1m<br \/>\n<\/strong>C\u1eadp nh\u1eadt ph\u1ea7n m\u1ec1m qua Ethernet<\/p>\n<p style=\"text-align: left;\">\t\t<\/div>\n\t\t\t\t\t<\/div>\n\n\t\n<p style=\"text-align: left;\"><\/div>\n<\/div>\n<\/figcaption><\/figure>\n<\/div>\n<\/div>\n<\/div>\n","protected":false},"excerpt":{"rendered":"<ul class=\"ul_style_check\">\n<li><span style=\"color: #282828;\">Loa 15 &#8220;\/ 1,4&#8221; \u0111a ch\u1ee9c n\u0103ng m\u1edf r\u1ed9ng<\/span><\/li>\n<li><span style=\"color: #282828;\">Ampmodul 2 k\u00eanh 3,2 kW: 1 x 2,400 W + 1 x 800 W \u1edf 4 \u03a9<\/span><\/li>\n<li><span style=\"color: #282828;\">H\u1ecdng c\u00f2i s\u00f3ng \u00e2m c\u00f3 th\u1ec3 xoay 90 \u00b0 x 60 \u00b0 ho\u1eb7c 60 \u00b0 x 40 \u00b0<\/span><\/li>\n<li><span style=\"color: #282828;\">T\u00f9y ch\u1ecdn treo ngang gi\u1ea3m thi\u1ec3u giao thoa v\u1edbi h\u1ecdng c\u00f2i 60 \u00b0 x 40 \u00b0<\/span><\/li>\n<li><span style=\"color: #282828;\">P\u00e1t treo c\u01a1 kh\u00ed \u0111\u01a1n gi\u1ea3n, kh\u00f4ng c\u1ea7n d\u1ee5ng c\u1ee5<\/span><\/li>\n<li><span style=\"color: #282828;\">Ch\u1ee9c n\u0103ng Bi-amping<\/span><\/li>\n<li><span style=\"color: #282828;\">\u0110i\u1ec1u khi\u1ec3n b\u1eb1ng tay th\u00f4ng qua m\u00e0n h\u00ecnh, n\u00fat nh\u1ea5n v\u00e0 b\u1ed9 m\u00e3 h\u00f3a<\/span><\/li>\n<li><span style=\"color: #282828;\">\u0110i\u1ec1u khi\u1ec3n ph\u1ea7n m\u1ec1m qua Dante (M\u1ea1ng \u00e2m thanh k\u1ef9 thu\u1eadt s\u1ed1 qua Ethernet)<\/span><\/li>\n<\/ul>\n","protected":false},"featured_media":272,"comment_status":"closed","ping_status":"closed","template":"","meta":{"spay_email":""},"product_cat":[20],"product_tag":[],"class_list":{"0":"post-271","1":"product","2":"type-product","3":"status-publish","4":"has-post-thumbnail","6":"product_cat-modular-multifunction-loudspeaker-series","8":"first","9":"instock","10":"shipping-taxable","11":"product-type-simple"},"yoast_head":"<!-- This site is optimized with the Yoast SEO plugin v17.6 - https:\/\/yoast.com\/wordpress\/plugins\/seo\/ -->\n<title>Modular-15sp DDA - Voice-Acoustic<\/title>\n<meta name=\"robots\" content=\"index, follow, max-snippet:-1, max-image-preview:large, max-video-preview:-1\" \/>\n<link rel=\"canonical\" href=\"https:\/\/voice-acoustic.vn\/?product=modular-15sp-dda\" \/>\n<meta property=\"og:locale\" content=\"vi_VN\" \/>\n<meta property=\"og:type\" content=\"article\" \/>\n<meta property=\"og:title\" content=\"Modular-15sp DDA - Voice-Acoustic\" \/>\n<meta property=\"og:description\" content=\"Loa 15 &quot;\/ 1,4&quot; \u0111a ch\u1ee9c n\u0103ng m\u1edf r\u1ed9ng  Ampmodul 2 k\u00eanh 3,2 kW: 1 x 2,400 W + 1 x 800 W \u1edf 4 \u03a9  H\u1ecdng c\u00f2i s\u00f3ng \u00e2m c\u00f3 th\u1ec3 xoay 90 \u00b0 x 60 \u00b0 ho\u1eb7c 60 \u00b0 x 40 \u00b0  T\u00f9y ch\u1ecdn treo ngang gi\u1ea3m thi\u1ec3u giao thoa v\u1edbi h\u1ecdng c\u00f2i 60 \u00b0 x 40 \u00b0  P\u00e1t treo c\u01a1 kh\u00ed \u0111\u01a1n gi\u1ea3n, kh\u00f4ng c\u1ea7n d\u1ee5ng c\u1ee5  Ch\u1ee9c n\u0103ng Bi-amping  \u0110i\u1ec1u khi\u1ec3n b\u1eb1ng tay th\u00f4ng qua m\u00e0n h\u00ecnh, n\u00fat nh\u1ea5n v\u00e0 b\u1ed9 m\u00e3 h\u00f3a  \u0110i\u1ec1u khi\u1ec3n ph\u1ea7n m\u1ec1m qua Dante (M\u1ea1ng \u00e2m thanh k\u1ef9 thu\u1eadt s\u1ed1 qua Ethernet)\" \/>\n<meta property=\"og:url\" content=\"https:\/\/voice-acoustic.vn\/?product=modular-15sp-dda\" \/>\n<meta property=\"og:site_name\" content=\"Voice-Acoustic\" \/>\n<meta property=\"article:modified_time\" content=\"2022-01-27T02:27:10+00:00\" \/>\n<meta property=\"og:image\" content=\"https:\/\/voice-acoustic.vn\/wp-content\/uploads\/2021\/10\/voice-acoustic-modular-15sp-dda-teaser.png\" \/>\n\t<meta property=\"og:image:width\" content=\"400\" \/>\n\t<meta property=\"og:image:height\" content=\"320\" \/>\n<meta name=\"twitter:card\" content=\"summary_large_image\" \/>\n<meta name=\"twitter:label1\" content=\"\u01af\u1edbc t\u00ednh th\u1eddi gian \u0111\u1ecdc\" \/>\n\t<meta name=\"twitter:data1\" content=\"6 ph\u00fat\" \/>\n<script type=\"application\/ld+json\" class=\"yoast-schema-graph\">{\"@context\":\"https:\/\/schema.org\",\"@graph\":[{\"@type\":\"WebSite\",\"@id\":\"https:\/\/voice-acoustic.vn\/#website\",\"url\":\"https:\/\/voice-acoustic.vn\/\",\"name\":\"Voice-Acoustic\",\"description\":\"\",\"potentialAction\":[{\"@type\":\"SearchAction\",\"target\":{\"@type\":\"EntryPoint\",\"urlTemplate\":\"https:\/\/voice-acoustic.vn\/?s={search_term_string}\"},\"query-input\":\"required name=search_term_string\"}],\"inLanguage\":\"vi\"},{\"@type\":\"ImageObject\",\"@id\":\"https:\/\/voice-acoustic.vn\/?product=modular-15sp-dda#primaryimage\",\"inLanguage\":\"vi\",\"url\":\"https:\/\/voice-acoustic.vn\/wp-content\/uploads\/2021\/10\/voice-acoustic-modular-15sp-dda-teaser.png\",\"contentUrl\":\"https:\/\/voice-acoustic.vn\/wp-content\/uploads\/2021\/10\/voice-acoustic-modular-15sp-dda-teaser.png\",\"width\":400,\"height\":320},{\"@type\":\"WebPage\",\"@id\":\"https:\/\/voice-acoustic.vn\/?product=modular-15sp-dda#webpage\",\"url\":\"https:\/\/voice-acoustic.vn\/?product=modular-15sp-dda\",\"name\":\"Modular-15sp DDA - Voice-Acoustic\",\"isPartOf\":{\"@id\":\"https:\/\/voice-acoustic.vn\/#website\"},\"primaryImageOfPage\":{\"@id\":\"https:\/\/voice-acoustic.vn\/?product=modular-15sp-dda#primaryimage\"},\"datePublished\":\"2021-10-20T05:55:38+00:00\",\"dateModified\":\"2022-01-27T02:27:10+00:00\",\"breadcrumb\":{\"@id\":\"https:\/\/voice-acoustic.vn\/?product=modular-15sp-dda#breadcrumb\"},\"inLanguage\":\"vi\",\"potentialAction\":[{\"@type\":\"ReadAction\",\"target\":[\"https:\/\/voice-acoustic.vn\/?product=modular-15sp-dda\"]}]},{\"@type\":\"BreadcrumbList\",\"@id\":\"https:\/\/voice-acoustic.vn\/?product=modular-15sp-dda#breadcrumb\",\"itemListElement\":[{\"@type\":\"ListItem\",\"position\":1,\"name\":\"Trang ch\\u1ee7\",\"item\":\"https:\/\/voice-acoustic.vn\/\"},{\"@type\":\"ListItem\",\"position\":2,\"name\":\"..\",\"item\":\"https:\/\/voice-acoustic.vn\/?page_id=11\"},{\"@type\":\"ListItem\",\"position\":3,\"name\":\"Modular-15sp DDA\"}]}]}<\/script>\n<!-- \/ Yoast SEO plugin. -->","yoast_head_json":{"title":"Modular-15sp DDA - Voice-Acoustic","robots":{"index":"index","follow":"follow","max-snippet":"max-snippet:-1","max-image-preview":"max-image-preview:large","max-video-preview":"max-video-preview:-1"},"canonical":"https:\/\/voice-acoustic.vn\/?product=modular-15sp-dda","og_locale":"vi_VN","og_type":"article","og_title":"Modular-15sp DDA - Voice-Acoustic","og_description":"Loa 15 \"\/ 1,4\" \u0111a ch\u1ee9c n\u0103ng m\u1edf r\u1ed9ng  Ampmodul 2 k\u00eanh 3,2 kW: 1 x 2,400 W + 1 x 800 W \u1edf 4 \u03a9  H\u1ecdng c\u00f2i s\u00f3ng \u00e2m c\u00f3 th\u1ec3 xoay 90 \u00b0 x 60 \u00b0 ho\u1eb7c 60 \u00b0 x 40 \u00b0  T\u00f9y ch\u1ecdn treo ngang gi\u1ea3m thi\u1ec3u giao thoa v\u1edbi h\u1ecdng c\u00f2i 60 \u00b0 x 40 \u00b0  P\u00e1t treo c\u01a1 kh\u00ed \u0111\u01a1n gi\u1ea3n, kh\u00f4ng c\u1ea7n d\u1ee5ng c\u1ee5  Ch\u1ee9c n\u0103ng Bi-amping  \u0110i\u1ec1u khi\u1ec3n b\u1eb1ng tay th\u00f4ng qua m\u00e0n h\u00ecnh, n\u00fat nh\u1ea5n v\u00e0 b\u1ed9 m\u00e3 h\u00f3a  \u0110i\u1ec1u khi\u1ec3n ph\u1ea7n m\u1ec1m qua Dante (M\u1ea1ng \u00e2m thanh k\u1ef9 thu\u1eadt s\u1ed1 qua Ethernet)","og_url":"https:\/\/voice-acoustic.vn\/?product=modular-15sp-dda","og_site_name":"Voice-Acoustic","article_modified_time":"2022-01-27T02:27:10+00:00","og_image":[{"width":400,"height":320,"url":"https:\/\/voice-acoustic.vn\/wp-content\/uploads\/2021\/10\/voice-acoustic-modular-15sp-dda-teaser.png","type":"image\/png"}],"twitter_card":"summary_large_image","twitter_misc":{"\u01af\u1edbc t\u00ednh th\u1eddi gian \u0111\u1ecdc":"6 ph\u00fat"},"schema":{"@context":"https:\/\/schema.org","@graph":[{"@type":"WebSite","@id":"https:\/\/voice-acoustic.vn\/#website","url":"https:\/\/voice-acoustic.vn\/","name":"Voice-Acoustic","description":"","potentialAction":[{"@type":"SearchAction","target":{"@type":"EntryPoint","urlTemplate":"https:\/\/voice-acoustic.vn\/?s={search_term_string}"},"query-input":"required name=search_term_string"}],"inLanguage":"vi"},{"@type":"ImageObject","@id":"https:\/\/voice-acoustic.vn\/?product=modular-15sp-dda#primaryimage","inLanguage":"vi","url":"https:\/\/voice-acoustic.vn\/wp-content\/uploads\/2021\/10\/voice-acoustic-modular-15sp-dda-teaser.png","contentUrl":"https:\/\/voice-acoustic.vn\/wp-content\/uploads\/2021\/10\/voice-acoustic-modular-15sp-dda-teaser.png","width":400,"height":320},{"@type":"WebPage","@id":"https:\/\/voice-acoustic.vn\/?product=modular-15sp-dda#webpage","url":"https:\/\/voice-acoustic.vn\/?product=modular-15sp-dda","name":"Modular-15sp DDA - Voice-Acoustic","isPartOf":{"@id":"https:\/\/voice-acoustic.vn\/#website"},"primaryImageOfPage":{"@id":"https:\/\/voice-acoustic.vn\/?product=modular-15sp-dda#primaryimage"},"datePublished":"2021-10-20T05:55:38+00:00","dateModified":"2022-01-27T02:27:10+00:00","breadcrumb":{"@id":"https:\/\/voice-acoustic.vn\/?product=modular-15sp-dda#breadcrumb"},"inLanguage":"vi","potentialAction":[{"@type":"ReadAction","target":["https:\/\/voice-acoustic.vn\/?product=modular-15sp-dda"]}]},{"@type":"BreadcrumbList","@id":"https:\/\/voice-acoustic.vn\/?product=modular-15sp-dda#breadcrumb","itemListElement":[{"@type":"ListItem","position":1,"name":"Trang ch\u1ee7","item":"https:\/\/voice-acoustic.vn\/"},{"@type":"ListItem","position":2,"name":"..","item":"https:\/\/voice-acoustic.vn\/?page_id=11"},{"@type":"ListItem","position":3,"name":"Modular-15sp DDA"}]}]}},"_links":{"self":[{"href":"https:\/\/voice-acoustic.vn\/index.php?rest_route=\/wp\/v2\/product\/271","targetHints":{"allow":["GET"]}}],"collection":[{"href":"https:\/\/voice-acoustic.vn\/index.php?rest_route=\/wp\/v2\/product"}],"about":[{"href":"https:\/\/voice-acoustic.vn\/index.php?rest_route=\/wp\/v2\/types\/product"}],"replies":[{"embeddable":true,"href":"https:\/\/voice-acoustic.vn\/index.php?rest_route=%2Fwp%2Fv2%2Fcomments&post=271"}],"wp:featuredmedia":[{"embeddable":true,"href":"https:\/\/voice-acoustic.vn\/index.php?rest_route=\/wp\/v2\/media\/272"}],"wp:attachment":[{"href":"https:\/\/voice-acoustic.vn\/index.php?rest_route=%2Fwp%2Fv2%2Fmedia&parent=271"}],"wp:term":[{"taxonomy":"product_cat","embeddable":true,"href":"https:\/\/voice-acoustic.vn\/index.php?rest_route=%2Fwp%2Fv2%2Fproduct_cat&post=271"},{"taxonomy":"product_tag","embeddable":true,"href":"https:\/\/voice-acoustic.vn\/index.php?rest_route=%2Fwp%2Fv2%2Fproduct_tag&post=271"}],"curies":[{"name":"wp","href":"https:\/\/api.w.org\/{rel}","templated":true}]}}