{"id":467,"date":"2021-10-26T02:34:41","date_gmt":"2021-10-26T02:34:41","guid":{"rendered":"https:\/\/voice-acoustic.vn\/?post_type=product&#038;p=467"},"modified":"2022-01-27T15:35:31","modified_gmt":"2022-01-27T08:35:31","slug":"ikarray-12","status":"publish","type":"product","link":"https:\/\/voice-acoustic.vn\/?product=ikarray-12","title":{"rendered":"Ikarray-12"},"content":{"rendered":"<p>Ikarray-12 l\u00e0 m\u1ea3ng d\u00f2ng to\u00e0n d\u1ea3i bi-amping 2 chi\u1ec1u v\u1edbi c\u00e1c th\u00e0nh ph\u1ea7n neodymium 12&#8243; \/ 1.4&#8243; ch\u1ea5t l\u01b0\u1ee3ng cao. Thi\u1ebft b\u1ecb nh\u1eb9, nh\u1ecf g\u1ecdn v\u1edbi nhi\u1ec1u gi\u1ea3i ph\u00e1p chi ti\u1ebft th\u00f4ng minh n\u00e0y ph\u00f9 h\u1ee3p cho m\u1ecdi th\u1ee9, t\u1eeb c\u00e1c s\u1ef1 ki\u1ec7n nh\u1ecf cho \u0111\u1ebfn c\u00e1c \u0111\u1ecba \u0111i\u1ec3m l\u1edbn v\u1edbi nhi\u1ec1u ngh\u00ecn ng\u01b0\u1eddi nghe.<\/p>\n<p>So v\u1edbi nhi\u1ec1u m\u1ea3ng kh\u00e1c c\u00f9ng k\u00edch th\u01b0\u1edbc, Ikarray-12 c\u00f3 \u00e2m thanh \u1ea5m \u00e1p v\u1edbi \u00e2m trung tr\u1ea7m m\u1ea1nh m\u1ebd cho ph\u00e9p d\u00e3y ph\u00e2n t\u1ea7n X-Over th\u1ea5p. Nh\u1edd \u0111\u00f3, Ikarray-12 c\u00f3 th\u1ec3 \u0111\u01b0\u1ee3c s\u1eed d\u1ee5ng cho nhi\u1ec1u m\u1ee5c \u0111\u00edch m\u00e0 kh\u00f4ng c\u1ea7n loa si\u00eau tr\u1ea7m.<\/p>\n<h3>\u0110i\u1ec1u khi\u1ec3n<\/h3>\n<p>Ikarray-12 \u0111\u01b0\u1ee3c v\u1eadn h\u00e0nh tr\u00ean hai k\u00eanh c\u1ee7a b\u1ed9 khu\u1ebfch \u0111\u1ea1i HDSP-6.\u00a0B\u1eb1ng c\u00e1ch n\u00e0y, c\u1ea3 hai k\u00eanh c\u00f3 th\u1ec3 \u0111\u01b0\u1ee3c gi\u1edbi h\u1ea1n, l\u1ecdc, t\u00e1ch kh\u1ecfi nhau v\u00e0 b\u00f9 cho s\u1ef1 ch\u00eanh l\u1ec7ch v\u1ec1 th\u1eddi gian.<\/p>\n<p>Loa tr\u1ea7m v\u00e0 loa tweeter c\u00f3 \u0111i\u1ec7n tr\u1edf 16\u03a9.<\/p>\n<p>T\u1ed1i \u0111a 4 Ikarray-12 c\u00f3 th\u1ec3 s\u1eed d\u1ee5ng ph\u00edch c\u1eafm 4 ch\u00e2n. C\u00e1p \u0111\u01b0\u1ee3c m\u1eafc n\u1ed1i ti\u1ebfp v\u00e0 ho\u1ea1t \u0111\u1ed9ng song song b\u1edfi c\u00f9ng m\u1ed9t k\u00eanh khu\u1ebfch \u0111\u1ea1i \u1edf 4\u03a9.<\/p>\n<p>&nbsp;<\/p>\n<p>&nbsp;<\/p>\n<p><a href=\"https:\/\/voice-acoustic.vn\/wp-content\/uploads\/2021\/11\/voice-acoustic-ikarray-12-bi-amping-ueber-hdsp-6.jpg\"><img loading=\"lazy\" decoding=\"async\" class=\"aligncenter wp-image-868 \" src=\"https:\/\/voice-acoustic.vn\/wp-content\/uploads\/2021\/11\/voice-acoustic-ikarray-12-bi-amping-ueber-hdsp-6.jpg\" alt=\"\" width=\"599\" height=\"374\" srcset=\"https:\/\/voice-acoustic.vn\/wp-content\/uploads\/2021\/11\/voice-acoustic-ikarray-12-bi-amping-ueber-hdsp-6.jpg 791w, https:\/\/voice-acoustic.vn\/wp-content\/uploads\/2021\/11\/voice-acoustic-ikarray-12-bi-amping-ueber-hdsp-6-300x187.jpg 300w, https:\/\/voice-acoustic.vn\/wp-content\/uploads\/2021\/11\/voice-acoustic-ikarray-12-bi-amping-ueber-hdsp-6-768x480.jpg 768w, https:\/\/voice-acoustic.vn\/wp-content\/uploads\/2021\/11\/voice-acoustic-ikarray-12-bi-amping-ueber-hdsp-6-400x250.jpg 400w, https:\/\/voice-acoustic.vn\/wp-content\/uploads\/2021\/11\/voice-acoustic-ikarray-12-bi-amping-ueber-hdsp-6-600x375.jpg 600w\" sizes=\"auto, (max-width: 599px) 100vw, 599px\" \/><\/a><\/p>\n<p style=\"text-align: center;\"><span style=\"font-size: 75%; color: #ed1c24;\">Ikarray-12 bi-amping qua HDSP-6<\/span><\/p>\n<p>&nbsp;<\/p>\n<p>&nbsp;<\/p>\n<p>&nbsp;<\/p>\n<p><a href=\"https:\/\/voice-acoustic.vn\/wp-content\/uploads\/2021\/10\/voice-acoustic-ikarray-12-cad-001.jpg\"><img loading=\"lazy\" decoding=\"async\" class=\"wp-image-869 alignright\" src=\"https:\/\/voice-acoustic.vn\/wp-content\/uploads\/2021\/10\/voice-acoustic-ikarray-12-cad-001-300x245.jpg\" alt=\"\" width=\"536\" height=\"438\" srcset=\"https:\/\/voice-acoustic.vn\/wp-content\/uploads\/2021\/10\/voice-acoustic-ikarray-12-cad-001-300x245.jpg 300w, https:\/\/voice-acoustic.vn\/wp-content\/uploads\/2021\/10\/voice-acoustic-ikarray-12-cad-001-1024x835.jpg 1024w, https:\/\/voice-acoustic.vn\/wp-content\/uploads\/2021\/10\/voice-acoustic-ikarray-12-cad-001-768x626.jpg 768w, https:\/\/voice-acoustic.vn\/wp-content\/uploads\/2021\/10\/voice-acoustic-ikarray-12-cad-001-1536x1252.jpg 1536w, https:\/\/voice-acoustic.vn\/wp-content\/uploads\/2021\/10\/voice-acoustic-ikarray-12-cad-001-2048x1669.jpg 2048w, https:\/\/voice-acoustic.vn\/wp-content\/uploads\/2021\/10\/voice-acoustic-ikarray-12-cad-001-1320x1076.jpg 1320w, https:\/\/voice-acoustic.vn\/wp-content\/uploads\/2021\/10\/voice-acoustic-ikarray-12-cad-001-400x326.jpg 400w, https:\/\/voice-acoustic.vn\/wp-content\/uploads\/2021\/10\/voice-acoustic-ikarray-12-cad-001-600x489.jpg 600w\" sizes=\"auto, (max-width: 536px) 100vw, 536px\" \/><\/a><\/p>\n<p><span style=\"font-size: 23.04px; color: #ed1c24;\">Th\u00f4ng s\u1ed1 k\u1ef9 thu\u1eadt<\/span><\/p>\n<div class=\"rs-columns ce_rs_columns_start\">\n<div class=\"rs-column -large-col-2-1 -large-first -large-first-row -medium-col-2-1 -medium-first -medium-first-row -small-col-1-1 -small-first -small-last -small-first-row\">\n<div class=\"ce_text block\">\n<p><strong>Drivers<\/strong><br \/>\nLF: Neo, 1 x 12&#8243; cu\u1ed9n d\u00e2y \u00e2m 3&#8243;<br \/>\nHF: Neo, 1 x 1.4 &#8221;\u00a0 cu\u1ed9n d\u00e2y \u00e2m 3&#8243; tr\u00ean b\u1ed9 t\u1ea1o s\u00f3ng k\u00e9p \u0111\u00f4i<\/p>\n<p><strong>D\u1ea3i t\u1ea7n<\/strong><br \/>\n49 Hz &#8211; 18,5 kHz (- 10dB)<br \/>\n62 Hz &#8211; 17 kHz (+\/- 3dB)<\/p>\n<p><strong>G\u00f3c ph\u1ee7 \u00e2m (hxv)<\/strong><br \/>\n100\u00b0 x 6\u00b0<\/p>\n<p><strong>Tr\u1edf kh\u00e1ng<\/strong><br \/>\n16\u03a9<\/p>\n<p><strong>C\u00f4ng su\u1ea5t<\/strong><strong>(AES\/Program\/Peak)<\/strong><\/p>\n<p>LF: 400W \/ 800W \/ 1600W<br \/>\nHF: 110W \/ 220W \/ 440W<\/p>\n<p><strong>\u0110\u1ed9 nh\u1ea1y 1W \/ 1m<\/strong><br \/>\nLF: 98dB SPL<br \/>\nHF: 111dB SPL<\/p>\n<p><strong>C\u01b0\u1eddng \u0111\u1ed9 \u00e1p su\u1ea5t \u00e2m thanh (AES\/Program\/Peak)<\/strong><br \/>\n130dB SPL \/ 133dB SPL \/ 136dB SPL<\/p>\n<p><strong>K\u1ebft n\u1ed1i<\/strong><br \/>\n2 x NEUTRIK NL4 IN \/ OUT 1 +\/- (4-pole looped-through)<\/p>\n<p><strong>S\u01a1n ph\u1ee7<\/strong><br \/>\nS\u01a1n ph\u1ee7 Polyurea, m\u00e3 s\u1ed1 RAL 9005<\/p>\n<p><strong>K\u00edch th\u01b0\u1edbc \/ Tr\u1ecdng l\u01b0\u1ee3ng<\/strong><br \/>\n325 (H) x 605 (W) x 520 mm (D) \/ 27.9 kg<\/p>\n<\/div>\n<\/div>\n<\/div>\n","protected":false},"excerpt":{"rendered":"<ul class=\"ul_style_check\">\n<li>12&#8243;\/1.4&#8243; scalable line array, bi-amping<\/li>\n<li><span style=\"vertical-align: inherit;\">Ph\u1ea1m vi ph\u1ee7 s\u00f3ng 100\u00b0 x 6\u00b0<\/span><\/li>\n<li><span style=\"vertical-align: inherit;\">Kh\u1edbp n\u1ed1i t\u1ed1i \u01b0u v\u1edbi nhau b\u1eb1ng b\u1ed9 t\u1ea1o s\u00f3ng k\u00e9p<\/span><\/li>\n<li><span style=\"vertical-align: inherit;\">\u0110i\u1ec1u ch\u1ec9nh tr\u1ee5c ch\u00ednh c\u00f3 th\u1ec3 bi\u1ebfn \u0111\u1ed5i v\u00f4 h\u1ea1n \u0111\u1ec3 \u0111i\u1ec1u ch\u1ec9nh g\u00f3c c\u1ee7a c\u00e1c ph\u1ea7n t\u1eed ch\u1ecbu t\u1ea3i<\/span><\/li>\n<li><span style=\"vertical-align: inherit;\">Nh\u1ea5p v\u00e0o c\u01a1 h\u1ecdc Easyfly, h\u1ec7 th\u1ed1ng treo thanh l\u1ecbch ch\u1ec9 trong m\u1ed9t thao t\u00e1c<\/span><\/li>\n<li><span style=\"vertical-align: inherit;\">K\u00edch th\u01b0\u1edbc xe t\u1ea3i ch\u1ec9 60.5 cm<\/span><\/li>\n<li>EASE Focus 3 licensed<\/li>\n<\/ul>\n","protected":false},"featured_media":468,"comment_status":"closed","ping_status":"closed","template":"","meta":{"spay_email":""},"product_cat":[19],"product_tag":[],"class_list":{"0":"post-467","1":"product","2":"type-product","3":"status-publish","4":"has-post-thumbnail","6":"product_cat-ikarray-line-array-systeme","8":"first","9":"instock","10":"shipping-taxable","11":"product-type-simple"},"yoast_head":"<!-- This site is optimized with the Yoast SEO plugin v17.6 - https:\/\/yoast.com\/wordpress\/plugins\/seo\/ -->\n<title>Ikarray-12 - Voice-Acoustic<\/title>\n<meta name=\"robots\" content=\"index, follow, max-snippet:-1, max-image-preview:large, max-video-preview:-1\" \/>\n<link rel=\"canonical\" href=\"https:\/\/voice-acoustic.vn\/?product=ikarray-12\" \/>\n<meta property=\"og:locale\" content=\"vi_VN\" \/>\n<meta property=\"og:type\" content=\"article\" \/>\n<meta property=\"og:title\" content=\"Ikarray-12 - Voice-Acoustic\" \/>\n<meta property=\"og:description\" content=\"12&quot;\/1.4&quot; scalable line array, bi-amping  Ph\u1ea1m vi ph\u1ee7 s\u00f3ng 100\u00b0 x 6\u00b0  Kh\u1edbp n\u1ed1i t\u1ed1i \u01b0u v\u1edbi nhau b\u1eb1ng b\u1ed9 t\u1ea1o s\u00f3ng k\u00e9p  \u0110i\u1ec1u ch\u1ec9nh tr\u1ee5c ch\u00ednh c\u00f3 th\u1ec3 bi\u1ebfn \u0111\u1ed5i v\u00f4 h\u1ea1n \u0111\u1ec3 \u0111i\u1ec1u ch\u1ec9nh g\u00f3c c\u1ee7a c\u00e1c ph\u1ea7n t\u1eed ch\u1ecbu t\u1ea3i  Nh\u1ea5p v\u00e0o c\u01a1 h\u1ecdc Easyfly, h\u1ec7 th\u1ed1ng treo thanh l\u1ecbch ch\u1ec9 trong m\u1ed9t thao t\u00e1c  K\u00edch th\u01b0\u1edbc xe t\u1ea3i ch\u1ec9 60.5 cm  EASE Focus 3 licensed\" \/>\n<meta property=\"og:url\" content=\"https:\/\/voice-acoustic.vn\/?product=ikarray-12\" \/>\n<meta property=\"og:site_name\" content=\"Voice-Acoustic\" \/>\n<meta property=\"article:modified_time\" content=\"2022-01-27T08:35:31+00:00\" \/>\n<meta property=\"og:image\" content=\"https:\/\/voice-acoustic.vn\/wp-content\/uploads\/2021\/10\/voice-acoustic-ikarray-12-teaser.png\" \/>\n\t<meta property=\"og:image:width\" content=\"400\" \/>\n\t<meta property=\"og:image:height\" content=\"320\" \/>\n<meta name=\"twitter:card\" content=\"summary_large_image\" \/>\n<meta name=\"twitter:label1\" content=\"\u01af\u1edbc t\u00ednh th\u1eddi gian \u0111\u1ecdc\" \/>\n\t<meta name=\"twitter:data1\" content=\"2 ph\u00fat\" \/>\n<script type=\"application\/ld+json\" class=\"yoast-schema-graph\">{\"@context\":\"https:\/\/schema.org\",\"@graph\":[{\"@type\":\"WebSite\",\"@id\":\"https:\/\/voice-acoustic.vn\/#website\",\"url\":\"https:\/\/voice-acoustic.vn\/\",\"name\":\"Voice-Acoustic\",\"description\":\"\",\"potentialAction\":[{\"@type\":\"SearchAction\",\"target\":{\"@type\":\"EntryPoint\",\"urlTemplate\":\"https:\/\/voice-acoustic.vn\/?s={search_term_string}\"},\"query-input\":\"required name=search_term_string\"}],\"inLanguage\":\"vi\"},{\"@type\":\"ImageObject\",\"@id\":\"https:\/\/voice-acoustic.vn\/?product=ikarray-12#primaryimage\",\"inLanguage\":\"vi\",\"url\":\"https:\/\/voice-acoustic.vn\/wp-content\/uploads\/2021\/10\/voice-acoustic-ikarray-12-teaser.png\",\"contentUrl\":\"https:\/\/voice-acoustic.vn\/wp-content\/uploads\/2021\/10\/voice-acoustic-ikarray-12-teaser.png\",\"width\":400,\"height\":320},{\"@type\":\"WebPage\",\"@id\":\"https:\/\/voice-acoustic.vn\/?product=ikarray-12#webpage\",\"url\":\"https:\/\/voice-acoustic.vn\/?product=ikarray-12\",\"name\":\"Ikarray-12 - Voice-Acoustic\",\"isPartOf\":{\"@id\":\"https:\/\/voice-acoustic.vn\/#website\"},\"primaryImageOfPage\":{\"@id\":\"https:\/\/voice-acoustic.vn\/?product=ikarray-12#primaryimage\"},\"datePublished\":\"2021-10-26T02:34:41+00:00\",\"dateModified\":\"2022-01-27T08:35:31+00:00\",\"breadcrumb\":{\"@id\":\"https:\/\/voice-acoustic.vn\/?product=ikarray-12#breadcrumb\"},\"inLanguage\":\"vi\",\"potentialAction\":[{\"@type\":\"ReadAction\",\"target\":[\"https:\/\/voice-acoustic.vn\/?product=ikarray-12\"]}]},{\"@type\":\"BreadcrumbList\",\"@id\":\"https:\/\/voice-acoustic.vn\/?product=ikarray-12#breadcrumb\",\"itemListElement\":[{\"@type\":\"ListItem\",\"position\":1,\"name\":\"Trang ch\\u1ee7\",\"item\":\"https:\/\/voice-acoustic.vn\/\"},{\"@type\":\"ListItem\",\"position\":2,\"name\":\"..\",\"item\":\"https:\/\/voice-acoustic.vn\/?page_id=11\"},{\"@type\":\"ListItem\",\"position\":3,\"name\":\"Ikarray-12\"}]}]}<\/script>\n<!-- \/ Yoast SEO plugin. -->","yoast_head_json":{"title":"Ikarray-12 - Voice-Acoustic","robots":{"index":"index","follow":"follow","max-snippet":"max-snippet:-1","max-image-preview":"max-image-preview:large","max-video-preview":"max-video-preview:-1"},"canonical":"https:\/\/voice-acoustic.vn\/?product=ikarray-12","og_locale":"vi_VN","og_type":"article","og_title":"Ikarray-12 - Voice-Acoustic","og_description":"12\"\/1.4\" scalable line array, bi-amping  Ph\u1ea1m vi ph\u1ee7 s\u00f3ng 100\u00b0 x 6\u00b0  Kh\u1edbp n\u1ed1i t\u1ed1i \u01b0u v\u1edbi nhau b\u1eb1ng b\u1ed9 t\u1ea1o s\u00f3ng k\u00e9p  \u0110i\u1ec1u ch\u1ec9nh tr\u1ee5c ch\u00ednh c\u00f3 th\u1ec3 bi\u1ebfn \u0111\u1ed5i v\u00f4 h\u1ea1n \u0111\u1ec3 \u0111i\u1ec1u ch\u1ec9nh g\u00f3c c\u1ee7a c\u00e1c ph\u1ea7n t\u1eed ch\u1ecbu t\u1ea3i  Nh\u1ea5p v\u00e0o c\u01a1 h\u1ecdc Easyfly, h\u1ec7 th\u1ed1ng treo thanh l\u1ecbch ch\u1ec9 trong m\u1ed9t thao t\u00e1c  K\u00edch th\u01b0\u1edbc xe t\u1ea3i ch\u1ec9 60.5 cm  EASE Focus 3 licensed","og_url":"https:\/\/voice-acoustic.vn\/?product=ikarray-12","og_site_name":"Voice-Acoustic","article_modified_time":"2022-01-27T08:35:31+00:00","og_image":[{"width":400,"height":320,"url":"https:\/\/voice-acoustic.vn\/wp-content\/uploads\/2021\/10\/voice-acoustic-ikarray-12-teaser.png","type":"image\/png"}],"twitter_card":"summary_large_image","twitter_misc":{"\u01af\u1edbc t\u00ednh th\u1eddi gian \u0111\u1ecdc":"2 ph\u00fat"},"schema":{"@context":"https:\/\/schema.org","@graph":[{"@type":"WebSite","@id":"https:\/\/voice-acoustic.vn\/#website","url":"https:\/\/voice-acoustic.vn\/","name":"Voice-Acoustic","description":"","potentialAction":[{"@type":"SearchAction","target":{"@type":"EntryPoint","urlTemplate":"https:\/\/voice-acoustic.vn\/?s={search_term_string}"},"query-input":"required name=search_term_string"}],"inLanguage":"vi"},{"@type":"ImageObject","@id":"https:\/\/voice-acoustic.vn\/?product=ikarray-12#primaryimage","inLanguage":"vi","url":"https:\/\/voice-acoustic.vn\/wp-content\/uploads\/2021\/10\/voice-acoustic-ikarray-12-teaser.png","contentUrl":"https:\/\/voice-acoustic.vn\/wp-content\/uploads\/2021\/10\/voice-acoustic-ikarray-12-teaser.png","width":400,"height":320},{"@type":"WebPage","@id":"https:\/\/voice-acoustic.vn\/?product=ikarray-12#webpage","url":"https:\/\/voice-acoustic.vn\/?product=ikarray-12","name":"Ikarray-12 - Voice-Acoustic","isPartOf":{"@id":"https:\/\/voice-acoustic.vn\/#website"},"primaryImageOfPage":{"@id":"https:\/\/voice-acoustic.vn\/?product=ikarray-12#primaryimage"},"datePublished":"2021-10-26T02:34:41+00:00","dateModified":"2022-01-27T08:35:31+00:00","breadcrumb":{"@id":"https:\/\/voice-acoustic.vn\/?product=ikarray-12#breadcrumb"},"inLanguage":"vi","potentialAction":[{"@type":"ReadAction","target":["https:\/\/voice-acoustic.vn\/?product=ikarray-12"]}]},{"@type":"BreadcrumbList","@id":"https:\/\/voice-acoustic.vn\/?product=ikarray-12#breadcrumb","itemListElement":[{"@type":"ListItem","position":1,"name":"Trang ch\u1ee7","item":"https:\/\/voice-acoustic.vn\/"},{"@type":"ListItem","position":2,"name":"..","item":"https:\/\/voice-acoustic.vn\/?page_id=11"},{"@type":"ListItem","position":3,"name":"Ikarray-12"}]}]}},"_links":{"self":[{"href":"https:\/\/voice-acoustic.vn\/index.php?rest_route=\/wp\/v2\/product\/467","targetHints":{"allow":["GET"]}}],"collection":[{"href":"https:\/\/voice-acoustic.vn\/index.php?rest_route=\/wp\/v2\/product"}],"about":[{"href":"https:\/\/voice-acoustic.vn\/index.php?rest_route=\/wp\/v2\/types\/product"}],"replies":[{"embeddable":true,"href":"https:\/\/voice-acoustic.vn\/index.php?rest_route=%2Fwp%2Fv2%2Fcomments&post=467"}],"wp:featuredmedia":[{"embeddable":true,"href":"https:\/\/voice-acoustic.vn\/index.php?rest_route=\/wp\/v2\/media\/468"}],"wp:attachment":[{"href":"https:\/\/voice-acoustic.vn\/index.php?rest_route=%2Fwp%2Fv2%2Fmedia&parent=467"}],"wp:term":[{"taxonomy":"product_cat","embeddable":true,"href":"https:\/\/voice-acoustic.vn\/index.php?rest_route=%2Fwp%2Fv2%2Fproduct_cat&post=467"},{"taxonomy":"product_tag","embeddable":true,"href":"https:\/\/voice-acoustic.vn\/index.php?rest_route=%2Fwp%2Fv2%2Fproduct_tag&post=467"}],"curies":[{"name":"wp","href":"https:\/\/api.w.org\/{rel}","templated":true}]}}