{"id":901,"date":"2021-12-01T13:52:56","date_gmt":"2021-12-01T06:52:56","guid":{"rendered":"https:\/\/voice-acoustic.vn\/?post_type=product&#038;p=901"},"modified":"2022-02-16T16:39:56","modified_gmt":"2022-02-16T09:39:56","slug":"aleasub-10-media-set","status":"publish","type":"product","link":"https:\/\/voice-acoustic.vn\/?product=aleasub-10-media-set","title":{"rendered":"Aleasub-10 Media Set"},"content":{"rendered":"<div class=\"rs-column -large-col-2-1 -large-first -large-first-row -medium-col-2-1 -medium-first -medium-first-row -small-col-1-1 -small-first -small-last -small-first-row\">\n<div class=\"ce_text block\">\n<div class=\"rs-column -large-col-2-1 -large-first -large-first-row -medium-col-2-1 -medium-first -medium-first-row -small-col-1-1 -small-first -small-last -small-first-row\">\n<div class=\"ce_text block\">\n<p>B\u1ed9 khu\u1ebfch \u0111\u1ea1i HDSP-3 l\u00e0 tr\u00e1i tim c\u1ee7a h\u1ec7 th\u1ed1ng v\u1ec7 tinh c\u1eafm &amp; ch\u1ea1y Aleasub-10 Media Set.\u00a0T\u1ea5t c\u1ea3 c\u00e1c th\u00e0nh ph\u1ea7n \u0111\u01b0\u1ee3c kh\u1edbp v\u1edbi nhau v\u00e0 \u0111\u01b0\u1ee3c \u0111i\u1ec1u ch\u1ec9nh v\u00e0 gi\u1edbi h\u1ea1n th\u00f4ng qua h\u1ec7 th\u1ed1ng qu\u1ea3n l\u00fd loa t\u00edch h\u1ee3p (DSP).\u00a0\u00c2m thanh v\u1eeba v\u1eb7n ngay l\u1eadp t\u1ee9c m\u00e0 kh\u00f4ng c\u1ea7n ph\u1ea3i \u0111i\u1ec1u ch\u1ec9nh th\u00eam.<\/p>\n<p>M\u1ed9t s\u1ed1 ch\u1ee9c n\u0103ng, t\u00f9y ch\u1ecdn truy c\u1eadp v\u00e0 c\u00e0i \u0111\u1eb7t DSP c\u0169ng c\u00f3 s\u1eb5n cho k\u1ef9 thu\u1eadt vi\u00ean c\u00f3 kinh nghi\u1ec7m v\u00e0 chuy\u00ean gia \u00e2m thanh. H\u1ea7u h\u1ebft t\u1ea5t c\u1ea3 c\u00e1c tham s\u1ed1 c\u00f3 th\u1ec3 \u0111\u01b0\u1ee3c truy c\u1eadp th\u00f4ng qua m\u00e0n h\u00ecnh, n\u00fat, ngay c\u1ea3 khi kh\u00f4ng c\u00f3 \u0111i\u1ec1u khi\u1ec3n PC. C\u00e1c ch\u1ee9c n\u0103ng c\u00f3 th\u1ec3 \u0111\u01b0\u1ee3c kh\u00f3a b\u1eb1ng m\u1eadt kh\u1ea9u \u0111\u1ec3 ng\u0103n truy c\u1eadp tr\u00e1i ph\u00e9p. C\u00f3 th\u1ec3 d\u1ec5 d\u00e0ng t\u1ea1o c\u00e1c c\u1ea5u h\u00ecnh ph\u1ee9c t\u1ea1p tr\u00ean b\u1ec1 m\u1eb7t PC th\u00f4ng qua giao di\u1ec7n Ethernet ho\u1eb7c USB. Ph\u1ea7n m\u1ec1m \u0111i\u1ec1u khi\u1ec3n t\u1eeb xa VA cho PC v\u00e0 Mac \u0111\u01b0\u1ee3c s\u1eed d\u1ee5ng cho vi\u1ec7c n\u00e0y. \u00dd t\u01b0\u1edfng \u00e2m thanh c\u1ee7a ri\u00eang b\u1ea1n v\u00e0 ch\u1ec9nh s\u1eeda ph\u00f2ng c\u00f3 th\u1ec3 \u0111\u01b0\u1ee3c l\u01b0u d\u01b0\u1edbi d\u1ea1ng c\u00e0i \u0111\u1eb7t tr\u01b0\u1edbc v\u00e0 g\u1ecdi l\u1ea1i b\u1ea5t k\u1ef3 l\u00fac n\u00e0o.<\/p>\n<p>Loa nh\u1ecf g\u1ecdn Alea-4 g\u00e2y \u1ea5n t\u01b0\u1ee3ng v\u1edbi thi\u1ebft k\u1ebf trang nh\u00e3 v\u1edbi hi\u1ec7u su\u1ea5t cao v\u00e0 \u0111\u00e1p tuy\u1ebfn t\u1ea7n s\u1ed1 tuy\u1ebfn t\u00ednh v\u1edbi k\u00edch th\u01b0\u1edbc th\u00f9ng loa nh\u1ecf nh\u1ea5t.\u00a0N\u00f3 l\u00fd t\u01b0\u1edfng cho nhi\u1ec1u lo\u1ea1i \u1ee9ng d\u1ee5ng phi t\u1eadp trung nh\u01b0 m\u1ed9t h\u1ec7 th\u1ed1ng ch\u00ednh ho\u1eb7c b\u1ed5 sung.<\/p>\n<p>neodymium 4 &#8220;tr\u1ecdng l\u01b0\u1ee3ng nh\u1eb9 kh\u00f4ng th\u1ea5m n\u01b0\u1edbc. Alea-4 c\u0169ng c\u00f3 th\u1ec3 \u0111\u01b0\u1ee3c s\u1eed d\u1ee5ng trong m\u00f4i tr\u01b0\u1eddng c\u00f3 \u0111\u1ed9 \u1ea9m r\u1ea5t cao v\u00e0 t\u1ea1m th\u1eddi d\u01b0\u1edbi tr\u1eddi m\u01b0a. Hai thi\u1ebft b\u1ecb \u0111\u1ea7u cu\u1ed1i Neutrik Speakon v\u00e0 Phoenix Contact 4 ch\u00e2n song song c\u00f3 s\u1eb5n \u0111\u1ec3 k\u1ebft n\u1ed1i.<\/p>\n<p>Aleasub-10 l\u00e0 m\u1ed9t \u00e2m tr\u1ea7m ph\u00f9 h\u1ee3p v\u1edbi Alea-4 v\u00e0 l\u00e0m tr\u00f2n n\u00f3 \u1edf d\u1ea3i t\u1ea7n s\u1ed1 th\u1ea5p.\u00a0N\u00f3 l\u00e0 m\u1ed9t loa si\u00eau tr\u1ea7m ph\u1ea3n x\u1ea1 \u00e2m tr\u1ea7m c\u0169ng \u0111\u00e1p \u1ee9ng c\u00e1c y\u00eau c\u1ea7u v\u1ec1 h\u00ecnh \u1ea3nh nh\u1edd thi\u1ebft k\u1ebf thanh l\u1ecbch v\u00e0 hi\u1ec7n \u0111\u1ea1i.\u00a0Ngo\u00e0i ra, n\u00f3 c\u00f2n thuy\u1ebft ph\u1ee5c v\u1edbi hi\u1ec7u qu\u1ea3 cao v\u00e0 chi\u1ec1u s\u00e2u v\u1edbi \u0111\u1eb7c t\u00ednh truy\u1ec1n t\u1ea3i r\u1ea5t r\u00f5 r\u00e0ng v\u00e0 chi ti\u1ebft v\u1edbi k\u00edch th\u01b0\u1edbc v\u1ecf nh\u1ecf nh\u1ea5t.<\/p>\n<\/div>\n<\/div>\n<div class=\"ce_rs_column_start rs-column -large-col-2-1 -large-last -large-first-row -medium-col-2-1 -medium-last -medium-first-row -small-col-1-1 -small-first -small-last\">\n<div class=\"ce_text block\">\n<p>Kh\u1ea3 n\u0103ng m\u1edf r\u1ed9ng, x\u1eed l\u00fd d\u1ec5 d\u00e0ng v\u00e0 c\u00e1c ph\u1ee5 ki\u1ec7n m\u1edf r\u1ed9ng, \u0111\u01b0\u1ee3c c\u00e2n nh\u1eafc k\u1ef9 l\u01b0\u1ee1ng \u0111\u00e3 l\u00e0m n\u1ed5i b\u1eadt B\u1ed9 ph\u01b0\u01a1ng ti\u1ec7n Aleasub-10 v\u00e0 l\u00e0m cho n\u00f3 tr\u1edf th\u00e0nh m\u1ed9t PA mini nh\u1ecf g\u1ecdn v\u00e0 h\u1ea5p d\u1eabn v\u1ec1 m\u1eb7t h\u00ecnh \u1ea3nh<\/p>\n<\/div>\n<\/div>\n<\/div>\n<\/div>\n<div class=\"ce_rs_column_start rs-column -large-col-2-1 -large-last -large-first-row -medium-col-2-1 -medium-last -medium-first-row -small-col-1-1 -small-first -small-last\">\n<p>&nbsp;<\/p>\n<p><a href=\"https:\/\/voice-acoustic.vn\/wp-content\/uploads\/2021\/12\/voice-acoustic-aleasub-10-media-set.jpg\"><img loading=\"lazy\" decoding=\"async\" class=\"size-medium wp-image-903 aligncenter\" src=\"https:\/\/voice-acoustic.vn\/wp-content\/uploads\/2021\/12\/voice-acoustic-aleasub-10-media-set-300x275.jpg\" alt=\"\" width=\"300\" height=\"275\" srcset=\"https:\/\/voice-acoustic.vn\/wp-content\/uploads\/2021\/12\/voice-acoustic-aleasub-10-media-set-300x275.jpg 300w, https:\/\/voice-acoustic.vn\/wp-content\/uploads\/2021\/12\/voice-acoustic-aleasub-10-media-set-400x367.jpg 400w, https:\/\/voice-acoustic.vn\/wp-content\/uploads\/2021\/12\/voice-acoustic-aleasub-10-media-set-600x550.jpg 600w, https:\/\/voice-acoustic.vn\/wp-content\/uploads\/2021\/12\/voice-acoustic-aleasub-10-media-set.jpg 675w\" sizes=\"auto, (max-width: 300px) 100vw, 300px\" \/><\/a><\/p>\n<div class=\"rs-columns ce_rs_columns_start\">\n<div class=\"ce_rs_column_start rs-column -large-col-2-1 -large-last -large-first-row -medium-col-2-1 -medium-last -medium-first-row -small-col-1-1 -small-first -small-last\">\n<div class=\"ce_image mittig block\">\n<h5 class=\"image_container\" style=\"text-align: center;\">B\u1ed9 Aleasub-10<\/h5>\n<\/div>\n<\/div>\n<\/div>\n<\/div>\n<div>\n<h1><\/h1>\n<p><strong>\u00a0\u00a0\u00a0\u00a0\u00a0\u00a0\u00a0\u00a0\u00a0\u00a0\u00a0 <\/strong><\/p>\n<div class=\"row\"  id=\"row-512785264\">\n\n\t<div id=\"col-650568436\" class=\"col medium-2\/4 large-6\"  >\n\t\t\t\t<div class=\"col-inner\"  >\n\t\t\t\n\t\t\t\n<h1>HDSP-3<\/h1>\n<div class=\"is-divider divider clearfix\" ><\/div>\n<p><strong>S\u1ed1 l\u01b0\u1ee3ng k\u00eanh\u00a0 \u00a0 \u00a0 \u00a0 \u00a0 \u00a0 \u00a0\u00a0<\/strong><br \/>\n3 CH, class-D th\u1ebf h\u1ec7 m\u1edbi nh\u1ea5t<\/p>\n<p><strong>C\u00f4ng su\u1ea5t \u0111\u1ea7u ra 4 \u03a9\u00a0\u00a0\u00a0\u00a0<\/strong><br \/>\n4.000 W (1 x 2.400 W + 2 x 800 W)<\/p>\n<p><strong>K\u00edch th\u01b0\u1edbc \/ Tr\u1ecdng l\u01b0\u1ee3ng\u00a0\u00a0<\/strong><br \/>\n19 inch x 2HE x 470 mm \/ 7 kg<\/p>\n\t\t<\/div>\n\t\t\t\t\t<\/div>\n\n\t\n\n\t<div id=\"col-1931302078\" class=\"col medium-1\/4 large-3\"  >\n\t\t\t\t<div class=\"col-inner\"  >\n\t\t\t\n\t\t\t\n<h1>Alea-4<\/h1>\n<div class=\"is-divider divider clearfix\" ><\/div>\n<p><strong>D\u1ea3i t\u1ea7n s\u1ed1\u00a0\u00a0\u00a0\u00a0\u00a0\u00a0\u00a0\u00a0\u00a0\u00a0\u00a0\u00a0\u00a0\u00a0\u00a0\u00a0\u00a0\u00a0\u00a0<\/strong><br \/>\n178 Hz &#8211; 19,5 kHz (- 10 dB) 217 \u200b\u200bHz &#8211; 15,8 kHz (+\/- 3 dB)<\/p>\n<p><strong>Ph\u1ea1m vi ph\u1ee7\u00a0 \u00a0 \u00a0 \u00a0 \u00a0 \u00a0 \u00a0 \u00a0 \u00a0 \u00a0 \u00a0\u00a0<\/strong><br \/>\n70 \u00b0 ngang, 70 \u00b0 d\u1ecdc<\/p>\n<p><strong>X\u1eed l\u00fd ngu\u1ed3n 16 \u03a9\u00a0\u00a0\u00a0\u00a0\u00a0\u00a0\u00a0\u00a0\u00a0\u00a0\u00a0\u00a0<\/strong><br \/>\n30 W AES \/ 60 W program \/ 120 W peak<\/p>\n<p><strong>C\u01b0\u1eddng \u0111\u1ed9 \u00e1p su\u1ea5t \u00e2m thanh\u00a0 \u00a0 \u00a0 \u00a0 \u00a0 \u00a0 \u00a0 \u00a0 \u00a0 \u00a0\u00a0<\/strong><br \/>\n107 dB SPL AES \/ 110 dB SPL ch\u01b0\u01a1ng tr\u00ecnh \/ 113 dB SPL \u0111\u1ec9nh<\/p>\n<p><strong>Th\u00e0nh ph\u1ea7n\u00a0\u00a0\u00a0\u00a0\u00a0\u00a0\u00a0\u00a0\u00a0\u00a0<\/strong><br \/>\n1 x 4\u2033 Neodym wideband transducer with 0,75\u2033 voice coil<\/p>\n<p><strong>K\u1ebft n\u1ed1i\u00a0\u00a0\u00a0\u00a0\u00a0\u00a0\u00a0\u00a0\u00a0\u00a0\u00a0\u00a0<\/strong><br \/>\n2 x Neutrik NL4 Speakon IN\/OUT (loop through), configuration: 1+\/1-<br \/>\n1 x Phoenix contact terminal, 4 pole split into 2 x IN\/OUT Optional 100 V transformer<\/p>\n<p><strong>K\u00edch th\u01b0\u1edbc \/ Tr\u1ecdng l\u01b0\u1ee3ng\u00a0\u00a0\u00a0\u00a0\u00a0\u00a0\u00a0\u00a0\u00a0\u00a0\u00a0\u00a0\u00a0<\/strong><br \/>\n134 (h) x 134 (w) x 150 mm (d) \/ 1,4 kg<\/p>\n\t\t<\/div>\n\t\t\t\t\t<\/div>\n\n\t\n\n\t<div id=\"col-904552514\" class=\"col medium-1\/4 large-3\"  >\n\t\t\t\t<div class=\"col-inner\"  >\n\t\t\t\n\t\t\t\n<h1>Aleasub-10<\/h1>\n<div class=\"is-divider divider clearfix\" ><\/div>\n<p><strong>T\u1ea7n s\u1ed1 c\u1eaft\u00a0 \u00a0<\/strong><br \/>\n39 Hz (- 10 dB)<br \/>\n49 Hz (- 3 dB)<\/p>\n<p><strong>Ph\u1ea1m vi ph\u1ee7 s\u00f3ng\u00a0\u00a0\u00a0\u00a0\u00a0\u00a0\u00a0\u00a0\u00a0\u00a0\u00a0\u00a0\u00a0\u00a0\u00a0\u00a0\u00a0\u00a0\u00a0\u00a0<\/strong><br \/>\nOmnidirektional<\/p>\n<p><strong>X\u1eed l\u00fd ngu\u1ed3n 8 \u03a9\u00a0\u00a0\u00a0\u00a0\u00a0\u00a0\u00a0\u00a0\u00a0\u00a0\u00a0\u00a0\u00a0\u00a0<\/strong><br \/>\n350 W AES \/ 700 W program \/ 1.400 W peak<\/p>\n<p><strong>C\u01b0\u1eddng \u0111\u1ed9 \u00e1p su\u1ea5t \u00e2m thanh\u00a0 \u00a0 \u00a0 \u00a0 \u00a0 \u00a0 \u00a0 \u00a0 \u00a0 \u00a0 \u00a0<\/strong><br \/>\n117 dB SPL AES \/ 120 dB ch\u01b0\u01a1ng tr\u00ecnh SPL \/ 123 dB SPL \u0111\u1ec9nh<\/p>\n<p><strong>Th\u00e0nh ph\u1ea7n\u00a0\u00a0\u00a0\u00a0\u00a0\u00a0\u00a0\u00a0\u00a0\u00a0\u00a0\u00a0\u00a0\u00a0\u00a0\u00a0\u00a0\u00a0\u00a0\u00a0\u00a0\u00a0\u00a0\u00a0\u00a0\u00a0\u00a0<\/strong><br \/>\n1 x 10\u2033 Ferrit Chassis with 3\u2033 voice coil<\/p>\n<p><strong>K\u1ebft n\u1ed1i\u00a0\u00a0\u00a0\u00a0\u00a0\u00a0\u00a0\u00a0\u00a0\u00a0\u00a0\u00a0\u00a0\u00a0\u00a0\u00a0\u00a0\u00a0\u00a0\u00a0\u00a0\u00a0\u00a0\u00a0\u00a0\u00a0\u00a0\u00a0\u00a0<\/strong><br \/>\n2 x Neutrik NL4 Speakon IN\/OUT (loop through), configuration: 2+\/2-<br \/>\n1 x Phoenix contact terminal, 4 pole split into 2 x IN\/OUT<\/p>\n<p><strong>K\u00edch th\u01b0\u1edbc \/ Tr\u1ecdng l\u01b0\u1ee3ng\u00a0\u00a0\u00a0\u00a0\u00a0\u00a0\u00a0\u00a0\u00a0\u00a0\u00a0\u00a0\u00a0<\/strong><br \/>\n363 (h) x 306 (w) x 400 mm (d) \/ 17,3 kg<\/p>\n\t\t<\/div>\n\t\t\t\t\t<\/div>\n\n\t\n<\/div>\n<p>&nbsp;<\/p>\n<p>&nbsp;<\/p>\n<\/div>\n","protected":false},"excerpt":{"rendered":"<ul>\n<li>1 x b\u1ed9 khu\u1ebfch \u0111\u1ea1i HDSP-3<\/li>\n<li>2 x Alea-4 ,p\u00e1t ch\u1eef u<\/li>\n<li>1 x Aleasub-10<\/li>\n<li>2 x Gi\u00e1 \u0111\u1ee1 Alea-4 v\u1edbi \u0111\u1ebf tr\u00f2n 27,5 cm, 3,4 kg, cao 1.000 &#8211; 1.700 mm<\/li>\n<li>1 x Gi\u1ea3m ren M20 x 1,25 mm cho ch\u00e2n \u0111\u1ebf Alea-4<\/li>\n<li>2 x 10 m, 1 x 3 m c\u00e1p Speakon (4 x 4 qmm)<\/li>\n<\/ul>\n","protected":false},"featured_media":904,"comment_status":"closed","ping_status":"closed","template":"","meta":{"spay_email":""},"product_cat":[36],"product_tag":[37],"class_list":{"0":"post-901","1":"product","2":"type-product","3":"status-publish","4":"has-post-thumbnail","6":"product_cat-systems","7":"product_tag-aleasub-10","9":"first","10":"instock","11":"shipping-taxable","12":"product-type-simple"},"yoast_head":"<!-- This site is optimized with the Yoast SEO plugin v17.6 - https:\/\/yoast.com\/wordpress\/plugins\/seo\/ -->\n<title>Aleasub-10 Media Set - Voice-Acoustic<\/title>\n<meta name=\"description\" content=\"B\u1ed9 khu\u1ebfch \u0111\u1ea1i c\u00f4ng su\u1ea5t h\u1ec7 th\u1ed1ng HDSP-3 l\u00e0 tr\u00e1i tim c\u1ee7a H\u1ec7 th\u1ed1ng\u00a0 b\u1ed9 ph\u01b0\u01a1ng ti\u1ec7n Aleasub-10. H\u1ec7 th\u1ed1ng l\u00e0 &#039;Plug and Play&#039;.\u00a0C\u1eafm n\u00f3 v\u00e0o v\u00e0 n\u00f3 \u0111\u00e3 s\u1eb5n s\u00e0ng \u0111\u1ec3 s\u1eed d\u1ee5ng.\u00a0\u00c2m thanh \u0111\u01b0\u1ee3c \u0111\u1ed3ng b\u1ed9 h\u00f3a ngay l\u1eadp t\u1ee9c m\u00e0 kh\u00f4ng c\u1ea7n ph\u1ea3i \u0111i\u1ec1u ch\u1ec9nh th\u00eam.\" \/>\n<meta name=\"robots\" content=\"index, follow, max-snippet:-1, max-image-preview:large, max-video-preview:-1\" \/>\n<link rel=\"canonical\" href=\"https:\/\/voice-acoustic.vn\/?product=aleasub-10-media-set\" \/>\n<meta property=\"og:locale\" content=\"vi_VN\" \/>\n<meta property=\"og:type\" content=\"article\" \/>\n<meta property=\"og:title\" content=\"Aleasub-10 Media Set - Voice-Acoustic\" \/>\n<meta property=\"og:description\" content=\"B\u1ed9 khu\u1ebfch \u0111\u1ea1i c\u00f4ng su\u1ea5t h\u1ec7 th\u1ed1ng HDSP-3 l\u00e0 tr\u00e1i tim c\u1ee7a H\u1ec7 th\u1ed1ng\u00a0 b\u1ed9 ph\u01b0\u01a1ng ti\u1ec7n Aleasub-10. H\u1ec7 th\u1ed1ng l\u00e0 &#039;Plug and Play&#039;.\u00a0C\u1eafm n\u00f3 v\u00e0o v\u00e0 n\u00f3 \u0111\u00e3 s\u1eb5n s\u00e0ng \u0111\u1ec3 s\u1eed d\u1ee5ng.\u00a0\u00c2m thanh \u0111\u01b0\u1ee3c \u0111\u1ed3ng b\u1ed9 h\u00f3a ngay l\u1eadp t\u1ee9c m\u00e0 kh\u00f4ng c\u1ea7n ph\u1ea3i \u0111i\u1ec1u ch\u1ec9nh th\u00eam.\" \/>\n<meta property=\"og:url\" content=\"https:\/\/voice-acoustic.vn\/?product=aleasub-10-media-set\" \/>\n<meta property=\"og:site_name\" content=\"Voice-Acoustic\" \/>\n<meta property=\"article:modified_time\" content=\"2022-02-16T09:39:56+00:00\" \/>\n<meta property=\"og:image\" content=\"https:\/\/voice-acoustic.vn\/wp-content\/uploads\/2021\/12\/voice-acoustic-aleasub-10-media-set-001.jpg\" \/>\n\t<meta property=\"og:image:width\" content=\"1920\" \/>\n\t<meta property=\"og:image:height\" content=\"1536\" \/>\n<meta name=\"twitter:card\" content=\"summary_large_image\" \/>\n<meta name=\"twitter:label1\" content=\"\u01af\u1edbc t\u00ednh th\u1eddi gian \u0111\u1ecdc\" \/>\n\t<meta name=\"twitter:data1\" content=\"4 ph\u00fat\" \/>\n<script type=\"application\/ld+json\" class=\"yoast-schema-graph\">{\"@context\":\"https:\/\/schema.org\",\"@graph\":[{\"@type\":\"WebSite\",\"@id\":\"https:\/\/voice-acoustic.vn\/#website\",\"url\":\"https:\/\/voice-acoustic.vn\/\",\"name\":\"Voice-Acoustic\",\"description\":\"\",\"potentialAction\":[{\"@type\":\"SearchAction\",\"target\":{\"@type\":\"EntryPoint\",\"urlTemplate\":\"https:\/\/voice-acoustic.vn\/?s={search_term_string}\"},\"query-input\":\"required name=search_term_string\"}],\"inLanguage\":\"vi\"},{\"@type\":\"ImageObject\",\"@id\":\"https:\/\/voice-acoustic.vn\/?product=aleasub-10-media-set#primaryimage\",\"inLanguage\":\"vi\",\"url\":\"https:\/\/voice-acoustic.vn\/wp-content\/uploads\/2021\/12\/voice-acoustic-aleasub-10-media-set-001.jpg\",\"contentUrl\":\"https:\/\/voice-acoustic.vn\/wp-content\/uploads\/2021\/12\/voice-acoustic-aleasub-10-media-set-001.jpg\",\"width\":1920,\"height\":1536},{\"@type\":\"WebPage\",\"@id\":\"https:\/\/voice-acoustic.vn\/?product=aleasub-10-media-set#webpage\",\"url\":\"https:\/\/voice-acoustic.vn\/?product=aleasub-10-media-set\",\"name\":\"Aleasub-10 Media Set - Voice-Acoustic\",\"isPartOf\":{\"@id\":\"https:\/\/voice-acoustic.vn\/#website\"},\"primaryImageOfPage\":{\"@id\":\"https:\/\/voice-acoustic.vn\/?product=aleasub-10-media-set#primaryimage\"},\"datePublished\":\"2021-12-01T06:52:56+00:00\",\"dateModified\":\"2022-02-16T09:39:56+00:00\",\"description\":\"B\\u1ed9 khu\\u1ebfch \\u0111\\u1ea1i c\\u00f4ng su\\u1ea5t h\\u1ec7 th\\u1ed1ng HDSP-3 l\\u00e0 tr\\u00e1i tim c\\u1ee7a H\\u1ec7 th\\u1ed1ng\\u00a0 b\\u1ed9 ph\\u01b0\\u01a1ng ti\\u1ec7n Aleasub-10. H\\u1ec7 th\\u1ed1ng l\\u00e0 'Plug and Play'.\\u00a0C\\u1eafm n\\u00f3 v\\u00e0o v\\u00e0 n\\u00f3 \\u0111\\u00e3 s\\u1eb5n s\\u00e0ng \\u0111\\u1ec3 s\\u1eed d\\u1ee5ng.\\u00a0\\u00c2m thanh \\u0111\\u01b0\\u1ee3c \\u0111\\u1ed3ng b\\u1ed9 h\\u00f3a ngay l\\u1eadp t\\u1ee9c m\\u00e0 kh\\u00f4ng c\\u1ea7n ph\\u1ea3i \\u0111i\\u1ec1u ch\\u1ec9nh th\\u00eam.\",\"breadcrumb\":{\"@id\":\"https:\/\/voice-acoustic.vn\/?product=aleasub-10-media-set#breadcrumb\"},\"inLanguage\":\"vi\",\"potentialAction\":[{\"@type\":\"ReadAction\",\"target\":[\"https:\/\/voice-acoustic.vn\/?product=aleasub-10-media-set\"]}]},{\"@type\":\"BreadcrumbList\",\"@id\":\"https:\/\/voice-acoustic.vn\/?product=aleasub-10-media-set#breadcrumb\",\"itemListElement\":[{\"@type\":\"ListItem\",\"position\":1,\"name\":\"Trang ch\\u1ee7\",\"item\":\"https:\/\/voice-acoustic.vn\/\"},{\"@type\":\"ListItem\",\"position\":2,\"name\":\"..\",\"item\":\"https:\/\/voice-acoustic.vn\/?page_id=11\"},{\"@type\":\"ListItem\",\"position\":3,\"name\":\"Aleasub-10 Media Set\"}]}]}<\/script>\n<!-- \/ Yoast SEO plugin. -->","yoast_head_json":{"title":"Aleasub-10 Media Set - Voice-Acoustic","description":"B\u1ed9 khu\u1ebfch \u0111\u1ea1i c\u00f4ng su\u1ea5t h\u1ec7 th\u1ed1ng HDSP-3 l\u00e0 tr\u00e1i tim c\u1ee7a H\u1ec7 th\u1ed1ng\u00a0 b\u1ed9 ph\u01b0\u01a1ng ti\u1ec7n Aleasub-10. H\u1ec7 th\u1ed1ng l\u00e0 'Plug and Play'.\u00a0C\u1eafm n\u00f3 v\u00e0o v\u00e0 n\u00f3 \u0111\u00e3 s\u1eb5n s\u00e0ng \u0111\u1ec3 s\u1eed d\u1ee5ng.\u00a0\u00c2m thanh \u0111\u01b0\u1ee3c \u0111\u1ed3ng b\u1ed9 h\u00f3a ngay l\u1eadp t\u1ee9c m\u00e0 kh\u00f4ng c\u1ea7n ph\u1ea3i \u0111i\u1ec1u ch\u1ec9nh th\u00eam.","robots":{"index":"index","follow":"follow","max-snippet":"max-snippet:-1","max-image-preview":"max-image-preview:large","max-video-preview":"max-video-preview:-1"},"canonical":"https:\/\/voice-acoustic.vn\/?product=aleasub-10-media-set","og_locale":"vi_VN","og_type":"article","og_title":"Aleasub-10 Media Set - Voice-Acoustic","og_description":"B\u1ed9 khu\u1ebfch \u0111\u1ea1i c\u00f4ng su\u1ea5t h\u1ec7 th\u1ed1ng HDSP-3 l\u00e0 tr\u00e1i tim c\u1ee7a H\u1ec7 th\u1ed1ng\u00a0 b\u1ed9 ph\u01b0\u01a1ng ti\u1ec7n Aleasub-10. H\u1ec7 th\u1ed1ng l\u00e0 'Plug and Play'.\u00a0C\u1eafm n\u00f3 v\u00e0o v\u00e0 n\u00f3 \u0111\u00e3 s\u1eb5n s\u00e0ng \u0111\u1ec3 s\u1eed d\u1ee5ng.\u00a0\u00c2m thanh \u0111\u01b0\u1ee3c \u0111\u1ed3ng b\u1ed9 h\u00f3a ngay l\u1eadp t\u1ee9c m\u00e0 kh\u00f4ng c\u1ea7n ph\u1ea3i \u0111i\u1ec1u ch\u1ec9nh th\u00eam.","og_url":"https:\/\/voice-acoustic.vn\/?product=aleasub-10-media-set","og_site_name":"Voice-Acoustic","article_modified_time":"2022-02-16T09:39:56+00:00","og_image":[{"width":1920,"height":1536,"url":"https:\/\/voice-acoustic.vn\/wp-content\/uploads\/2021\/12\/voice-acoustic-aleasub-10-media-set-001.jpg","type":"image\/jpeg"}],"twitter_card":"summary_large_image","twitter_misc":{"\u01af\u1edbc t\u00ednh th\u1eddi gian \u0111\u1ecdc":"4 ph\u00fat"},"schema":{"@context":"https:\/\/schema.org","@graph":[{"@type":"WebSite","@id":"https:\/\/voice-acoustic.vn\/#website","url":"https:\/\/voice-acoustic.vn\/","name":"Voice-Acoustic","description":"","potentialAction":[{"@type":"SearchAction","target":{"@type":"EntryPoint","urlTemplate":"https:\/\/voice-acoustic.vn\/?s={search_term_string}"},"query-input":"required name=search_term_string"}],"inLanguage":"vi"},{"@type":"ImageObject","@id":"https:\/\/voice-acoustic.vn\/?product=aleasub-10-media-set#primaryimage","inLanguage":"vi","url":"https:\/\/voice-acoustic.vn\/wp-content\/uploads\/2021\/12\/voice-acoustic-aleasub-10-media-set-001.jpg","contentUrl":"https:\/\/voice-acoustic.vn\/wp-content\/uploads\/2021\/12\/voice-acoustic-aleasub-10-media-set-001.jpg","width":1920,"height":1536},{"@type":"WebPage","@id":"https:\/\/voice-acoustic.vn\/?product=aleasub-10-media-set#webpage","url":"https:\/\/voice-acoustic.vn\/?product=aleasub-10-media-set","name":"Aleasub-10 Media Set - Voice-Acoustic","isPartOf":{"@id":"https:\/\/voice-acoustic.vn\/#website"},"primaryImageOfPage":{"@id":"https:\/\/voice-acoustic.vn\/?product=aleasub-10-media-set#primaryimage"},"datePublished":"2021-12-01T06:52:56+00:00","dateModified":"2022-02-16T09:39:56+00:00","description":"B\u1ed9 khu\u1ebfch \u0111\u1ea1i c\u00f4ng su\u1ea5t h\u1ec7 th\u1ed1ng HDSP-3 l\u00e0 tr\u00e1i tim c\u1ee7a H\u1ec7 th\u1ed1ng\u00a0 b\u1ed9 ph\u01b0\u01a1ng ti\u1ec7n Aleasub-10. H\u1ec7 th\u1ed1ng l\u00e0 'Plug and Play'.\u00a0C\u1eafm n\u00f3 v\u00e0o v\u00e0 n\u00f3 \u0111\u00e3 s\u1eb5n s\u00e0ng \u0111\u1ec3 s\u1eed d\u1ee5ng.\u00a0\u00c2m thanh \u0111\u01b0\u1ee3c \u0111\u1ed3ng b\u1ed9 h\u00f3a ngay l\u1eadp t\u1ee9c m\u00e0 kh\u00f4ng c\u1ea7n ph\u1ea3i \u0111i\u1ec1u ch\u1ec9nh th\u00eam.","breadcrumb":{"@id":"https:\/\/voice-acoustic.vn\/?product=aleasub-10-media-set#breadcrumb"},"inLanguage":"vi","potentialAction":[{"@type":"ReadAction","target":["https:\/\/voice-acoustic.vn\/?product=aleasub-10-media-set"]}]},{"@type":"BreadcrumbList","@id":"https:\/\/voice-acoustic.vn\/?product=aleasub-10-media-set#breadcrumb","itemListElement":[{"@type":"ListItem","position":1,"name":"Trang ch\u1ee7","item":"https:\/\/voice-acoustic.vn\/"},{"@type":"ListItem","position":2,"name":"..","item":"https:\/\/voice-acoustic.vn\/?page_id=11"},{"@type":"ListItem","position":3,"name":"Aleasub-10 Media Set"}]}]}},"_links":{"self":[{"href":"https:\/\/voice-acoustic.vn\/index.php?rest_route=\/wp\/v2\/product\/901","targetHints":{"allow":["GET"]}}],"collection":[{"href":"https:\/\/voice-acoustic.vn\/index.php?rest_route=\/wp\/v2\/product"}],"about":[{"href":"https:\/\/voice-acoustic.vn\/index.php?rest_route=\/wp\/v2\/types\/product"}],"replies":[{"embeddable":true,"href":"https:\/\/voice-acoustic.vn\/index.php?rest_route=%2Fwp%2Fv2%2Fcomments&post=901"}],"wp:featuredmedia":[{"embeddable":true,"href":"https:\/\/voice-acoustic.vn\/index.php?rest_route=\/wp\/v2\/media\/904"}],"wp:attachment":[{"href":"https:\/\/voice-acoustic.vn\/index.php?rest_route=%2Fwp%2Fv2%2Fmedia&parent=901"}],"wp:term":[{"taxonomy":"product_cat","embeddable":true,"href":"https:\/\/voice-acoustic.vn\/index.php?rest_route=%2Fwp%2Fv2%2Fproduct_cat&post=901"},{"taxonomy":"product_tag","embeddable":true,"href":"https:\/\/voice-acoustic.vn\/index.php?rest_route=%2Fwp%2Fv2%2Fproduct_tag&post=901"}],"curies":[{"name":"wp","href":"https:\/\/api.w.org\/{rel}","templated":true}]}}