{"id":923,"date":"2021-12-03T09:24:07","date_gmt":"2021-12-03T02:24:07","guid":{"rendered":"https:\/\/voice-acoustic.vn\/?post_type=product&#038;p=923"},"modified":"2022-02-16T15:59:39","modified_gmt":"2022-02-16T08:59:39","slug":"subsat-la-set","status":"publish","type":"product","link":"https:\/\/voice-acoustic.vn\/?product=subsat-la-set","title":{"rendered":"SubSat-LA Set"},"content":{"rendered":"<div class=\"rs-column -large-col-2-1 -large-first -large-first-row -medium-col-2-1 -medium-first -medium-first-row -small-col-1-1 -small-first -small-last -small-first-row\">\n<div class=\"ce_text block\">\n<div class=\"rs-column -large-col-2-1 -large-first -large-first-row -medium-col-2-1 -medium-first -medium-first-row -small-col-1-1 -small-first -small-last -small-first-row\">\n<div class=\"ce_text block\">\n<p><span>B\u1ed9 khu\u1ebfch \u0111\u1ea1i HDSP-3 l\u00e0 tr\u00e1i tim c\u1ee7a h\u1ec7 th\u1ed1ng v\u1ec7 tinh SubSat-LA Plug &amp; Play.\u00a0T\u1ea5t c\u1ea3 c\u00e1c th\u00e0nh ph\u1ea7n \u0111\u01b0\u1ee3c kh\u1edbp v\u1edbi nhau v\u00e0 \u0111\u01b0\u1ee3c \u0111i\u1ec1u ch\u1ec9nh v\u00e0 gi\u1edbi h\u1ea1n th\u00f4ng qua h\u1ec7 th\u1ed1ng qu\u1ea3n l\u00fd loa t\u00edch h\u1ee3p (DSP).\u00a0\u00c2m thanh v\u1eeba v\u1eb7n ngay l\u1eadp t\u1ee9c m\u00e0 kh\u00f4ng c\u1ea7n ph\u1ea3i \u0111i\u1ec1u ch\u1ec9nh th\u00eam.<\/span><\/p>\n<p><span>M\u1ed9t s\u1ed1 ch\u1ee9c n\u0103ng, t\u00f9y ch\u1ecdn truy c\u1eadp v\u00e0 c\u00e0i \u0111\u1eb7t DSP c\u0169ng c\u00f3 s\u1eb5n cho k\u1ef9 thu\u1eadt vi\u00ean c\u00f3 kinh nghi\u1ec7m v\u00e0 chuy\u00ean gia \u00e2m thanh.\u00a0H\u1ea7u h\u1ebft t\u1ea5t c\u1ea3 c\u00e1c tham s\u1ed1 c\u00f3 th\u1ec3 \u0111\u01b0\u1ee3c truy c\u1eadp th\u00f4ng qua m\u00e0n h\u00ecnh, n\u00fat, ngay c\u1ea3 khi kh\u00f4ng c\u00f3 \u0111i\u1ec1u khi\u1ec3n PC. C\u00e1c ch\u1ee9c n\u0103ng c\u00f3 th\u1ec3 \u0111\u01b0\u1ee3c kh\u00f3a b\u1eb1ng m\u1eadt kh\u1ea9u \u0111\u1ec3 ng\u0103n truy c\u1eadp tr\u00e1i ph\u00e9p.\u00a0C\u00f3 th\u1ec3 d\u1ec5 d\u00e0ng t\u1ea1o c\u00e1c c\u1ea5u h\u00ecnh ph\u1ee9c t\u1ea1p tr\u00ean b\u1ec1 m\u1eb7t PC th\u00f4ng qua giao di\u1ec7n Ethernet ho\u1eb7c USB.\u00a0Ph\u1ea7n m\u1ec1m \u0111i\u1ec1u khi\u1ec3n t\u1eeb xa VA cho PC v\u00e0 Mac \u0111\u01b0\u1ee3c s\u1eed d\u1ee5ng cho vi\u1ec7c n\u00e0y.\u00a0\u00dd t\u01b0\u1edfng \u00e2m thanh c\u1ee7a ri\u00eang b\u1ea1n v\u00e0 ch\u1ec9nh s\u1eeda ph\u00f2ng c\u00f3 th\u1ec3 \u0111\u01b0\u1ee3c l\u01b0u d\u01b0\u1edbi d\u1ea1ng c\u00e0i \u0111\u1eb7t tr\u01b0\u1edbc v\u00e0 g\u1ecdi l\u1ea1i b\u1ea5t k\u1ef3 l\u00fac n\u00e0o.<\/span><\/p>\n<p><span>V\u1edbi LA-Stick 4&#215;4, ch\u00fang t\u00f4i \u0111\u00e3 th\u00e0nh c\u00f4ng trong vi\u1ec7c \u0111i\u1ec1u ch\u1ec9nh c\u00f4ng ngh\u1ec7 n\u00e0y \u1edf \u0111\u1ecbnh d\u1ea1ng c\u1ed9t v\u00e0 l\u00e0m cho t\u1ea5t c\u1ea3 c\u00e1c l\u1ee3i th\u1ebf c\u1ee7a m\u1ea3ng d\u00f2ng \u0111ang ho\u1ea1t \u0111\u1ed9ng c\u00f3 th\u1ec3 s\u1eed d\u1ee5ng \u0111\u01b0\u1ee3c \u1edf k\u00edch th\u01b0\u1edbc nh\u1ecf g\u1ecdn cho m\u1ecdi ng\u01b0\u1eddi d\u00f9ng.\u00a0Kh\u00f4ng ph\u1ea3i loa c\u1ed9t, m\u00e0 l\u00e0 m\u1ed9t thanh line array!\u00a0Gi\u1ed1ng nh\u01b0 c\u00e1c m\u1ea3ng d\u00f2ng l\u1edbn, thanh LA c\u00f3 \u0111\u00e1y l\u00e0 h\u00ecnh thang v\u00e0 n\u1eafp v\u1edbi \u0111\u1ed9 nghi\u00eang 8 \u00b0.<\/span><\/p>\n<p><span>G\u00f3c nghi\u00eang c\u00f3 th\u1ec3 \u0111\u01b0\u1ee3c \u0111i\u1ec1u ch\u1ec9nh c\u1ef1c k\u1ef3 ch\u00ednh x\u00e1c th\u00f4ng qua c\u01a1 ch\u1ebf ren \u1ed5 bi m\u1edbi \u0111\u01b0\u1ee3c ph\u00e1t tri\u1ec3n v\u00e0 c\u1ea3i ti\u1ebfn \u1edf m\u1eb7t sau c\u1ee7a v\u1ecf.\u00a0C\u01a1 ch\u1ebf r\u1ea5t \u1ed5n \u0111\u1ecbnh n\u00e0y c\u0169ng l\u00e0m cho c\u00e1c kh\u1edbp n\u1ed1i d\u01b0\u1edbi d\u1ea1ng ch\u1ed1t kh\u00f3a bi \u1edf m\u1eb7t tr\u01b0\u1edbc c\u1ee7a loa tr\u1edf n\u00ean th\u1eeba th\u00e3i.\u00a0Kh\u00f4ng c\u00f3 c\u01a1 kh\u00ed ho\u1eb7c b\u1ed9 ph\u1eadn b\u1ed5 sung n\u00e0o c\u00f3 th\u1ec3 \u0111\u01b0\u1ee3c nh\u00ecn th\u1ea5y t\u1eeb ph\u00eda tr\u01b0\u1edbc.\u00a0V\u1edbi v\u1ebb ngo\u00e0i k\u00edn \u0111\u00e1o n\u00e0y, loa c\u00f3 th\u1ec3 \u0111\u01b0\u1ee3c t\u00edch h\u1ee3p v\u00e0 s\u1eed d\u1ee5ng trong m\u1ecdi m\u00f4i tr\u01b0\u1eddng kh\u1eaft khe.\u00a0C\u00e1c c\u1ea1nh c\u1ee7a v\u1ecf m\u00e1y \u0111\u01b0\u1ee3c l\u00e0m cong v\u1ec1 ph\u00eda sau b\u1eb1ng c\u00e1ch s\u1eed d\u1ee5ng k\u1ef9 thu\u1eadt x\u1eed l\u00fd g\u1ed7 \u0111\u1eb7c bi\u1ec7t, nh\u1ea5n m\u1ea1nh v\u1ebb ngo\u00e0i thanh l\u1ecbch.<\/span><\/p>\n<\/div>\n<\/div>\n<div class=\"ce_rs_column_start  rs-column -large-col-2-1 -large-last -large-first-row -medium-col-2-1 -medium-last -medium-first-row -small-col-1-1 -small-first -small-last\">\n<div class=\"ce_text block\">\n<p><span>Paveosub-112 l\u00e0 m\u1ed9t loa si\u00eau tr\u1ea7m ph\u1ea3n x\u1ea1 \u00e2m tr\u1ea7m r\u1ea5t nh\u1ecf g\u1ecdn.\u00a0V\u1edbi chi\u1ec1u cao ch\u1ec9 30 cm, \u0111\u00e2y l\u00e0 \u00e2m tr\u1ea7m 12 &#8220;th\u1ea5p nh\u1ea5t tr\u00ean th\u1ebf gi\u1edbi v\u00e0 c\u00f3 th\u1ec3 \u0111\u01b0\u1ee3c s\u1eed d\u1ee5ng \u1edf nh\u1eefng n\u01a1i y\u00eau c\u1ea7u \u0111\u1ed9 s\u00e2u v\u00e0 \u00e1p su\u1ea5t \u00e2m thanh cao trong m\u1ed9t kh\u00f4ng gian h\u1ea1n ch\u1ebf. \u00c2m tr\u1ea7m c\u00f3 th\u1ec3 \u0111\u01b0\u1ee3c s\u1eed d\u1ee5ng n\u1eb1m th\u1eb3ng ho\u1eb7c \u0111\u1ee9ng th\u1eb3ng v\u1edbi thanh \u0111\u1ec7m.<\/span><\/p>\n<p><span>Kh\u1ea3 n\u0103ng m\u1edf r\u1ed9ng, x\u1eed l\u00fd d\u1ec5 d\u00e0ng v\u00e0 c\u00e1c ph\u1ee5 ki\u1ec7n m\u1edf r\u1ed9ng, \u0111\u01b0\u1ee3c c\u00e2n nh\u1eafc k\u1ef9 l\u01b0\u1ee1ng \u0111\u00e3 l\u00e0m n\u1ed5i b\u1eadt b\u1ed9 SubSat-LA v\u00e0 bi\u1ebfn n\u00f3 tr\u1edf th\u00e0nh m\u1ed9t c\u00f4ng c\u1ee5 t\u0103ng c\u01b0\u1eddng \u00e2m thanh ph\u1ed5 qu\u00e1t v\u1edbi nhi\u1ec1u \u1ee9ng d\u1ee5ng kh\u00e1c nhau.<\/span><\/p>\n<\/div>\n<\/div>\n<\/div>\n<\/div>\n<p><a href=\"https:\/\/voice-acoustic.vn\/wp-content\/uploads\/2021\/12\/voice-acoustic-subsat-la-set.jpg\"><img loading=\"lazy\" decoding=\"async\" class=\"aligncenter size-medium wp-image-926\" src=\"https:\/\/voice-acoustic.vn\/wp-content\/uploads\/2021\/12\/voice-acoustic-subsat-la-set-300x202.jpg\" alt=\"\" width=\"300\" height=\"202\" srcset=\"https:\/\/voice-acoustic.vn\/wp-content\/uploads\/2021\/12\/voice-acoustic-subsat-la-set-300x202.jpg 300w, https:\/\/voice-acoustic.vn\/wp-content\/uploads\/2021\/12\/voice-acoustic-subsat-la-set-768x518.jpg 768w, https:\/\/voice-acoustic.vn\/wp-content\/uploads\/2021\/12\/voice-acoustic-subsat-la-set-400x270.jpg 400w, https:\/\/voice-acoustic.vn\/wp-content\/uploads\/2021\/12\/voice-acoustic-subsat-la-set-600x404.jpg 600w, https:\/\/voice-acoustic.vn\/wp-content\/uploads\/2021\/12\/voice-acoustic-subsat-la-set.jpg 923w\" sizes=\"auto, (max-width: 300px) 100vw, 300px\" \/><\/a><\/p>\n<h5 style=\"text-align: center;\">B\u1ed9 SubSat-LA<\/h5>\n<p><!--more--><\/p>\n<p>&nbsp;<\/p>\n<h3>Th\u00f4ng s\u1ed1 k\u1ef9 thu\u1eadt<\/h3>\n<p>&nbsp;<\/p>\n<div class=\"row\"  id=\"row-827367344\">\n\n\t<div id=\"col-1230195818\" class=\"col medium-2\/4 large-6\"  >\n\t\t\t\t<div class=\"col-inner\"  >\n\t\t\t\n\t\t\t\n<h3>HDSP-3<\/h3>\n<div class=\"is-divider divider clearfix\" ><\/div>\n<p><strong>S\u1ed1 l\u01b0\u1ee3ng k\u00eanh<\/strong><br \/>\n3 CH, class-D latest generation<br \/>\n<strong>C\u00f4ng su\u1ea5t<\/strong><br \/>\n4 \u03a9 4.000 W (1 x 2.400 W + 2 x 800 W)<br \/>\n<strong>K\u00edch th\u01b0\u1edbc \/ Tr\u1ecdng l\u01b0\u1ee3ng<\/strong><\/p>\n<p>19&#8243; x 2HE x 470 mm \/ 7 kg<\/p>\n\t\t<\/div>\n\t\t\t\t\t<\/div>\n\n\t\n\n\t<div id=\"col-610584068\" class=\"col medium-1\/4 large-3\"  >\n\t\t\t\t<div class=\"col-inner\"  >\n\t\t\t\n\t\t\t\n<h3>LA-Stick 4&#215;4<\/h3>\n<div class=\"is-divider divider clearfix\" ><\/div>\n<p><strong>D\u1ea3i t\u1ea7n<\/strong><br \/>\n161 Hz &#8211; 18 kHz (- 10 dB)<br \/>\n210 Hz &#8211; 15,4 kHz (+\/- 3 dB)<br \/>\n<strong>G\u00f3c ph\u1ee7 \u00e2m<\/strong><br \/>\n70\u00b0 horizontal,<br \/>\nvertical depending on the angle of the elements relative to each other<br \/>\n<strong>C\u00f4ng su\u1ea5t<\/strong><br \/>\n16 \u2126 120 W AES \/ 240 W program \/ 480 W peak<br \/>\n<strong>\u00c1p su\u1ea5t \u00e2m thanh<\/strong><br \/>\n116 dB SPL AES \/ 119 dB SPL program \/ 122 dB SPL peak<br \/>\n<strong>Components<\/strong><br \/>\n4 x 4&#8243; Neodym wideband transducer with 0,75&#8243; voice coil<br \/>\n<strong>K\u00edch th\u01b0\u1edbc \/ Tr\u1ecdng l\u01b0\u1ee3ng<\/strong><br \/>\n419 (h) x 119 (w) x 160 mm (d) 3,2 kg<\/p>\n\t\t<\/div>\n\t\t\t\t\t<\/div>\n\n\t\n\n\t<div id=\"col-1286412188\" class=\"col medium-1\/4 large-3\"  >\n\t\t\t\t<div class=\"col-inner\"  >\n\t\t\t\n\t\t\t\n<h3>Paveosub-112\/112sp<\/h3>\n<div class=\"is-divider divider clearfix\" ><\/div>\n<p><strong>T\u1ea7n s\u1ed1 c\u1eaft\u00a0<\/strong><br \/>\n35 Hz (- 10 dB)<br \/>\n41 Hz (- 3 dB)<br \/>\n<strong>G\u00f3c ph\u00f9 \u00e2m<\/strong><br \/>\nOmnidirektional<br \/>\n<strong>C\u00f4ng su\u1ea5t<\/strong><br \/>\n8 \u2126 1.000 W AES \/ 2.000 W program \/ 4.000 W peak<br \/>\n<strong>Sound pressure<\/strong><br \/>\n129 dB SPL AES \/ 131 dB SPL program \/ 134 dB SPL peak<br \/>\n<strong>Components<\/strong><br \/>\n1x 12&#8243; Neodym long excursion woofer (LF) with 4&#8243; voice coil<br \/>\n<strong>K\u00edch th\u01b0\u1edbc \/ Tr\u1ecdng l\u01b0\u1ee3ng<\/strong><br \/>\n300 (h) x 520 (w) x 485 mm (d) \/ 23,1 kg (self-powered: 28,8 kg)<br \/>\n<strong>B\u1ed9 khu\u1ebfch \u0111\u1ea1i Paveosub-112sp<\/strong><br \/>\n3-channel 4 kW<br \/>\n<strong>C\u1ed3n su\u1ea5t CH1 LF<\/strong><br \/>\n2.400 W\/4 \u2126, 1.580 W\/8 \u2126, 800 W\/16 \u2126<br \/>\n<strong>C\u00f4ng su\u1ea5t CH2 &amp; CH3<\/strong><br \/>\n800 W\/4 \u2126, 450 W\/8 \u2126, 200 W\/16 \u2126<\/p>\n\t\t<\/div>\n\t\t\t\t\t<\/div>\n\n\t\n<\/div>\n","protected":false},"excerpt":{"rendered":"<ul>\n<li>1 x b\u1ed9 khu\u1ebfch \u0111\u1ea1i HDSP-3<\/li>\n<li>4 x LA-Stick 4&#215;4<\/li>\n<li>2 x T\u00fai \u0111\u1ef1ng l\u00ean \u0111\u1ebfn 2 x LA-Stick 4&#215;4<\/li>\n<li>2 x c\u01a1 h\u1ecdc tr\u1ee5c ch\u00ednh cho LA-Stick 4&#215;4<\/li>\n<li>2 x B\u1ed9 chuy\u1ec3n \u0111\u1ed5i ch\u00e2n \u0111\u1ebf ch\u1eafc ch\u1eafn<\/li>\n<li>2 x Paveosub-112<\/li>\n<li>2 x Thanh loa M20 \u00bbKh\u00f3a v\u00f2ng\u00ab<\/li>\n<li>4 x k\u1eb9p c\u00e1p<\/li>\n<li>1 x T\u00fai \u0111\u1ef1ng cho 2 x thanh c\u1ecdc ch\u1ed1ng loa<\/li>\n<li>C\u00e1p Speakon 2 x 10 m, 2 x 3 m (4 x 4 qmm)<\/li>\n<li>C\u00e1p Speakon 2 x 0,55 m (2 x 2,5 qmm)<\/li>\n<\/ul>\n","protected":false},"featured_media":927,"comment_status":"closed","ping_status":"closed","template":"","meta":{"spay_email":""},"product_cat":[36],"product_tag":[],"class_list":{"0":"post-923","1":"product","2":"type-product","3":"status-publish","4":"has-post-thumbnail","6":"product_cat-systems","8":"first","9":"instock","10":"shipping-taxable","11":"product-type-simple"},"yoast_head":"<!-- This site is optimized with the Yoast SEO plugin v17.6 - https:\/\/yoast.com\/wordpress\/plugins\/seo\/ -->\n<title>SubSat-LA Set - Voice-Acoustic<\/title>\n<meta name=\"robots\" content=\"index, follow, max-snippet:-1, max-image-preview:large, max-video-preview:-1\" \/>\n<link rel=\"canonical\" href=\"https:\/\/voice-acoustic.vn\/?product=subsat-la-set\" \/>\n<meta property=\"og:locale\" content=\"vi_VN\" \/>\n<meta property=\"og:type\" content=\"article\" \/>\n<meta property=\"og:title\" content=\"SubSat-LA Set - Voice-Acoustic\" \/>\n<meta property=\"og:description\" content=\"1 x b\u1ed9 khu\u1ebfch \u0111\u1ea1i HDSP-3  4 x LA-Stick 4x4  2 x T\u00fai \u0111\u1ef1ng l\u00ean \u0111\u1ebfn 2 x LA-Stick 4x4  2 x c\u01a1 h\u1ecdc tr\u1ee5c ch\u00ednh cho LA-Stick 4x4  2 x B\u1ed9 chuy\u1ec3n \u0111\u1ed5i ch\u00e2n \u0111\u1ebf ch\u1eafc ch\u1eafn  2 x Paveosub-112  2 x Thanh loa M20 \u00bbKh\u00f3a v\u00f2ng\u00ab  4 x k\u1eb9p c\u00e1p  1 x T\u00fai \u0111\u1ef1ng cho 2 x thanh c\u1ecdc ch\u1ed1ng loa  C\u00e1p Speakon 2 x 10 m, 2 x 3 m (4 x 4 qmm)  C\u00e1p Speakon 2 x 0,55 m (2 x 2,5 qmm)\" \/>\n<meta property=\"og:url\" content=\"https:\/\/voice-acoustic.vn\/?product=subsat-la-set\" \/>\n<meta property=\"og:site_name\" content=\"Voice-Acoustic\" \/>\n<meta property=\"article:modified_time\" content=\"2022-02-16T08:59:39+00:00\" \/>\n<meta property=\"og:image\" content=\"https:\/\/voice-acoustic.vn\/wp-content\/uploads\/2021\/12\/voice-acoustic-subsat-la-set-001-1.jpg\" \/>\n\t<meta property=\"og:image:width\" content=\"1920\" \/>\n\t<meta property=\"og:image:height\" content=\"1536\" \/>\n<meta name=\"twitter:card\" content=\"summary_large_image\" \/>\n<meta name=\"twitter:label1\" content=\"\u01af\u1edbc t\u00ednh th\u1eddi gian \u0111\u1ecdc\" \/>\n\t<meta name=\"twitter:data1\" content=\"4 ph\u00fat\" \/>\n<script type=\"application\/ld+json\" class=\"yoast-schema-graph\">{\"@context\":\"https:\/\/schema.org\",\"@graph\":[{\"@type\":\"WebSite\",\"@id\":\"https:\/\/voice-acoustic.vn\/#website\",\"url\":\"https:\/\/voice-acoustic.vn\/\",\"name\":\"Voice-Acoustic\",\"description\":\"\",\"potentialAction\":[{\"@type\":\"SearchAction\",\"target\":{\"@type\":\"EntryPoint\",\"urlTemplate\":\"https:\/\/voice-acoustic.vn\/?s={search_term_string}\"},\"query-input\":\"required name=search_term_string\"}],\"inLanguage\":\"vi\"},{\"@type\":\"ImageObject\",\"@id\":\"https:\/\/voice-acoustic.vn\/?product=subsat-la-set#primaryimage\",\"inLanguage\":\"vi\",\"url\":\"https:\/\/voice-acoustic.vn\/wp-content\/uploads\/2021\/12\/voice-acoustic-subsat-la-set-001-1.jpg\",\"contentUrl\":\"https:\/\/voice-acoustic.vn\/wp-content\/uploads\/2021\/12\/voice-acoustic-subsat-la-set-001-1.jpg\",\"width\":1920,\"height\":1536},{\"@type\":\"WebPage\",\"@id\":\"https:\/\/voice-acoustic.vn\/?product=subsat-la-set#webpage\",\"url\":\"https:\/\/voice-acoustic.vn\/?product=subsat-la-set\",\"name\":\"SubSat-LA Set - Voice-Acoustic\",\"isPartOf\":{\"@id\":\"https:\/\/voice-acoustic.vn\/#website\"},\"primaryImageOfPage\":{\"@id\":\"https:\/\/voice-acoustic.vn\/?product=subsat-la-set#primaryimage\"},\"datePublished\":\"2021-12-03T02:24:07+00:00\",\"dateModified\":\"2022-02-16T08:59:39+00:00\",\"breadcrumb\":{\"@id\":\"https:\/\/voice-acoustic.vn\/?product=subsat-la-set#breadcrumb\"},\"inLanguage\":\"vi\",\"potentialAction\":[{\"@type\":\"ReadAction\",\"target\":[\"https:\/\/voice-acoustic.vn\/?product=subsat-la-set\"]}]},{\"@type\":\"BreadcrumbList\",\"@id\":\"https:\/\/voice-acoustic.vn\/?product=subsat-la-set#breadcrumb\",\"itemListElement\":[{\"@type\":\"ListItem\",\"position\":1,\"name\":\"Trang ch\\u1ee7\",\"item\":\"https:\/\/voice-acoustic.vn\/\"},{\"@type\":\"ListItem\",\"position\":2,\"name\":\"..\",\"item\":\"https:\/\/voice-acoustic.vn\/?page_id=11\"},{\"@type\":\"ListItem\",\"position\":3,\"name\":\"SubSat-LA Set\"}]}]}<\/script>\n<!-- \/ Yoast SEO plugin. -->","yoast_head_json":{"title":"SubSat-LA Set - Voice-Acoustic","robots":{"index":"index","follow":"follow","max-snippet":"max-snippet:-1","max-image-preview":"max-image-preview:large","max-video-preview":"max-video-preview:-1"},"canonical":"https:\/\/voice-acoustic.vn\/?product=subsat-la-set","og_locale":"vi_VN","og_type":"article","og_title":"SubSat-LA Set - Voice-Acoustic","og_description":"1 x b\u1ed9 khu\u1ebfch \u0111\u1ea1i HDSP-3  4 x LA-Stick 4x4  2 x T\u00fai \u0111\u1ef1ng l\u00ean \u0111\u1ebfn 2 x LA-Stick 4x4  2 x c\u01a1 h\u1ecdc tr\u1ee5c ch\u00ednh cho LA-Stick 4x4  2 x B\u1ed9 chuy\u1ec3n \u0111\u1ed5i ch\u00e2n \u0111\u1ebf ch\u1eafc ch\u1eafn  2 x Paveosub-112  2 x Thanh loa M20 \u00bbKh\u00f3a v\u00f2ng\u00ab  4 x k\u1eb9p c\u00e1p  1 x T\u00fai \u0111\u1ef1ng cho 2 x thanh c\u1ecdc ch\u1ed1ng loa  C\u00e1p Speakon 2 x 10 m, 2 x 3 m (4 x 4 qmm)  C\u00e1p Speakon 2 x 0,55 m (2 x 2,5 qmm)","og_url":"https:\/\/voice-acoustic.vn\/?product=subsat-la-set","og_site_name":"Voice-Acoustic","article_modified_time":"2022-02-16T08:59:39+00:00","og_image":[{"width":1920,"height":1536,"url":"https:\/\/voice-acoustic.vn\/wp-content\/uploads\/2021\/12\/voice-acoustic-subsat-la-set-001-1.jpg","type":"image\/jpeg"}],"twitter_card":"summary_large_image","twitter_misc":{"\u01af\u1edbc t\u00ednh th\u1eddi gian \u0111\u1ecdc":"4 ph\u00fat"},"schema":{"@context":"https:\/\/schema.org","@graph":[{"@type":"WebSite","@id":"https:\/\/voice-acoustic.vn\/#website","url":"https:\/\/voice-acoustic.vn\/","name":"Voice-Acoustic","description":"","potentialAction":[{"@type":"SearchAction","target":{"@type":"EntryPoint","urlTemplate":"https:\/\/voice-acoustic.vn\/?s={search_term_string}"},"query-input":"required name=search_term_string"}],"inLanguage":"vi"},{"@type":"ImageObject","@id":"https:\/\/voice-acoustic.vn\/?product=subsat-la-set#primaryimage","inLanguage":"vi","url":"https:\/\/voice-acoustic.vn\/wp-content\/uploads\/2021\/12\/voice-acoustic-subsat-la-set-001-1.jpg","contentUrl":"https:\/\/voice-acoustic.vn\/wp-content\/uploads\/2021\/12\/voice-acoustic-subsat-la-set-001-1.jpg","width":1920,"height":1536},{"@type":"WebPage","@id":"https:\/\/voice-acoustic.vn\/?product=subsat-la-set#webpage","url":"https:\/\/voice-acoustic.vn\/?product=subsat-la-set","name":"SubSat-LA Set - Voice-Acoustic","isPartOf":{"@id":"https:\/\/voice-acoustic.vn\/#website"},"primaryImageOfPage":{"@id":"https:\/\/voice-acoustic.vn\/?product=subsat-la-set#primaryimage"},"datePublished":"2021-12-03T02:24:07+00:00","dateModified":"2022-02-16T08:59:39+00:00","breadcrumb":{"@id":"https:\/\/voice-acoustic.vn\/?product=subsat-la-set#breadcrumb"},"inLanguage":"vi","potentialAction":[{"@type":"ReadAction","target":["https:\/\/voice-acoustic.vn\/?product=subsat-la-set"]}]},{"@type":"BreadcrumbList","@id":"https:\/\/voice-acoustic.vn\/?product=subsat-la-set#breadcrumb","itemListElement":[{"@type":"ListItem","position":1,"name":"Trang ch\u1ee7","item":"https:\/\/voice-acoustic.vn\/"},{"@type":"ListItem","position":2,"name":"..","item":"https:\/\/voice-acoustic.vn\/?page_id=11"},{"@type":"ListItem","position":3,"name":"SubSat-LA Set"}]}]}},"_links":{"self":[{"href":"https:\/\/voice-acoustic.vn\/index.php?rest_route=\/wp\/v2\/product\/923","targetHints":{"allow":["GET"]}}],"collection":[{"href":"https:\/\/voice-acoustic.vn\/index.php?rest_route=\/wp\/v2\/product"}],"about":[{"href":"https:\/\/voice-acoustic.vn\/index.php?rest_route=\/wp\/v2\/types\/product"}],"replies":[{"embeddable":true,"href":"https:\/\/voice-acoustic.vn\/index.php?rest_route=%2Fwp%2Fv2%2Fcomments&post=923"}],"wp:featuredmedia":[{"embeddable":true,"href":"https:\/\/voice-acoustic.vn\/index.php?rest_route=\/wp\/v2\/media\/927"}],"wp:attachment":[{"href":"https:\/\/voice-acoustic.vn\/index.php?rest_route=%2Fwp%2Fv2%2Fmedia&parent=923"}],"wp:term":[{"taxonomy":"product_cat","embeddable":true,"href":"https:\/\/voice-acoustic.vn\/index.php?rest_route=%2Fwp%2Fv2%2Fproduct_cat&post=923"},{"taxonomy":"product_tag","embeddable":true,"href":"https:\/\/voice-acoustic.vn\/index.php?rest_route=%2Fwp%2Fv2%2Fproduct_tag&post=923"}],"curies":[{"name":"wp","href":"https:\/\/api.w.org\/{rel}","templated":true}]}}